000
CDUS41 KBGM 210246
CLIBGM


CLIMATE REPORT
NATIONAL WEATHER SERVICE BINGHAMTON NY
1045 PM EDT WED JUL 20 2016


...................................

...THE BINGHAMTON NY CLIMATE SUMMARY FOR JULY 20 2016...
VALID AS OF 1000 PM LOCAL TIME.

CLIMATE NORMAL PERIOD 1981 TO 2010
CLIMATE RECORD PERIOD 1951 TO 2016


WEATHER ITEM   OBSERVED TIME   RECORD YEAR NORMAL DEPARTURE LAST
                VALUE   (LST)  VALUE       VALUE  FROM      YEAR
                                                  NORMAL
..................................................................
TEMPERATURE (F)
 TODAY
  MAXIMUM         81    350 PM  93    1991  78      3       81
  MINIMUM         52    505 AM  47    1965  60     -8       66
  AVERAGE         67                        69     -2       74

PRECIPITATION (IN)
  TODAY            0.00          1.59 2008   0.12  -0.12      T
  MONTH TO DATE    0.62                      2.41  -1.79     3.84
  SINCE JUN 1      3.66                      6.72  -3.06    13.58
  SINCE JAN 1     16.05                     21.47  -5.42    27.13

SNOWFALL (IN)
  TODAY            0.0           0.0  2002   0.0    0.0      0.0
                                      2000
                                      2001
  MONTH TO DATE    0.0                       0.0    0.0      0.0
  SINCE JUN 1      0.0                       0.0    0.0      0.0
  SINCE JUL 1      0.0                       0.0    0.0      0.0
  SNOW DEPTH       0

DEGREE DAYS
 HEATING
  TODAY            0                         1     -1        0
  MONTH TO DATE    3                        20    -17       20
  SINCE JUN 1     72                       111    -39       97
  SINCE JUL 1      3                        20    -17       20

 COOLING
  TODAY            2                         5     -3        9
  MONTH TO DATE  118                        91     27       64
  SINCE JUN 1    181                       165     16      114
  SINCE JAN 1    227                       188     39      187
..................................................................


WIND (MPH)
  HIGHEST WIND SPEED    13   HIGHEST WIND DIRECTION     W (290)
  HIGHEST GUST SPEED    17   HIGHEST GUST DIRECTION    NW (300)
  AVERAGE WIND SPEED     3.5


SKY COVER
  AVERAGE SKY COVER 0.1


WEATHER CONDITIONS
 THE FOLLOWING WEATHER WAS RECORDED TODAY.
  NO SIGNIFICANT WEATHER WAS OBSERVED.


RELATIVE HUMIDITY (PERCENT)
 HIGHEST    93           600 AM
 LOWEST     30           300 PM
 AVERAGE    62

..........................................................


THE BINGHAMTON NY CLIMATE NORMALS FOR TOMORROW
                         NORMAL    RECORD    YEAR
 MAXIMUM TEMPERATURE (F)   78        95      2011
 MINIMUM TEMPERATURE (F)   60        44      1965


SUNRISE AND SUNSET
JULY 20 2016..........SUNRISE   546 AM EDT   SUNSET   834 PM EDT
JULY 21 2016..........SUNRISE   547 AM EDT   SUNSET   834 PM EDT


-  INDICATES NEGATIVE NUMBERS.
R  INDICATES RECORD WAS SET OR TIED.
MM INDICATES DATA IS MISSING.
T  INDICATES TRACE AMOUNT.




$$
