000
CDUS41 KBGM 170226
CLIBGM


CLIMATE REPORT
NATIONAL WEATHER SERVICE BINGHAMTON NY
1025 PM EDT WED AUG 16 2017


...................................

...THE BINGHAMTON NY CLIMATE SUMMARY FOR AUGUST 16 2017...
VALID AS OF 1000 PM LOCAL TIME.

CLIMATE NORMAL PERIOD 1981 TO 2010
CLIMATE RECORD PERIOD 1951 TO 2017


WEATHER ITEM   OBSERVED TIME   RECORD YEAR NORMAL DEPARTURE LAST
                VALUE   (LST)  VALUE       VALUE  FROM      YEAR
                                                  NORMAL
..................................................................
TEMPERATURE (F)
 TODAY
  MAXIMUM         76    339 PM  91    2002  77     -1       82
  MINIMUM         60    158 AM  46    1972  59      1       66
  AVERAGE         68                        68      0       74

PRECIPITATION (IN)
  TODAY            0.00          1.39 1975   0.11  -0.11     0.22
  MONTH TO DATE    1.52                      1.78  -0.26     3.68
  SINCE JUN 1     14.19                      9.79   4.40     9.61
  SINCE JAN 1     38.64                     24.54  14.10    22.00

SNOWFALL (IN)
  TODAY            0.0           0.0  2002   0.0    0.0      0.0
                                      2001
                                      2000
  MONTH TO DATE    0.0                       0.0    0.0      0.0
  SINCE JUN 1      T                         0.0    0.0      0.0
  SINCE JUL 1      0.0                       0.0    0.0      0.0
  SNOW DEPTH       0

DEGREE DAYS
 HEATING
  TODAY            0                         1     -1        0
  MONTH TO DATE   16                        16      0        0
  SINCE JUN 1    119                       131    -12       72
  SINCE JUL 1     24                        40    -16        3

 COOLING
  TODAY            3                         4     -1        9
  MONTH TO DATE   43                        64    -21      118
  SINCE JUN 1    223                       276    -53      398
  SINCE JAN 1    244                       299    -55      444
..................................................................


WIND (MPH)
  HIGHEST WIND SPEED    16   HIGHEST WIND DIRECTION     N (350)
  HIGHEST GUST SPEED    20   HIGHEST GUST DIRECTION     N (340)
  AVERAGE WIND SPEED     7.4


SKY COVER
  AVERAGE SKY COVER 0.3


WEATHER CONDITIONS
 THE FOLLOWING WEATHER WAS RECORDED TODAY.
  FOG
  FOG W/VISIBILITY <= 1/4 MILE


RELATIVE HUMIDITY (PERCENT)
 HIGHEST   100          1200 AM
 LOWEST     53           100 PM
 AVERAGE    77

..........................................................


THE BINGHAMTON NY CLIMATE NORMALS FOR TOMORROW
                         NORMAL    RECORD    YEAR
 MAXIMUM TEMPERATURE (F)   77        92      1987
 MINIMUM TEMPERATURE (F)   59        42      1971


SUNRISE AND SUNSET
AUGUST 16 2017........SUNRISE   613 AM EDT   SUNSET   803 PM EDT
AUGUST 17 2017........SUNRISE   614 AM EDT   SUNSET   801 PM EDT


-  INDICATES NEGATIVE NUMBERS.
R  INDICATES RECORD WAS SET OR TIED.
MM INDICATES DATA IS MISSING.
T  INDICATES TRACE AMOUNT.




$$
