000
CDUS41 KBGM 292122
CLIBGM


CLIMATE REPORT
NATIONAL WEATHER SERVICE BINGHAMTON NY
522 PM EDT FRI MAY 29 2015


...................................

...THE BINGHAMTON NY CLIMATE SUMMARY FOR MAY 29 2015...
VALID TODAY AS OF 0500 PM LOCAL TIME.

CLIMATE NORMAL PERIOD 1981 TO 2010
CLIMATE RECORD PERIOD 1951 TO 2015


WEATHER ITEM   OBSERVED TIME   RECORD YEAR NORMAL DEPARTURE LAST
                VALUE   (LST)  VALUE       VALUE  FROM      YEAR
                                                  NORMAL
..................................................................
TEMPERATURE (F)
 TODAY
  MAXIMUM         79    316 PM  87    1987  69     10       57
                                      1969
  MINIMUM         50    518 AM  38    2008  50      0       49
                                      1964
                                      1953
  AVERAGE         65                        60      5       53

PRECIPITATION (IN)
  TODAY            0.00          1.20 1955   0.12  -0.12     0.00
  MONTH TO DATE    3.02                      3.31  -0.29     4.22
  SINCE MAR 1      9.22                      9.73  -0.51     9.67
  SINCE JAN 1     13.16                     14.49  -1.33    15.36

SNOWFALL (IN)
  TODAY            0.0           T    1955   0.0    0.0      0.0
  MONTH TO DATE    0.0                       0.1   -0.1       T
  SINCE MAR 1     17.6                      19.5   -1.9      2.9
  SINCE JUL 1     93.4                      83.4   10.0     85.4
  SNOW DEPTH       0

DEGREE DAYS
 HEATING
  TODAY            0                         6     -6       12
  MONTH TO DATE  148                       293   -145      213
  SINCE MAR 1   1921                      1893     28     2015
  SINCE JUL 1   7453                      7092    361     7486

 COOLING
  TODAY            0                         1     -1        0
  MONTH TO DATE   64                        17     47       23
  SINCE MAR 1     64                        21     43       25
  SINCE JAN 1     64                        21     43       25
..................................................................


WIND (MPH)
  HIGHEST WIND SPEED    12   HIGHEST WIND DIRECTION    SE (120)
  HIGHEST GUST SPEED    16   HIGHEST GUST DIRECTION    SE (130)
  AVERAGE WIND SPEED     5.0


SKY COVER
  AVERAGE SKY COVER 0.0


WEATHER CONDITIONS
 THE FOLLOWING WEATHER WAS RECORDED TODAY.
  FOG
  HAZE


RELATIVE HUMIDITY (PERCENT)
 HIGHEST   100           400 AM
 LOWEST     40           200 PM
 AVERAGE    70

..........................................................


THE BINGHAMTON NY CLIMATE NORMALS FOR TOMORROW
                         NORMAL    RECORD    YEAR
 MAXIMUM TEMPERATURE (F)   70        88      2006
                                             1987
 MINIMUM TEMPERATURE (F)   51        35      1961


SUNRISE AND SUNSET
MAY 29 2015...........SUNRISE   532 AM EDT   SUNSET   831 PM EDT
MAY 30 2015...........SUNRISE   531 AM EDT   SUNSET   832 PM EDT


-  INDICATES NEGATIVE NUMBERS.
R  INDICATES RECORD WAS SET OR TIED.
MM INDICATES DATA IS MISSING.
T  INDICATES TRACE AMOUNT.




$$
