000
CDUS41 KBGM 240602
CLIBGM


CLIMATE REPORT
NATIONAL WEATHER SERVICE BINGHAMTON NY
201 AM EDT SUN APR 24 2016


...................................

...THE BINGHAMTON NY CLIMATE SUMMARY FOR APRIL 23 2016...

CLIMATE NORMAL PERIOD 1981 TO 2010
CLIMATE RECORD PERIOD 1951 TO 2016


WEATHER ITEM   OBSERVED TIME   RECORD YEAR NORMAL DEPARTURE LAST
                VALUE   (LST)  VALUE       VALUE  FROM      YEAR
                                                  NORMAL
..................................................................
TEMPERATURE (F)
 YESTERDAY
  MAXIMUM         54   1206 AM  85    1985  58     -4       36
  MINIMUM         35   1150 PM  24    1989  39     -4       29
  AVERAGE         45                        48     -3       33

PRECIPITATION (IN)
  YESTERDAY        0.00          0.89 2005   0.11  -0.11     0.03
  MONTH TO DATE    2.31                      2.65  -0.34     4.20
  SINCE MAR 1      3.71                      5.64  -1.93     6.19
  SINCE JAN 1      9.02                     10.40  -1.38    10.13

SNOWFALL (IN)
  YESTERDAY        0.0           3.3  1956   0.1   -0.1      0.1
  MONTH TO DATE    9.3                       3.8    5.5      2.7
  SINCE MAR 1     10.3                      18.9   -8.6     17.5
  SINCE JUL 1     32.0                      82.8  -50.8     93.3
  SNOW DEPTH       0

DEGREE DAYS
 HEATING
  YESTERDAY       20                        17      3       32
  MONTH TO DATE  541                       493     48      461
  SINCE MAR 1   1312                      1490   -178     1631
  SINCE JUL 1   5670                      6689  -1019     7163

 COOLING
  YESTERDAY        0                         0      0        0
  MONTH TO DATE    0                         0      0        0
  SINCE MAR 1      0                         0      0        0
  SINCE JAN 1      0                         0      0        0
..................................................................


WIND (MPH)
  HIGHEST WIND SPEED    24   HIGHEST WIND DIRECTION     N (350)
  HIGHEST GUST SPEED    33   HIGHEST GUST DIRECTION     N (360)
  AVERAGE WIND SPEED    12.5


SKY COVER
  AVERAGE SKY COVER 0.6


WEATHER CONDITIONS
 THE FOLLOWING WEATHER WAS RECORDED YESTERDAY.
  FOG


RELATIVE HUMIDITY (PERCENT)
 HIGHEST   100          1200 AM
 LOWEST     24           500 PM
 AVERAGE    62

..........................................................


THE BINGHAMTON NY CLIMATE NORMALS FOR TODAY
                         NORMAL    RECORD    YEAR
 MAXIMUM TEMPERATURE (F)   58        82      1960
 MINIMUM TEMPERATURE (F)   39        26      1956


SUNRISE AND SUNSET
APRIL 24 2016.........SUNRISE   609 AM EDT   SUNSET   756 PM EDT
APRIL 25 2016.........SUNRISE   607 AM EDT   SUNSET   757 PM EDT


-  INDICATES NEGATIVE NUMBERS.
R  INDICATES RECORD WAS SET OR TIED.
MM INDICATES DATA IS MISSING.
T  INDICATES TRACE AMOUNT.




$$
