000
CDUS41 KBGM 110318
CLIBGM


CLIMATE REPORT
NATIONAL WEATHER SERVICE BINGHAMTON NY
1017 PM EST TUE JAN 10 2017


...................................

...THE BINGHAMTON NY CLIMATE SUMMARY FOR JANUARY 10 2017...
VALID AS OF 1000 PM LOCAL TIME.

CLIMATE NORMAL PERIOD 1981 TO 2010
CLIMATE RECORD PERIOD 1951 TO 2017


WEATHER ITEM   OBSERVED TIME   RECORD YEAR NORMAL DEPARTURE LAST
                VALUE   (LST)  VALUE       VALUE  FROM      YEAR
                                                  NORMAL
..................................................................
TEMPERATURE (F)
 TODAY
  MAXIMUM         27    959 PM  49    2016  29     -2       49
  MINIMUM         10    338 AM -14    2004  16     -6       27
  AVERAGE         19                        22     -3       38

PRECIPITATION (IN)
  TODAY            0.06          0.74 2016   0.08  -0.02     0.74
  MONTH TO DATE    0.70                      0.79  -0.09     0.75
  SINCE DEC 1      4.29                      3.62   0.67     4.36
  SINCE JAN 1      0.70                      0.79  -0.09     0.75

SNOWFALL (IN)
  TODAY            0.3           7.3  2009   0.7   -0.4       T
  MONTH TO DATE    1.0                       7.0   -6.0      0.8
  SINCE DEC 1     30.8                      24.8    6.0      3.0
  SINCE JUL 1     59.4                      31.6   27.8      4.1
  SNOW DEPTH       T

DEGREE DAYS
 HEATING
  TODAY           46                        43      3       27
  MONTH TO DATE  441                       424     17      394
  SINCE DEC 1   1617                      1594     23     1149
  SINCE JUL 1   2966                      3169   -203     2419

 COOLING
  TODAY            0                         0      0        0
  MONTH TO DATE    0                         0      0        0
  SINCE DEC 1      0                         0      0        0
  SINCE JAN 1      0                         0      0        0
..................................................................


WIND (MPH)
  HIGHEST WIND SPEED    25   HIGHEST WIND DIRECTION     S (170)
  HIGHEST GUST SPEED    35   HIGHEST GUST DIRECTION     S (170)
  AVERAGE WIND SPEED    11.4


SKY COVER
  AVERAGE SKY COVER 0.7


WEATHER CONDITIONS
 THE FOLLOWING WEATHER WAS RECORDED TODAY.
  SNOW
  LIGHT SNOW
  FOG
  HAZE


RELATIVE HUMIDITY (PERCENT)
 HIGHEST    84          1200 PM
 LOWEST     50           800 PM
 AVERAGE    67

..........................................................


THE BINGHAMTON NY CLIMATE NORMALS FOR TOMORROW
                         NORMAL    RECORD    YEAR
 MAXIMUM TEMPERATURE (F)   29        62      1975
 MINIMUM TEMPERATURE (F)   16        -9      1981


SUNRISE AND SUNSET
JANUARY 10 2017.......SUNRISE   732 AM EST   SUNSET   452 PM EST
JANUARY 11 2017.......SUNRISE   731 AM EST   SUNSET   453 PM EST


-  INDICATES NEGATIVE NUMBERS.
R  INDICATES RECORD WAS SET OR TIED.
MM INDICATES DATA IS MISSING.
T  INDICATES TRACE AMOUNT.




$$
