950
CDUS41 KBGM 242124
CLIBGM


CLIMATE REPORT
NATIONAL WEATHER SERVICE BINGHAMTON NY
524 PM EDT SUN JUL 24 2016


...................................

...THE BINGHAMTON NY CLIMATE SUMMARY FOR JULY 24 2016...
VALID TODAY AS OF 0500 PM LOCAL TIME.

CLIMATE NORMAL PERIOD 1981 TO 2010
CLIMATE RECORD PERIOD 1951 TO 2016


WEATHER ITEM   OBSERVED TIME   RECORD YEAR NORMAL DEPARTURE LAST
                VALUE   (LST)  VALUE       VALUE  FROM      YEAR
                                                  NORMAL
..................................................................
TEMPERATURE (F)
 TODAY
  MAXIMUM         90R   137 PM  88    2001  78     12       77
                                      1987
  MINIMUM         65    524 AM  49    1985  60      5       55
                                      1981
  AVERAGE         78                        69      9       66

PRECIPITATION (IN)
  TODAY            0.00          1.51 1975   0.12  -0.12     0.00
  MONTH TO DATE    0.62                      2.88  -2.26     3.97
  SINCE JUN 1      3.66                      7.19  -3.53    13.71
  SINCE JAN 1     16.05                     21.94  -5.89    27.26

SNOWFALL (IN)
  TODAY            0.0           0.0  2002   0.0    0.0      0.0
                                      2000
                                      2001
  MONTH TO DATE    0.0                       0.0    0.0      0.0
  SINCE JUN 1      0.0                       0.0    0.0      0.0
  SINCE JUL 1      0.0                       0.0    0.0      0.0
  SNOW DEPTH       0

DEGREE DAYS
 HEATING
  TODAY            0                         1     -1        0
  MONTH TO DATE    3                        24    -21       24
  SINCE JUN 1     72                       115    -43      101
  SINCE JUL 1      3                        24    -21       24

 COOLING
  TODAY           13                         5      8        1
  MONTH TO DATE  166                       111     55       70
  SINCE JUN 1    229                       185     44      120
  SINCE JAN 1    275                       208     67      193
..................................................................


WIND (MPH)
  HIGHEST WIND SPEED    13   HIGHEST WIND DIRECTION     W (280)
  HIGHEST GUST SPEED    16   HIGHEST GUST DIRECTION     W (280)
  AVERAGE WIND SPEED     3.4


SKY COVER
  AVERAGE SKY COVER 0.0


WEATHER CONDITIONS
 THE FOLLOWING WEATHER WAS RECORDED TODAY.
  NO SIGNIFICANT WEATHER WAS OBSERVED.


RELATIVE HUMIDITY (PERCENT)
 HIGHEST    78           500 AM
 LOWEST     31           200 PM
 AVERAGE    55

..........................................................


THE BINGHAMTON NY CLIMATE NORMALS FOR TOMORROW
                         NORMAL    RECORD    YEAR
 MAXIMUM TEMPERATURE (F)   78        88      2005
                                             1966
 MINIMUM TEMPERATURE (F)   60        45      1953


SUNRISE AND SUNSET
JULY 24 2016..........SUNRISE   549 AM EDT   SUNSET   831 PM EDT
JULY 25 2016..........SUNRISE   550 AM EDT   SUNSET   830 PM EDT


-  INDICATES NEGATIVE NUMBERS.
R  INDICATES RECORD WAS SET OR TIED.
MM INDICATES DATA IS MISSING.
T  INDICATES TRACE AMOUNT.




$$
