000
CDUS41 KBGM 140633
CLIBGM


CLIMATE REPORT
NATIONAL WEATHER SERVICE BINGHAMTON NY
133 AM EST FRI NOV 14 2014


...................................

...THE BINGHAMTON NY CLIMATE SUMMARY FOR NOVEMBER 13 2014...

CLIMATE NORMAL PERIOD 1981 TO 2010
CLIMATE RECORD PERIOD 1951 TO 2014


WEATHER ITEM   OBSERVED TIME   RECORD YEAR NORMAL DEPARTURE LAST
                VALUE   (LST)  VALUE       VALUE  FROM      YEAR
                                                  NORMAL
..................................................................
TEMPERATURE (F)
 YESTERDAY
  MAXIMUM         35   1237 AM  65    1964  46    -11       33
  MINIMUM         28   1024 PM  14    1986  32     -4       18
  AVERAGE         32                        39     -7       26

PRECIPITATION (IN)
  YESTERDAY        0.06          0.63 1970   0.10  -0.04     0.01
  MONTH TO DATE    0.44                      1.40  -0.96     1.19
  SINCE SEP 1      5.64                      8.36  -2.72     6.91
  SINCE JAN 1     34.67                     34.57   0.10    37.20

SNOWFALL (IN)
  YESTERDAY        1.1           4.0  1995   0.2    0.9      0.2
  MONTH TO DATE    1.3                       1.6   -0.3      2.0
  SINCE SEP 1      1.3                       2.6   -1.3      2.0
  SINCE JUL 1      1.3                       2.6   -1.3      2.0
  SNOW DEPTH       0

DEGREE DAYS
 HEATING
  YESTERDAY       33                        26      7       39
  MONTH TO DATE  294                       308    -14      347
  SINCE SEP 1    878                      1017   -139      980
  SINCE JUL 1    944                      1080   -136     1031

 COOLING
  YESTERDAY        0                         0      0        0
  MONTH TO DATE    0                         0      0        0
  SINCE SEP 1     39                        33      6       53
  SINCE JAN 1    341                       381    -40      480
..................................................................


WIND (MPH)
  HIGHEST WIND SPEED    14   HIGHEST WIND DIRECTION    NW (320)
  HIGHEST GUST SPEED    19   HIGHEST GUST DIRECTION    NW (310)
  AVERAGE WIND SPEED     3.9


SKY COVER
  AVERAGE SKY COVER 1.0


WEATHER CONDITIONS
 THE FOLLOWING WEATHER WAS RECORDED YESTERDAY.
  LIGHT SNOW
  FOG
  HAZE


RELATIVE HUMIDITY (PERCENT)
 HIGHEST   100           800 PM
 LOWEST     66           500 AM
 AVERAGE    83

..........................................................


THE BINGHAMTON NY CLIMATE NORMALS FOR TODAY
                         NORMAL    RECORD    YEAR
 MAXIMUM TEMPERATURE (F)   46        66      1989
 MINIMUM TEMPERATURE (F)   32        12      1986


SUNRISE AND SUNSET
NOVEMBER 14 2014......SUNRISE   653 AM EST   SUNSET   443 PM EST
NOVEMBER 15 2014......SUNRISE   654 AM EST   SUNSET   442 PM EST


-  INDICATES NEGATIVE NUMBERS.
R  INDICATES RECORD WAS SET OR TIED.
MM INDICATES DATA IS MISSING.
T  INDICATES TRACE AMOUNT.




$$
