000
CDUS41 KBGM 270715
CLIBGM


CLIMATE REPORT
NATIONAL WEATHER SERVICE BINGHAMTON NY
314 AM EDT SAT SEP 27 2014


...................................

...THE BINGHAMTON NY CLIMATE SUMMARY FOR SEPTEMBER 26 2014...

CLIMATE NORMAL PERIOD 1981 TO 2010
CLIMATE RECORD PERIOD 1951 TO 2014


WEATHER ITEM   OBSERVED TIME   RECORD YEAR NORMAL DEPARTURE LAST
                VALUE   (LST)  VALUE       VALUE  FROM      YEAR
                                                  NORMAL
..................................................................
TEMPERATURE (F)
 YESTERDAY
  MAXIMUM         73    300 PM  84    2007  64      9       69
  MINIMUM         50    623 AM  34    1978  47      3       43
                                      1957
  AVERAGE         62                        56      6       56

PRECIPITATION (IN)
  YESTERDAY        0.00          1.94 1975   0.13  -0.13     0.00
  MONTH TO DATE    1.77                      3.13  -1.36     2.91
  SINCE SEP 1      1.77                      3.13  -1.36     2.91
  SINCE JAN 1     30.80                     29.34   1.46    33.20

SNOWFALL (IN)
  YESTERDAY        0.0           0.0  2002   0.0    0.0      0.0
                                      2001
                                      2000
  MONTH TO DATE    0.0                       0.0    0.0      0.0
  SINCE SEP 1      0.0                       0.0    0.0      0.0
  SINCE JUL 1      T                         0.0    0.0      0.0
  SNOW DEPTH       0

DEGREE DAYS
 HEATING
  YESTERDAY        3                        10     -7        9
  MONTH TO DATE  157                       151      6      210
  SINCE SEP 1    157                       151      6      210
  SINCE JUL 1    223                       214      9      261

 COOLING
  YESTERDAY        0                         0      0        0
  MONTH TO DATE   38                        29      9       41
  SINCE SEP 1     38                        29      9       41
  SINCE JAN 1    340                       377    -37      468
..................................................................


WIND (MPH)
  HIGHEST WIND SPEED    15   HIGHEST WIND DIRECTION     N (350)
  HIGHEST GUST SPEED    17   HIGHEST GUST DIRECTION     N (10)
  AVERAGE WIND SPEED     7.7


SKY COVER
  AVERAGE SKY COVER 0.1


WEATHER CONDITIONS
 THE FOLLOWING WEATHER WAS RECORDED YESTERDAY.
  NO SIGNIFICANT WEATHER WAS OBSERVED.


RELATIVE HUMIDITY (PERCENT)
 HIGHEST    96           400 AM
 LOWEST     49           200 PM
 AVERAGE    73

..........................................................


THE BINGHAMTON NY CLIMATE NORMALS FOR TODAY
                         NORMAL    RECORD    YEAR
 MAXIMUM TEMPERATURE (F)   64        84      1998
 MINIMUM TEMPERATURE (F)   46        31      1997
                                             1965
                                             1957


SUNRISE AND SUNSET
SEPTEMBER 27 2014.....SUNRISE   657 AM EDT   SUNSET   652 PM EDT
SEPTEMBER 28 2014.....SUNRISE   658 AM EDT   SUNSET   651 PM EDT


-  INDICATES NEGATIVE NUMBERS.
R  INDICATES RECORD WAS SET OR TIED.
MM INDICATES DATA IS MISSING.
T  INDICATES TRACE AMOUNT.




$$
