000
CDUS41 KBGM 170603
CLIBGM


CLIMATE REPORT
NATIONAL WEATHER SERVICE BINGHAMTON NY
203 AM EDT TUE MAY 17 2016


...................................

...THE BINGHAMTON NY CLIMATE SUMMARY FOR MAY 16 2016...

CLIMATE NORMAL PERIOD 1981 TO 2010
CLIMATE RECORD PERIOD 1951 TO 2016


WEATHER ITEM   OBSERVED TIME   RECORD YEAR NORMAL DEPARTURE LAST
                VALUE   (LST)  VALUE       VALUE  FROM      YEAR
                                                  NORMAL
..................................................................
TEMPERATURE (F)
 YESTERDAY
  MAXIMUM         59    445 PM  86    1962  66     -7       74
  MINIMUM         30R   454 AM  30    1956  46    -16       53
  AVERAGE         45                        56    -11       64

PRECIPITATION (IN)
  YESTERDAY        T             1.40 2014   0.11  -0.11     0.71
  MONTH TO DATE    2.47                      1.74   0.73     1.01
  SINCE MAR 1      6.70                      8.16  -1.46     7.21
  SINCE JAN 1     12.01                     12.92  -0.91    11.15

SNOWFALL (IN)
  YESTERDAY        T   R         T    1984   0.0    0.0      0.0
  MONTH TO DATE    T                         0.1   -0.1      0.0
  SINCE MAR 1     10.3                      19.5   -9.2     17.6
  SINCE JUL 1     32.0                      83.4  -51.4     93.4
  SNOW DEPTH       0

DEGREE DAYS
 HEATING
  YESTERDAY       20                        10     10        1
  MONTH TO DATE  249                       191     58       76
  SINCE MAR 1   1699                      1791    -92     1849
  SINCE JUL 1   6057                      6990   -933     7381

 COOLING
  YESTERDAY        0                         1     -1        0
  MONTH TO DATE    0                         4     -4       31
  SINCE MAR 1      0                         8     -8       31
  SINCE JAN 1      0                         8     -8       31
..................................................................


WIND (MPH)
  HIGHEST WIND SPEED    25   HIGHEST WIND DIRECTION    NW (310)
  HIGHEST GUST SPEED    38   HIGHEST GUST DIRECTION     W (280)
  AVERAGE WIND SPEED    11.6


SKY COVER
  AVERAGE SKY COVER 0.4


WEATHER CONDITIONS
 THE FOLLOWING WEATHER WAS RECORDED YESTERDAY.
  LIGHT SNOW


RELATIVE HUMIDITY (PERCENT)
 HIGHEST    85           200 AM
 LOWEST     35          1200 PM
 AVERAGE    60

..........................................................


THE BINGHAMTON NY CLIMATE NORMALS FOR TODAY
                         NORMAL    RECORD    YEAR
 MAXIMUM TEMPERATURE (F)   66        86      1962
 MINIMUM TEMPERATURE (F)   46        25      1956


SUNRISE AND SUNSET
MAY 17 2016...........SUNRISE   540 AM EDT   SUNSET   821 PM EDT
MAY 18 2016...........SUNRISE   540 AM EDT   SUNSET   822 PM EDT


-  INDICATES NEGATIVE NUMBERS.
R  INDICATES RECORD WAS SET OR TIED.
MM INDICATES DATA IS MISSING.
T  INDICATES TRACE AMOUNT.




$$
