000
CDUS41 KBGM 170608
CLIBGM


CLIMATE REPORT
NATIONAL WEATHER SERVICE BINGHAMTON NY
208 AM EDT WED AUG 17 2016


...................................

...THE BINGHAMTON NY CLIMATE SUMMARY FOR AUGUST 16 2016...

CLIMATE NORMAL PERIOD 1981 TO 2010
CLIMATE RECORD PERIOD 1951 TO 2016


WEATHER ITEM   OBSERVED TIME   RECORD YEAR NORMAL DEPARTURE LAST
                VALUE   (LST)  VALUE       VALUE  FROM      YEAR
                                                  NORMAL
..................................................................
TEMPERATURE (F)
 YESTERDAY
  MAXIMUM         82    431 PM  91    2002  77      5       83
  MINIMUM         66    451 AM  46    1972  59      7       60
  AVERAGE         74                        68      6       72

PRECIPITATION (IN)
  YESTERDAY        0.22          1.39 1975   0.11   0.11     0.25
  MONTH TO DATE    3.68                      1.78   1.90     2.08
  SINCE JUN 1      9.61                      9.79  -0.18    16.97
  SINCE JAN 1     22.00                     24.54  -2.54    30.52

SNOWFALL (IN)
  YESTERDAY        0.0           0.0  2002   0.0    0.0      0.0
                                      2001
                                      2000
  MONTH TO DATE    0.0                       0.0    0.0      0.0
  SINCE JUN 1      0.0                       0.0    0.0       T
  SINCE JUL 1      0.0                       0.0    0.0       T
  SNOW DEPTH       0

DEGREE DAYS
 HEATING
  YESTERDAY        0                         1     -1        0
  MONTH TO DATE    0                        16    -16        9
  SINCE JUN 1     72                       131    -59      110
  SINCE JUL 1      3                        40    -37       33

 COOLING
  YESTERDAY        9                         4      5        7
  MONTH TO DATE  118                        64     54       43
  SINCE JUN 1    398                       276    122      212
  SINCE JAN 1    444                       299    145      285
..................................................................


WIND (MPH)
  HIGHEST WIND SPEED    18   HIGHEST WIND DIRECTION     S (200)
  HIGHEST GUST SPEED    27   HIGHEST GUST DIRECTION    SW (210)
  AVERAGE WIND SPEED    10.3


SKY COVER
  AVERAGE SKY COVER 0.5


WEATHER CONDITIONS
 THE FOLLOWING WEATHER WAS RECORDED YESTERDAY.
  THUNDERSTORM
  HEAVY RAIN
  LIGHT RAIN
  FOG


RELATIVE HUMIDITY (PERCENT)
 HIGHEST    93           100 AM
 LOWEST     65           400 PM
 AVERAGE    79

..........................................................


THE BINGHAMTON NY CLIMATE NORMALS FOR TODAY
                         NORMAL    RECORD    YEAR
 MAXIMUM TEMPERATURE (F)   77        92      1987
 MINIMUM TEMPERATURE (F)   59        42      1971


SUNRISE AND SUNSET
AUGUST 17 2016........SUNRISE   614 AM EDT   SUNSET   801 PM EDT
AUGUST 18 2016........SUNRISE   615 AM EDT   SUNSET   759 PM EDT


-  INDICATES NEGATIVE NUMBERS.
R  INDICATES RECORD WAS SET OR TIED.
MM INDICATES DATA IS MISSING.
T  INDICATES TRACE AMOUNT.




$$
