000
CDUS41 KBGM 032130
CLIBGM


CLIMATE REPORT
NATIONAL WEATHER SERVICE BINGHAMTON NY
529 PM EDT FRI JUL 3 2015


...................................

...THE BINGHAMTON NY CLIMATE SUMMARY FOR JULY 3 2015...
VALID TODAY AS OF 0500 PM LOCAL TIME.

CLIMATE NORMAL PERIOD 1981 TO 2010
CLIMATE RECORD PERIOD 1951 TO 2015


WEATHER ITEM   OBSERVED TIME   RECORD YEAR NORMAL DEPARTURE LAST
                VALUE   (LST)  VALUE       VALUE  FROM      YEAR
                                                  NORMAL
..................................................................
TEMPERATURE (F)
 TODAY
  MAXIMUM         73    337 PM  95    1966  77     -4       85
  MINIMUM         50    532 AM  47    2001  59     -9       61
  AVERAGE         62                        68     -6       73

PRECIPITATION (IN)
  TODAY            0.00          0.77 1970   0.12  -0.12     0.29
  MONTH TO DATE    0.69                      0.36   0.33     0.39
  SINCE JUN 1     10.43                      4.67   5.76     4.76
  SINCE JAN 1     23.98                     19.42   4.56    20.12

SNOWFALL (IN)
  TODAY            0.0           0.0  2002   0.0    0.0      0.0
                                      2000
                                      2001
  MONTH TO DATE    0.0                       0.0    0.0      0.0
  SINCE JUN 1      0.0                       0.0    0.0      0.0
  SINCE JUL 1      0.0                       0.0    0.0      0.0
  SNOW DEPTH       0

DEGREE DAYS
 HEATING
  TODAY            3                         1      2        0
  MONTH TO DATE    5                         3      2        0
  SINCE JUN 1     82                        94    -12       45
  SINCE JUL 1      5                         3      2        0

 COOLING
  TODAY            0                         4     -4        8
  MONTH TO DATE    1                        12    -11       32
  SINCE JUN 1     51                        86    -35      117
  SINCE JAN 1    124                       109     15      142
..................................................................


WIND (MPH)
  HIGHEST WIND SPEED     9   HIGHEST WIND DIRECTION     S (190)
  HIGHEST GUST SPEED    23   HIGHEST GUST DIRECTION     S (200)
  AVERAGE WIND SPEED     3.3


SKY COVER
  AVERAGE SKY COVER 0.0


WEATHER CONDITIONS
 THE FOLLOWING WEATHER WAS RECORDED TODAY.
  NO SIGNIFICANT WEATHER WAS OBSERVED.


RELATIVE HUMIDITY (PERCENT)
 HIGHEST    83           200 AM
 LOWEST     37           100 PM
 AVERAGE    60

..........................................................


THE BINGHAMTON NY CLIMATE NORMALS FOR TOMORROW
                         NORMAL    RECORD    YEAR
 MAXIMUM TEMPERATURE (F)   77        91      1990
                                             1955
 MINIMUM TEMPERATURE (F)   59        47      1986


SUNRISE AND SUNSET
JULY  3 2015..........SUNRISE   532 AM EDT   SUNSET   844 PM EDT
JULY  4 2015..........SUNRISE   533 AM EDT   SUNSET   843 PM EDT


-  INDICATES NEGATIVE NUMBERS.
R  INDICATES RECORD WAS SET OR TIED.
MM INDICATES DATA IS MISSING.
T  INDICATES TRACE AMOUNT.




$$
