000
CDUS41 KBGM 050555
CLIBGM


CLIMATE REPORT
NATIONAL WEATHER SERVICE BINGHAMTON NY
154 AM EDT THU MAY 5 2016


...................................

...THE BINGHAMTON NY CLIMATE SUMMARY FOR MAY 4 2016...

CLIMATE NORMAL PERIOD 1981 TO 2010
CLIMATE RECORD PERIOD 1951 TO 2016


WEATHER ITEM   OBSERVED TIME   RECORD YEAR NORMAL DEPARTURE LAST
                VALUE   (LST)  VALUE       VALUE  FROM      YEAR
                                                  NORMAL
..................................................................
TEMPERATURE (F)
 YESTERDAY
  MAXIMUM         52    135 PM  85    1955  62    -10       80
  MINIMUM         45   1159 PM  30    1986  42      3       53
                                      1957
  AVERAGE         49                        52     -3       67

PRECIPITATION (IN)
  YESTERDAY        0.05          0.92 1990   0.11  -0.06      T
  MONTH TO DATE    0.82                      0.43   0.39      T
  SINCE MAR 1      5.05                      6.85  -1.80     6.20
  SINCE JAN 1     10.36                     11.61  -1.25    10.14

SNOWFALL (IN)
  YESTERDAY       MM             T    2005   0.1   MM        0.0
                                      1976
  MONTH TO DATE    0.0                       0.1   -0.1      0.0
  SINCE MAR 1     10.3                      19.5   -9.2     17.6
  SINCE JUL 1     32.0                      83.4  -51.4     93.4
  SNOW DEPTH       0

DEGREE DAYS
 HEATING
  YESTERDAY       16                        13      3        0
  MONTH TO DATE   75                        55     20       21
  SINCE MAR 1   1525                      1655   -130     1794
  SINCE JUL 1   5883                      6854   -971     7326

 COOLING
  YESTERDAY        0                         0      0        2
  MONTH TO DATE    0                         0      0        2
  SINCE MAR 1      0                         4     -4        2
  SINCE JAN 1      0                         4     -4        2
..................................................................


WIND (MPH)
  HIGHEST WIND SPEED    13   HIGHEST WIND DIRECTION     E (110)
  HIGHEST GUST SPEED    17   HIGHEST GUST DIRECTION    SE (140)
  AVERAGE WIND SPEED     5.1


SKY COVER
  AVERAGE SKY COVER 1.0


WEATHER CONDITIONS
 THE FOLLOWING WEATHER WAS RECORDED YESTERDAY.
  LIGHT RAIN
  FOG
  FOG W/VISIBILITY <= 1/4 MILE


RELATIVE HUMIDITY (PERCENT)
 HIGHEST   100           400 AM
 LOWEST     80           600 PM
 AVERAGE    90

..........................................................


THE BINGHAMTON NY CLIMATE NORMALS FOR TODAY
                         NORMAL    RECORD    YEAR
 MAXIMUM TEMPERATURE (F)   62        82      1980
 MINIMUM TEMPERATURE (F)   43        30      1974


SUNRISE AND SUNSET
MAY  5 2016...........SUNRISE   554 AM EDT   SUNSET   808 PM EDT
MAY  6 2016...........SUNRISE   552 AM EDT   SUNSET   809 PM EDT


-  INDICATES NEGATIVE NUMBERS.
R  INDICATES RECORD WAS SET OR TIED.
MM INDICATES DATA IS MISSING.
T  INDICATES TRACE AMOUNT.




$$
