000
CDUS41 KBGM 270555
CLIBGM


CLIMATE REPORT
NATIONAL WEATHER SERVICE BINGHAMTON NY
153 AM EDT FRI MAY 27 2016


...................................

...THE BINGHAMTON NY CLIMATE SUMMARY FOR MAY 26 2016...

CLIMATE NORMAL PERIOD 1981 TO 2010
CLIMATE RECORD PERIOD 1951 TO 2016


WEATHER ITEM   OBSERVED TIME   RECORD YEAR NORMAL DEPARTURE LAST
                VALUE   (LST)  VALUE       VALUE  FROM      YEAR
                                                  NORMAL
..................................................................
TEMPERATURE (F)
 YESTERDAY
  MAXIMUM         80    523 PM  87    2010  69     11       78
  MINIMUM         58    555 AM  36    1961  49      9       66
  AVERAGE         69                        59     10       72

PRECIPITATION (IN)
  YESTERDAY        0.00          0.91 2009   0.12  -0.12      T
  MONTH TO DATE    2.67                      2.96  -0.29     2.93
  SINCE MAR 1      6.90                      9.38  -2.48     9.13
  SINCE JAN 1     12.21                     14.14  -1.93    13.07

SNOWFALL (IN)
  YESTERDAY        0.0           0.0  2002   0.0    0.0      0.0
                                      2001
  MONTH TO DATE    T                         0.1   -0.1      0.0
  SINCE MAR 1     10.3                      19.5   -9.2     17.6
  SINCE JUL 1     32.0                      83.4  -51.4     93.4
  SNOW DEPTH       0

DEGREE DAYS
 HEATING
  YESTERDAY        0                         7     -7        0
  MONTH TO DATE  321                       273     48      148
  SINCE MAR 1   1771                      1873   -102     1921
  SINCE JUL 1   6129                      7072   -943     7453

 COOLING
  YESTERDAY        4                         1      3        7
  MONTH TO DATE    7                        14     -7       55
  SINCE MAR 1      7                        18    -11       55
  SINCE JAN 1      7                        18    -11       55
..................................................................


WIND (MPH)
  HIGHEST WIND SPEED    13   HIGHEST WIND DIRECTION    SW (220)
  HIGHEST GUST SPEED    16   HIGHEST GUST DIRECTION     W (260)
  AVERAGE WIND SPEED     4.3


SKY COVER
  AVERAGE SKY COVER 0.2


WEATHER CONDITIONS
 THE FOLLOWING WEATHER WAS RECORDED YESTERDAY.
  HAZE


RELATIVE HUMIDITY (PERCENT)
 HIGHEST    86           600 AM
 LOWEST     39           300 PM
 AVERAGE    63

..........................................................


THE BINGHAMTON NY CLIMATE NORMALS FOR TODAY
                         NORMAL    RECORD    YEAR
 MAXIMUM TEMPERATURE (F)   69        86      2010
 MINIMUM TEMPERATURE (F)   50        34      1969


SUNRISE AND SUNSET
MAY 27 2016...........SUNRISE   533 AM EDT   SUNSET   830 PM EDT
MAY 28 2016...........SUNRISE   532 AM EDT   SUNSET   831 PM EDT


-  INDICATES NEGATIVE NUMBERS.
R  INDICATES RECORD WAS SET OR TIED.
MM INDICATES DATA IS MISSING.
T  INDICATES TRACE AMOUNT.

$$
