000
CDUS41 KBGM 200318
CLIBGM


CLIMATE REPORT
NATIONAL WEATHER SERVICE BINGHAMTON NY
1017 PM EST MON JAN 19 2015


...................................

...THE BINGHAMTON NY CLIMATE SUMMARY FOR JANUARY 19 2015...
VALID AS OF 1000 PM LOCAL TIME.

CLIMATE NORMAL PERIOD 1981 TO 2010
CLIMATE RECORD PERIOD 1951 TO 2015


WEATHER ITEM   OBSERVED TIME   RECORD YEAR NORMAL DEPARTURE LAST
                VALUE   (LST)  VALUE       VALUE  FROM      YEAR
                                                  NORMAL
..................................................................
TEMPERATURE (F)
 TODAY
  MAXIMUM         32    349 AM  55    1996  28      4       28
  MINIMUM         24    959 PM -15    1994  15      9       12
  AVERAGE         28                        22      6       20

PRECIPITATION (IN)
  TODAY            0.01          1.64 1996   0.08  -0.07     0.02
  MONTH TO DATE    1.53                      1.51   0.02     2.83
  SINCE DEC 1      4.83                      4.34   0.49     6.27
  SINCE JAN 1      1.53                      1.51   0.02     2.83

SNOWFALL (IN)
  TODAY            0.7          11.8  2002   0.7    0.0      0.1
  MONTH TO DATE   10.8                      13.8   -3.0     20.1
  SINCE DEC 1     23.9                      31.6   -7.7     45.1
  SINCE JUL 1     37.6                      38.4   -0.8     53.3
  SNOW DEPTH       3

DEGREE DAYS
 HEATING
  TODAY           37                        43     -6       45
  MONTH TO DATE  884                       811     73      812
  SINCE DEC 1   1953                      1981    -28     1960
  SINCE JUL 1   3488                      3556    -68     3551

 COOLING
  TODAY            0                         0      0        0
  MONTH TO DATE    0                         0      0        0
  SINCE DEC 1      0                         0      0        0
  SINCE JAN 1      0                         0      0        0
..................................................................


WIND (MPH)
  HIGHEST WIND SPEED    20   HIGHEST WIND DIRECTION    NW (300)
  HIGHEST GUST SPEED    29   HIGHEST GUST DIRECTION     W (290)
  AVERAGE WIND SPEED     8.7


SKY COVER
  AVERAGE SKY COVER 1.0


WEATHER CONDITIONS
 THE FOLLOWING WEATHER WAS RECORDED TODAY.
  LIGHT SNOW
  FOG


RELATIVE HUMIDITY (PERCENT)
 HIGHEST    92           500 PM
 LOWEST     72           200 AM
 AVERAGE    82

..........................................................


THE BINGHAMTON NY CLIMATE NORMALS FOR TOMORROW
                         NORMAL    RECORD    YEAR
 MAXIMUM TEMPERATURE (F)   28        53      2006
 MINIMUM TEMPERATURE (F)   15       -12      1994


SUNRISE AND SUNSET
JANUARY 19 2015.......SUNRISE   728 AM EST   SUNSET   502 PM EST
JANUARY 20 2015.......SUNRISE   727 AM EST   SUNSET   503 PM EST


-  INDICATES NEGATIVE NUMBERS.
R  INDICATES RECORD WAS SET OR TIED.
MM INDICATES DATA IS MISSING.
T  INDICATES TRACE AMOUNT.




$$
