000
CDUS41 KBGM 132237
CLIBGM


CLIMATE REPORT
NATIONAL WEATHER SERVICE BINGHAMTON NY
537 PM EST MON FEB 13 2017


...................................

...THE BINGHAMTON NY CLIMATE SUMMARY FOR FEBRUARY 13 2017...
VALID TODAY AS OF 0500 PM LOCAL TIME.

CLIMATE NORMAL PERIOD 1981 TO 2010
CLIMATE RECORD PERIOD 1951 TO 2017


WEATHER ITEM   OBSERVED TIME   RECORD YEAR NORMAL DEPARTURE LAST
                VALUE   (LST)  VALUE       VALUE  FROM      YEAR
                                                  NORMAL
..................................................................
TEMPERATURE (F)
 TODAY
  MAXIMUM         31   1201 AM  50    1974  32     -1       12
  MINIMUM         22    459 PM  -8    1979  17      5       -6
                                      1967
  AVERAGE         27                        24      3        3

PRECIPITATION (IN)
  TODAY            0.10          2.16 1966   0.08   0.02     0.03
  MONTH TO DATE    1.72                      1.04   0.68     1.00
  SINCE DEC 1      9.10                      6.32   2.78     5.92
  SINCE JAN 1      5.51                      3.49   2.02     2.31

SNOWFALL (IN)
  TODAY            4.8           6.8  1993   0.6    4.2      1.1
  MONTH TO DATE   18.9                       7.9   11.0      4.9
  SINCE DEC 1     60.7                      47.9   12.8     17.3
  SINCE JUL 1     89.3                      54.7   34.6     18.4
  SNOW DEPTH       9

DEGREE DAYS
 HEATING
  TODAY           38                        41     -3       62
  MONTH TO DATE  516                       541    -25      489
  SINCE DEC 1   2849                      3038   -189     2497
  SINCE JUL 1   4198                      4613   -415     3767

 COOLING
  TODAY            0                         0      0        0
  MONTH TO DATE    0                         0      0        0
  SINCE DEC 1      0                         0      0        0
  SINCE JAN 1      0                         0      0        0
..................................................................


WIND (MPH)
  HIGHEST WIND SPEED    28   HIGHEST WIND DIRECTION     W (290)
  HIGHEST GUST SPEED    40   HIGHEST GUST DIRECTION    NW (300)
  AVERAGE WIND SPEED    17.3


SKY COVER
  AVERAGE SKY COVER 1.0


WEATHER CONDITIONS
 THE FOLLOWING WEATHER WAS RECORDED TODAY.
  HEAVY SNOW
  SNOW
  LIGHT SNOW
  FOG
  FOG W/VISIBILITY <= 1/4 MILE


RELATIVE HUMIDITY (PERCENT)
 HIGHEST    92          1200 AM
 LOWEST     78           200 AM
 AVERAGE    85

..........................................................


THE BINGHAMTON NY CLIMATE NORMALS FOR TOMORROW
                         NORMAL    RECORD    YEAR
 MAXIMUM TEMPERATURE (F)   32        52      1984
 MINIMUM TEMPERATURE (F)   17       -18      2016


SUNRISE AND SUNSET
FEBRUARY 13 2017......SUNRISE   702 AM EST   SUNSET   534 PM EST
FEBRUARY 14 2017......SUNRISE   701 AM EST   SUNSET   536 PM EST


-  INDICATES NEGATIVE NUMBERS.
R  INDICATES RECORD WAS SET OR TIED.
MM INDICATES DATA IS MISSING.
T  INDICATES TRACE AMOUNT.




$$
