000
CDUS41 KBGM 180541
CLIBGM


CLIMATE REPORT
NATIONAL WEATHER SERVICE BINGHAMTON NY
1240 AM EST TUE NOV 18 2014


...................................

...THE BINGHAMTON NY CLIMATE SUMMARY FOR NOVEMBER 17 2014...

CLIMATE NORMAL PERIOD 1981 TO 2010
CLIMATE RECORD PERIOD 1951 TO 2014


WEATHER ITEM   OBSERVED TIME   RECORD YEAR NORMAL DEPARTURE LAST
                VALUE   (LST)  VALUE       VALUE  FROM      YEAR
                                                  NORMAL
..................................................................
TEMPERATURE (F)
 YESTERDAY
  MAXIMUM         37    432 PM  62    1953  45     -8       57
  MINIMUM         30    337 AM  12    1959  31     -1       44
  AVERAGE         34                        38     -4       51

PRECIPITATION (IN)
  YESTERDAY        0.69          1.08 1993   0.12   0.57     0.10
  MONTH TO DATE    1.15                      1.85  -0.70     1.29
  SINCE SEP 1      6.35                      8.81  -2.46     7.01
  SINCE JAN 1     35.38                     35.02   0.36    37.30

SNOWFALL (IN)
  YESTERDAY        1.1           7.0  1980   0.1    1.0      0.0
  MONTH TO DATE    2.9                       2.2    0.7      2.0
  SINCE SEP 1      2.9                       3.2   -0.3      2.0
  SINCE JUL 1      2.9                       3.2   -0.3      2.0
  SNOW DEPTH       1

DEGREE DAYS
 HEATING
  YESTERDAY       31                        27      4       14
  MONTH TO DATE  433                       414     19      426
  SINCE SEP 1   1017                      1123   -106     1059
  SINCE JUL 1   1083                      1186   -103     1110

 COOLING
  YESTERDAY        0                         0      0        0
  MONTH TO DATE    0                         0      0        0
  SINCE SEP 1     39                        33      6       53
  SINCE JAN 1    341                       381    -40      480
..................................................................


WIND (MPH)
  HIGHEST WIND SPEED    20   HIGHEST WIND DIRECTION     W (280)
  HIGHEST GUST SPEED    27   HIGHEST GUST DIRECTION     W (280)
  AVERAGE WIND SPEED     9.2


SKY COVER
  AVERAGE SKY COVER 1.0


WEATHER CONDITIONS
 THE FOLLOWING WEATHER WAS RECORDED YESTERDAY.
  LIGHT RAIN
  LT FREEZING RAIN
  LIGHT SNOW
  FOG
  FOG W/VISIBILITY <= 1/4 MILE


RELATIVE HUMIDITY (PERCENT)
 HIGHEST   100           400 AM
 LOWEST     61          1200 AM
 AVERAGE    81

..........................................................


THE BINGHAMTON NY CLIMATE NORMALS FOR TODAY
                         NORMAL    RECORD    YEAR
 MAXIMUM TEMPERATURE (F)   44        65      1958
 MINIMUM TEMPERATURE (F)   31        11      1959


SUNRISE AND SUNSET
NOVEMBER 18 2014......SUNRISE   658 AM EST   SUNSET   440 PM EST
NOVEMBER 19 2014......SUNRISE   659 AM EST   SUNSET   439 PM EST


-  INDICATES NEGATIVE NUMBERS.
R  INDICATES RECORD WAS SET OR TIED.
MM INDICATES DATA IS MISSING.
T  INDICATES TRACE AMOUNT.

$$
