995
CDUS41 KBGM 120232
CLIBGM


CLIMATE REPORT
NATIONAL WEATHER SERVICE BINGHAMTON NY
1029 PM EDT FRI AUG 11 2017


...................................

...THE BINGHAMTON NY CLIMATE SUMMARY FOR AUGUST 11 2017...
VALID AS OF 1000 PM LOCAL TIME.

CLIMATE NORMAL PERIOD 1981 TO 2010
CLIMATE RECORD PERIOD 1951 TO 2017


WEATHER ITEM   OBSERVED TIME   RECORD YEAR NORMAL DEPARTURE LAST
                VALUE   (LST)  VALUE       VALUE  FROM      YEAR
                                                  NORMAL
..................................................................
TEMPERATURE (F)
 TODAY
  MAXIMUM         73    324 PM  89    1988  77     -4       85
  MINIMUM         60    756 AM  47    1972  59      1       68
                                      1968
  AVERAGE         67                        68     -1       77

PRECIPITATION (IN)
  TODAY            0.30          1.33 2015   0.10   0.20     0.26
  MONTH TO DATE    0.84                      1.24  -0.40     2.34
  SINCE JUN 1     13.51                      9.25   4.26     8.27
  SINCE JAN 1     37.96                     24.00  13.96    20.66

SNOWFALL (IN)
  TODAY            0.0           0.0  2002   0.0    0.0      0.0
                                      2001
                                      2000
  MONTH TO DATE    0.0                       0.0    0.0      0.0
  SINCE JUN 1      T                         0.0    0.0      0.0
  SINCE JUL 1      0.0                       0.0    0.0      0.0
  SNOW DEPTH       0

DEGREE DAYS
 HEATING
  TODAY            0                         1     -1        0
  MONTH TO DATE   15                        11      4        0
  SINCE JUN 1    118                       126     -8       72
  SINCE JUL 1     23                        35    -12        3

 COOLING
  TODAY            2                         4     -2       12
  MONTH TO DATE   29                        44    -15       64
  SINCE JUN 1    209                       256    -47      344
  SINCE JAN 1    230                       279    -49      390
..................................................................


WIND (MPH)
  HIGHEST WIND SPEED    13   HIGHEST WIND DIRECTION     S (180)
  HIGHEST GUST SPEED    17   HIGHEST GUST DIRECTION     S (170)
  AVERAGE WIND SPEED     6.1


SKY COVER
  AVERAGE SKY COVER 0.6


WEATHER CONDITIONS
 THE FOLLOWING WEATHER WAS RECORDED TODAY.
  THUNDERSTORM
  HEAVY RAIN
  RAIN
  LIGHT RAIN
  FOG


RELATIVE HUMIDITY (PERCENT)
 HIGHEST   100           900 PM
 LOWEST     73          1100 AM
 AVERAGE    87

..........................................................


THE BINGHAMTON NY CLIMATE NORMALS FOR TOMORROW
                         NORMAL    RECORD    YEAR
 MAXIMUM TEMPERATURE (F)   77        91      2002
 MINIMUM TEMPERATURE (F)   59        45      1971


SUNRISE AND SUNSET
AUGUST 11 2017........SUNRISE   607 AM EDT   SUNSET   810 PM EDT
AUGUST 12 2017........SUNRISE   608 AM EDT   SUNSET   809 PM EDT


-  INDICATES NEGATIVE NUMBERS.
R  INDICATES RECORD WAS SET OR TIED.
MM INDICATES DATA IS MISSING.
T  INDICATES TRACE AMOUNT.




$$
