000
CDUS41 KBGM 070729
CLIBGM


CLIMATE REPORT
NATIONAL WEATHER SERVICE BINGHAMTON NY
329 AM EDT MON APR 7 2014


...................................

...THE BINGHAMTON NY CLIMATE SUMMARY FOR APRIL 6 2014...

CLIMATE NORMAL PERIOD 1981 TO 2010
CLIMATE RECORD PERIOD 1951 TO 2014


WEATHER ITEM   OBSERVED TIME   RECORD YEAR NORMAL DEPARTURE LAST
                VALUE   (LST)  VALUE       VALUE  FROM      YEAR
                                                  NORMAL
..................................................................
TEMPERATURE (F)
 YESTERDAY
  MAXIMUM         53    431 PM  74    2005  50      3       45
  MINIMUM         26    616 AM  12    1982  32     -6       23
  AVERAGE         40                        41     -1       34

PRECIPITATION (IN)
  YESTERDAY        0.00          0.77 1984   0.12  -0.12     0.00
  MONTH TO DATE    0.20                      0.70  -0.50     0.18
  SINCE MAR 1      2.88                      3.69  -0.81     2.08
  SINCE JAN 1      8.57                      8.45   0.12     6.63

SNOWFALL (IN)
  YESTERDAY        0.0           9.0  1982   0.2   -0.2      0.0
  MONTH TO DATE    T                         1.4   -1.4      0.9
  SINCE MAR 1      1.9                      16.5  -14.6     15.3
  SINCE JUL 1     84.4                      80.4    4.0     69.1
  SNOW DEPTH       0

DEGREE DAYS
 HEATING
  YESTERDAY       25                        24      1       31
  MONTH TO DATE  148                       150     -2      197
  SINCE MAR 1   1348                      1147    201     1268
  SINCE JUL 1   6819                      6346    473     6152

 COOLING
  YESTERDAY        0                         0      0        0
  MONTH TO DATE    0                         0      0        0
  SINCE MAR 1      0                         0      0        0
  SINCE JAN 1      0                         0      0        0
..................................................................


WIND (MPH)
  HIGHEST WIND SPEED    13   HIGHEST WIND DIRECTION     N (350)
  HIGHEST GUST SPEED    17   HIGHEST GUST DIRECTION     N (350)
  AVERAGE WIND SPEED     4.4


SKY COVER
  AVERAGE SKY COVER 0.0


WEATHER CONDITIONS
 THE FOLLOWING WEATHER WAS RECORDED YESTERDAY.
  NO SIGNIFICANT WEATHER WAS OBSERVED.


RELATIVE HUMIDITY (PERCENT)
 HIGHEST    75           100 AM
 LOWEST     21           400 PM
 AVERAGE    48

..........................................................


THE BINGHAMTON NY CLIMATE NORMALS FOR TODAY
                         NORMAL    RECORD    YEAR
 MAXIMUM TEMPERATURE (F)   50        83      1991
 MINIMUM TEMPERATURE (F)   33         9      1982


SUNRISE AND SUNSET
APRIL  7 2014.........SUNRISE   636 AM EDT   SUNSET   736 PM EDT
APRIL  8 2014.........SUNRISE   635 AM EDT   SUNSET   738 PM EDT


-  INDICATES NEGATIVE NUMBERS.
R  INDICATES RECORD WAS SET OR TIED.
MM INDICATES DATA IS MISSING.
T  INDICATES TRACE AMOUNT.




$$
