000
CDUS41 KBGM 222122
CLIBGM


CLIMATE REPORT
NATIONAL WEATHER SERVICE BINGHAMTON NY
520 PM EDT TUE JUL 22 2014


...................................

...THE BINGHAMTON NY CLIMATE SUMMARY FOR JULY 22 2014...
VALID TODAY AS OF 0500 PM LOCAL TIME.

CLIMATE NORMAL PERIOD 1981 TO 2010
CLIMATE RECORD PERIOD 1951 TO 2014


WEATHER ITEM   OBSERVED TIME   RECORD YEAR NORMAL DEPARTURE LAST
                VALUE   (LST)  VALUE       VALUE  FROM      YEAR
                                                  NORMAL
..................................................................
TEMPERATURE (F)
 TODAY
  MAXIMUM         84    321 PM  95    1955  78      6       83
  MINIMUM         66    545 AM  49    1970  60      6       61
  AVERAGE         75                        69      6       72

PRECIPITATION (IN)
  TODAY            0.00          1.08 2013   0.11  -0.11     1.08
  MONTH TO DATE    3.00                      2.64   0.36     5.37
  SINCE JUN 1      7.37                      6.95   0.42    10.61
  SINCE JAN 1     22.73                     21.70   1.03    23.77

SNOWFALL (IN)
  TODAY            0.0           0.0  2002   0.0    0.0      0.0
                                      2000
                                      2001
  MONTH TO DATE    0.0                       0.0    0.0      0.0
  SINCE JUN 1      0.0                       0.0    0.0      0.0
  SINCE JUL 1      0.0                       0.0    0.0      0.0
  SNOW DEPTH       0

DEGREE DAYS
 HEATING
  TODAY            0                         1     -1        0
  MONTH TO DATE    8                        22    -14        0
  SINCE JUN 1     53                       113    -60       87
  SINCE JUL 1      8                        22    -14        0

 COOLING
  TODAY           10                         5      5        7
  MONTH TO DATE  104                       101      3      210
  SINCE JUN 1    189                       175     14      293
  SINCE JAN 1    214                       198     16      336
..................................................................


WIND (MPH)
  HIGHEST WIND SPEED    14   HIGHEST WIND DIRECTION    SW (230)
  HIGHEST GUST SPEED    17   HIGHEST GUST DIRECTION     W (250)
  AVERAGE WIND SPEED     5.6


SKY COVER
  AVERAGE SKY COVER 0.6


WEATHER CONDITIONS
 THE FOLLOWING WEATHER WAS RECORDED TODAY.
  FOG


RELATIVE HUMIDITY (PERCENT)
 HIGHEST    93           400 AM
 LOWEST     58           300 PM
 AVERAGE    76

..........................................................


THE BINGHAMTON NY CLIMATE NORMALS FOR TOMORROW
                         NORMAL    RECORD    YEAR
 MAXIMUM TEMPERATURE (F)   78        92      1972
 MINIMUM TEMPERATURE (F)   60        48      1981


SUNRISE AND SUNSET
JULY 22 2014..........SUNRISE   547 AM EDT   SUNSET   833 PM EDT
JULY 23 2014..........SUNRISE   548 AM EDT   SUNSET   832 PM EDT


-  INDICATES NEGATIVE NUMBERS.
R  INDICATES RECORD WAS SET OR TIED.
MM INDICATES DATA IS MISSING.
T  INDICATES TRACE AMOUNT.




$$
