000
CDUS41 KBGM 160606
CLIBGM


CLIMATE REPORT
NATIONAL WEATHER SERVICE BINGHAMTON NY
206 AM EDT WED JUL 16 2014


...................................

...THE BINGHAMTON NY CLIMATE SUMMARY FOR JULY 15 2014...

CLIMATE NORMAL PERIOD 1981 TO 2010
CLIMATE RECORD PERIOD 1951 TO 2014


WEATHER ITEM   OBSERVED TIME   RECORD YEAR NORMAL DEPARTURE LAST
                VALUE   (LST)  VALUE       VALUE  FROM      YEAR
                                                  NORMAL
..................................................................
TEMPERATURE (F)
 YESTERDAY
  MAXIMUM         75    153 PM  96    1995  78     -3       86
                                      1983
  MINIMUM         63   1159 PM  51    2009  60      3       69
                                      1989
                                      1986
  AVERAGE         69                        69      0       78

PRECIPITATION (IN)
  YESTERDAY        0.41          1.08 2000   0.12   0.29     0.00
  MONTH TO DATE    2.92                      1.82   1.10     4.29
  SINCE JUN 1      7.29                      6.13   1.16     9.53
  SINCE JAN 1     22.65                     20.88   1.77    22.69

SNOWFALL (IN)
  YESTERDAY        0.0           0.0  2002   0.0    0.0      0.0
                                      2000
                                      2001
  MONTH TO DATE    0.0                       0.0    0.0      0.0
  SINCE JUN 1      0.0                       0.0    0.0      0.0
  SINCE JUL 1      0.0                       0.0    0.0      0.0
  SNOW DEPTH       0

DEGREE DAYS
 HEATING
  YESTERDAY        0                         1     -1        0
  MONTH TO DATE    3                        15    -12        0
  SINCE JUN 1     48                       106    -58       87
  SINCE JUL 1      3                        15    -12        0

 COOLING
  YESTERDAY        4                         5     -1       13
  MONTH TO DATE   83                        66     17      135
  SINCE JUN 1    168                       140     28      218
  SINCE JAN 1    193                       163     30      261
..................................................................


WIND (MPH)
  HIGHEST WIND SPEED    20   HIGHEST WIND DIRECTION    NW (300)
  HIGHEST GUST SPEED    28   HIGHEST GUST DIRECTION    NW (300)
  AVERAGE WIND SPEED     5.5


SKY COVER
  AVERAGE SKY COVER 0.6


WEATHER CONDITIONS
 THE FOLLOWING WEATHER WAS RECORDED YESTERDAY.
  HEAVY RAIN
  RAIN
  LIGHT RAIN
  FOG
  FOG W/VISIBILITY <= 1/4 MILE
  HAZE


RELATIVE HUMIDITY (PERCENT)
 HIGHEST   100           300 AM
 LOWEST     73          1100 PM
 AVERAGE    87

..........................................................


THE BINGHAMTON NY CLIMATE NORMALS FOR TODAY
                         NORMAL    RECORD    YEAR
 MAXIMUM TEMPERATURE (F)   78        98      1988
 MINIMUM TEMPERATURE (F)   60        50      1987
                                             1966


SUNRISE AND SUNSET
JULY 16 2014..........SUNRISE   542 AM EDT   SUNSET   838 PM EDT
JULY 17 2014..........SUNRISE   543 AM EDT   SUNSET   837 PM EDT


-  INDICATES NEGATIVE NUMBERS.
R  INDICATES RECORD WAS SET OR TIED.
MM INDICATES DATA IS MISSING.
T  INDICATES TRACE AMOUNT.




$$
