000
CDUS41 KBGM 200717
CLIBGM


CLIMATE REPORT
NATIONAL WEATHER SERVICE BINGHAMTON NY
317 AM EDT WED MAY 20 2015


...................................

...THE BINGHAMTON NY CLIMATE SUMMARY FOR MAY 19 2015...

CLIMATE NORMAL PERIOD 1981 TO 2010
CLIMATE RECORD PERIOD 1951 TO 2015


WEATHER ITEM   OBSERVED TIME   RECORD YEAR NORMAL DEPARTURE LAST
                VALUE   (LST)  VALUE       VALUE  FROM      YEAR
                                                  NORMAL
..................................................................
TEMPERATURE (F)
 YESTERDAY
  MAXIMUM         79    307 PM  87    1996  67     12       64
                                      1962
  MINIMUM         48   1159 PM  31    2009  47      1       39
                                      2002
  AVERAGE         64                        57      7       52

PRECIPITATION (IN)
  YESTERDAY        0.01          2.06 1988   0.12  -0.11      T
  MONTH TO DATE    2.93                      2.09   0.84     3.45
  SINCE MAR 1      9.13                      8.51   0.62     8.90
  SINCE JAN 1     13.07                     13.27  -0.20    14.59

SNOWFALL (IN)
  YESTERDAY        0.0           T    2008   0.0    0.0      0.0
                                      2002
                                      1976
  MONTH TO DATE    0.0                       0.1   -0.1      0.0
  SINCE MAR 1     17.6                      19.5   -1.9      2.9
  SINCE JUL 1     93.4                      83.4   10.0     85.4
  SNOW DEPTH       0

DEGREE DAYS
 HEATING
  YESTERDAY        1                         9     -8       13
  MONTH TO DATE   77                       218   -141      164
  SINCE MAR 1   1850                      1818     32     1966
  SINCE JUL 1   7382                      7017    365     7437

 COOLING
  YESTERDAY        0                         1     -1        0
  MONTH TO DATE   42                         7     35       13
  SINCE MAR 1     42                        11     31       15
  SINCE JAN 1     42                        11     31       15
..................................................................


WIND (MPH)
  HIGHEST WIND SPEED    24   HIGHEST WIND DIRECTION     N (350)
  HIGHEST GUST SPEED    34   HIGHEST GUST DIRECTION     N (350)
  AVERAGE WIND SPEED     9.6


SKY COVER
  AVERAGE SKY COVER 0.5


WEATHER CONDITIONS
 THE FOLLOWING WEATHER WAS RECORDED YESTERDAY.
  LIGHT RAIN
  FOG


RELATIVE HUMIDITY (PERCENT)
 HIGHEST   100           200 AM
 LOWEST     54           200 PM
 AVERAGE    77

..........................................................


THE BINGHAMTON NY CLIMATE NORMALS FOR TODAY
                         NORMAL    RECORD    YEAR
 MAXIMUM TEMPERATURE (F)   67        89      1996
 MINIMUM TEMPERATURE (F)   47        30      2002


SUNRISE AND SUNSET
MAY 20 2015...........SUNRISE   538 AM EDT   SUNSET   823 PM EDT
MAY 21 2015...........SUNRISE   538 AM EDT   SUNSET   824 PM EDT


-  INDICATES NEGATIVE NUMBERS.
R  INDICATES RECORD WAS SET OR TIED.
MM INDICATES DATA IS MISSING.
T  INDICATES TRACE AMOUNT.




$$
