000
CDUS41 KBGM 120548
CLIBGM


CLIMATE REPORT
NATIONAL WEATHER SERVICE BINGHAMTON NY
148 AM EDT THU OCT 12 2017


...................................

...THE BINGHAMTON NY CLIMATE SUMMARY FOR OCTOBER 11 2017...

CLIMATE NORMAL PERIOD 1981 TO 2010
CLIMATE RECORD PERIOD 1951 TO 2017


WEATHER ITEM   OBSERVED TIME   RECORD YEAR NORMAL DEPARTURE LAST
                VALUE   (LST)  VALUE       VALUE  FROM      YEAR
                                                  NORMAL
..................................................................
TEMPERATURE (F)
 YESTERDAY
  MAXIMUM         63    101 PM  77    1961  59      4       62
  MINIMUM         47   1159 PM  25    1993  41      6       30
  AVERAGE         55                        50      5       46

PRECIPITATION (IN)
  YESTERDAY        0.28          3.50 1962   0.11   0.17     0.00
  MONTH TO DATE    0.97                      1.24  -0.27     0.48
  SINCE SEP 1      2.23                      4.87  -2.64     1.51
  SINCE JAN 1     41.97                     31.08  10.89    25.06

SNOWFALL (IN)
  YESTERDAY        0.0           T    1988   0.0    0.0      0.0
  MONTH TO DATE    0.0                       0.1   -0.1      0.0
  SINCE SEP 1      0.0                       0.1   -0.1      0.0
  SINCE JUL 1      0.0                       0.1   -0.1      0.0
  SNOW DEPTH       0

DEGREE DAYS
 HEATING
  YESTERDAY       10                        15     -5       19
  MONTH TO DATE   53                       147    -94      129
  SINCE SEP 1    208                       341   -133      243
  SINCE JUL 1    289                       404   -115      252

 COOLING
  YESTERDAY        0                         0      0        0
  MONTH TO DATE    9                         0      9        0
  SINCE SEP 1     78                        31     47       48
  SINCE JAN 1    349                       379    -30      559
..................................................................


WIND (MPH)
  HIGHEST WIND SPEED    14   HIGHEST WIND DIRECTION    NE (60)
  HIGHEST GUST SPEED    20   HIGHEST GUST DIRECTION     E (70)
  AVERAGE WIND SPEED     6.6


SKY COVER
  AVERAGE SKY COVER 0.5


WEATHER CONDITIONS
 THE FOLLOWING WEATHER WAS RECORDED YESTERDAY.
  RAIN
  LIGHT RAIN
  FOG


RELATIVE HUMIDITY (PERCENT)
 HIGHEST   100           500 AM
 LOWEST     84          1200 PM
 AVERAGE    92

..........................................................


THE BINGHAMTON NY CLIMATE NORMALS FOR TODAY
                         NORMAL    RECORD    YEAR
 MAXIMUM TEMPERATURE (F)   58        82      1954
 MINIMUM TEMPERATURE (F)   41        27      1996
                                             1987


SUNRISE AND SUNSET
OCTOBER 12 2017.......SUNRISE   713 AM EDT   SUNSET   627 PM EDT
OCTOBER 13 2017.......SUNRISE   715 AM EDT   SUNSET   625 PM EDT


-  INDICATES NEGATIVE NUMBERS.
R  INDICATES RECORD WAS SET OR TIED.
MM INDICATES DATA IS MISSING.
T  INDICATES TRACE AMOUNT.




$$
