000
CDUS41 KBGM 100523
CLIBGM


CLIMATE REPORT
NATIONAL WEATHER SERVICE BINGHAMTON NY
1222 AM EST FRI FEB 10 2017


...................................

...THE BINGHAMTON NY CLIMATE SUMMARY FOR FEBRUARY 9 2017...

CLIMATE NORMAL PERIOD 1981 TO 2010
CLIMATE RECORD PERIOD 1951 TO 2017


WEATHER ITEM   OBSERVED TIME   RECORD YEAR NORMAL DEPARTURE LAST
                VALUE   (LST)  VALUE       VALUE  FROM      YEAR
                                                  NORMAL
..................................................................
TEMPERATURE (F)
 YESTERDAY
  MAXIMUM         25   1200 AM  51    2001  31     -6       32
  MINIMUM          9    915 PM  -5    1979  17     -8       24
  AVERAGE         17                        24     -7       28

PRECIPITATION (IN)
  YESTERDAY        0.15          0.53 2005   0.08   0.07     0.13
  MONTH TO DATE    0.72                      0.72   0.00     0.91
  SINCE DEC 1      8.10                      6.00   2.10     5.83
  SINCE JAN 1      4.51                      3.17   1.34     2.22

SNOWFALL (IN)
  YESTERDAY        5.7 R         4.6  1969   0.6    5.1      2.1
  MONTH TO DATE    7.9                       5.5    2.4      2.1
  SINCE DEC 1     49.7                      45.5    4.2     14.5
  SINCE JUL 1     78.3                      52.3   26.0     15.6
  SNOW DEPTH       5

DEGREE DAYS
 HEATING
  YESTERDAY       48                        41      7       37
  MONTH TO DATE  359                       377    -18      276
  SINCE DEC 1   2692                      2874   -182     2284
  SINCE JUL 1   4041                      4449   -408     3554

 COOLING
  YESTERDAY        0                         0      0        0
  MONTH TO DATE    0                         0      0        0
  SINCE DEC 1      0                         0      0        0
  SINCE JAN 1      0                         0      0        0
..................................................................


WIND (MPH)
  HIGHEST WIND SPEED    29   HIGHEST WIND DIRECTION    NW (330)
  HIGHEST GUST SPEED    37   HIGHEST GUST DIRECTION     N (340)
  AVERAGE WIND SPEED    13.6


SKY COVER
  AVERAGE SKY COVER 0.7


WEATHER CONDITIONS
 THE FOLLOWING WEATHER WAS RECORDED YESTERDAY.
  HEAVY SNOW
  SNOW
  LIGHT SNOW
  FOG
  FOG W/VISIBILITY <= 1/4 MILE
  HAZE
  BLOWING SNOW


RELATIVE HUMIDITY (PERCENT)
 HIGHEST    92           200 AM
 LOWEST     58           400 PM
 AVERAGE    75

..........................................................


THE BINGHAMTON NY CLIMATE NORMALS FOR TODAY
                         NORMAL    RECORD    YEAR
 MAXIMUM TEMPERATURE (F)   31        52      2001
 MINIMUM TEMPERATURE (F)   17        -9      1962


SUNRISE AND SUNSET
FEBRUARY 10 2017......SUNRISE   706 AM EST   SUNSET   530 PM EST
FEBRUARY 11 2017......SUNRISE   705 AM EST   SUNSET   532 PM EST


-  INDICATES NEGATIVE NUMBERS.
R  INDICATES RECORD WAS SET OR TIED.
MM INDICATES DATA IS MISSING.
T  INDICATES TRACE AMOUNT.




$$
