000
CDUS41 KBGM 052126
CLIBGM


CLIMATE REPORT
NATIONAL WEATHER SERVICE BINGHAMTON NY
526 PM EDT SAT JUL 5 2014


...................................

...THE BINGHAMTON NY CLIMATE SUMMARY FOR JULY 5 2014...
VALID TODAY AS OF 0500 PM LOCAL TIME.

CLIMATE NORMAL PERIOD 1981 TO 2010
CLIMATE RECORD PERIOD 1951 TO 2014


WEATHER ITEM   OBSERVED TIME   RECORD YEAR NORMAL DEPARTURE LAST
                VALUE   (LST)  VALUE       VALUE  FROM      YEAR
                                                  NORMAL
..................................................................
TEMPERATURE (F)
 TODAY
  MAXIMUM         76    356 PM  91    1999  77     -1       87
                                      1955
  MINIMUM         53    521 AM  45    1979  59     -6       71
                                      1961
  AVERAGE         65                        68     -3       79

PRECIPITATION (IN)
  TODAY            0.00          2.10 1956   0.13  -0.13      T
  MONTH TO DATE    0.39                      0.61  -0.22     1.93
  SINCE JUN 1      4.76                      4.92  -0.16     7.17
  SINCE JAN 1     20.12                     19.67   0.45    20.33

SNOWFALL (IN)
  TODAY            0.0           0.0  2002   0.0    0.0      0.0
                                      2000
                                      2001
  MONTH TO DATE    0.0                       0.0    0.0      0.0
  SINCE JUN 1      0.0                       0.0    0.0      0.0
  SINCE JUL 1      0.0                       0.0    0.0      0.0
  SNOW DEPTH       0

DEGREE DAYS
 HEATING
  TODAY            0                         1     -1        0
  MONTH TO DATE    3                         5     -2        0
  SINCE JUN 1     48                        96    -48       87
  SINCE JUL 1      3                         5     -2        0

 COOLING
  TODAY            0                         4     -4       14
  MONTH TO DATE   32                        20     12       47
  SINCE JUN 1    117                        94     23      130
  SINCE JAN 1    142                       117     25      173
..................................................................


WIND (MPH)
  HIGHEST WIND SPEED    18   HIGHEST WIND DIRECTION     N (350)
  HIGHEST GUST SPEED    24   HIGHEST GUST DIRECTION     N (360)
  AVERAGE WIND SPEED     9.1


SKY COVER
  AVERAGE SKY COVER 0.0


WEATHER CONDITIONS
 THE FOLLOWING WEATHER WAS RECORDED TODAY.
  NO SIGNIFICANT WEATHER WAS OBSERVED.


RELATIVE HUMIDITY (PERCENT)
 HIGHEST    83           300 AM
 LOWEST     33           100 PM
 AVERAGE    58

..........................................................


THE BINGHAMTON NY CLIMATE NORMALS FOR TOMORROW
                         NORMAL    RECORD    YEAR
 MAXIMUM TEMPERATURE (F)   77        92      1988
 MINIMUM TEMPERATURE (F)   59        43      1979


SUNRISE AND SUNSET
JULY  5 2014..........SUNRISE   534 AM EDT   SUNSET   843 PM EDT
JULY  6 2014..........SUNRISE   534 AM EDT   SUNSET   843 PM EDT


-  INDICATES NEGATIVE NUMBERS.
R  INDICATES RECORD WAS SET OR TIED.
MM INDICATES DATA IS MISSING.
T  INDICATES TRACE AMOUNT.




$$
