000
CDUS41 KBGM 090529
CLIBGM


CLIMATE REPORT
NATIONAL WEATHER SERVICE BINGHAMTON NY
1228 AM EST MON JAN 9 2017


...................................

...THE BINGHAMTON NY CLIMATE SUMMARY FOR JANUARY 8 2017...

CLIMATE NORMAL PERIOD 1981 TO 2010
CLIMATE RECORD PERIOD 1951 TO 2017


WEATHER ITEM   OBSERVED TIME   RECORD YEAR NORMAL DEPARTURE LAST
                VALUE   (LST)  VALUE       VALUE  FROM      YEAR
                                                  NORMAL
..................................................................
TEMPERATURE (F)
 YESTERDAY
  MAXIMUM         16   1208 PM  63    2008  29    -13       36
                                      1998
  MINIMUM          4   1159 PM -11    1968  16    -12       19
  AVERAGE         10                        22    -12       28

PRECIPITATION (IN)
  YESTERDAY        T             1.00 1998   0.08  -0.08      T
  MONTH TO DATE    0.64                      0.64   0.00     0.01
  SINCE DEC 1      4.23                      3.47   0.76     3.62
  SINCE JAN 1      0.64                      0.64   0.00     0.01

SNOWFALL (IN)
  YESTERDAY        0.1           6.9  1988   0.7   -0.6       T
  MONTH TO DATE    0.7                       5.6   -4.9      0.8
  SINCE DEC 1     30.5                      23.4    7.1      3.0
  SINCE JUL 1     59.1                      30.2   28.9      4.1
  SNOW DEPTH       T

DEGREE DAYS
 HEATING
  YESTERDAY       55                        43     12       37
  MONTH TO DATE  339                       338      1      339
  SINCE DEC 1   1515                      1508      7     1094
  SINCE JUL 1   2864                      3083   -219     2364

 COOLING
  YESTERDAY        0                         0      0        0
  MONTH TO DATE    0                         0      0        0
  SINCE DEC 1      0                         0      0        0
  SINCE JAN 1      0                         0      0        0
..................................................................


WIND (MPH)
  HIGHEST WIND SPEED    25   HIGHEST WIND DIRECTION     W (290)
  HIGHEST GUST SPEED    34   HIGHEST GUST DIRECTION    NW (300)
  AVERAGE WIND SPEED    12.8


SKY COVER
  AVERAGE SKY COVER 0.5


WEATHER CONDITIONS
 THE FOLLOWING WEATHER WAS RECORDED YESTERDAY.
  LIGHT SNOW
  FOG
  HAZE
  BLOWING SNOW


RELATIVE HUMIDITY (PERCENT)
 HIGHEST    83           500 AM
 LOWEST     46          1200 PM
 AVERAGE    65

..........................................................


THE BINGHAMTON NY CLIMATE NORMALS FOR TODAY
                         NORMAL    RECORD    YEAR
 MAXIMUM TEMPERATURE (F)   29        56      2008
                                             1998
 MINIMUM TEMPERATURE (F)   16       -15      1968


SUNRISE AND SUNSET
JANUARY  9 2017.......SUNRISE   732 AM EST   SUNSET   451 PM EST
JANUARY 10 2017.......SUNRISE   732 AM EST   SUNSET   452 PM EST


-  INDICATES NEGATIVE NUMBERS.
R  INDICATES RECORD WAS SET OR TIED.
MM INDICATES DATA IS MISSING.
T  INDICATES TRACE AMOUNT.




$$
