000
CDUS41 KBGM 060720
CLIBGM


CLIMATE REPORT
NATIONAL WEATHER SERVICE BINGHAMTON NY
214 AM EST WED DEC 6 2017


...................................

...THE BINGHAMTON NY CLIMATE SUMMARY FOR DECEMBER 5 2017...

CLIMATE NORMAL PERIOD 1981 TO 2010
CLIMATE RECORD PERIOD 1951 TO 2017


WEATHER ITEM   OBSERVED TIME   RECORD YEAR NORMAL DEPARTURE LAST
                VALUE   (LST)  VALUE       VALUE  FROM      YEAR
                                                  NORMAL
..................................................................
TEMPERATURE (F)
 YESTERDAY
  MAXIMUM         49    955 PM  64    1982  37     12       37
  MINIMUM         42   1159 PM   5    1989  25     17       28
                                      1971
  AVERAGE         46                        31     15       33

PRECIPITATION (IN)
  YESTERDAY        0.31          1.52 1994   0.10   0.21     0.07
                                      1973
  MONTH TO DATE    0.31                      0.52  -0.21     0.60
  SINCE DEC 1      0.31                      0.52  -0.21     0.60
  SINCE JAN 1     47.20                     36.99  10.21    33.12

SNOWFALL (IN)
  YESTERDAY        0.0           7.9  1977   0.5   -0.5      0.9
  MONTH TO DATE    0.0                       2.3   -2.3      1.2
  SINCE DEC 1      0.0                       2.3   -2.3      1.2
  SINCE JUL 1      1.8                       9.1   -7.3     29.8
  SNOW DEPTH       0

DEGREE DAYS
 HEATING
  YESTERDAY       19                        34    -15       32
  MONTH TO DATE  139                       167    -28      153
  SINCE DEC 1    139                       167    -28      153
  SINCE JUL 1   1537                      1742   -205     1502

 COOLING
  YESTERDAY        0                         0      0        0
  MONTH TO DATE    0                         0      0        0
  SINCE DEC 1      0                         0      0        0
  SINCE JAN 1    349                       381    -32      563
..................................................................


WIND (MPH)
  HIGHEST WIND SPEED    20   HIGHEST WIND DIRECTION     S (190)
  HIGHEST GUST SPEED    33   HIGHEST GUST DIRECTION     S (170)
  AVERAGE WIND SPEED    15.0


SKY COVER
  AVERAGE SKY COVER 0.9


WEATHER CONDITIONS
 THE FOLLOWING WEATHER WAS RECORDED YESTERDAY.
  LIGHT RAIN
  FOG


RELATIVE HUMIDITY (PERCENT)
 HIGHEST    93          1200 PM
 LOWEST     70           400 AM
 AVERAGE    82

..........................................................


THE BINGHAMTON NY CLIMATE NORMALS FOR TODAY
                         NORMAL    RECORD    YEAR
 MAXIMUM TEMPERATURE (F)   36        65      1982
 MINIMUM TEMPERATURE (F)   24         7      2007
                                             1954


SUNRISE AND SUNSET
DECEMBER  6 2017......SUNRISE   718 AM EST   SUNSET   432 PM EST
DECEMBER  7 2017......SUNRISE   719 AM EST   SUNSET   432 PM EST


-  INDICATES NEGATIVE NUMBERS.
R  INDICATES RECORD WAS SET OR TIED.
MM INDICATES DATA IS MISSING.
T  INDICATES TRACE AMOUNT.




$$
