000
CDUS41 KBGM 160625
CLIBGM


CLIMATE REPORT
NATIONAL WEATHER SERVICE BINGHAMTON NY
224 AM EDT FRI SEP 16 2016


...................................

...THE BINGHAMTON NY CLIMATE SUMMARY FOR SEPTEMBER 15 2016...

CLIMATE NORMAL PERIOD 1981 TO 2010
CLIMATE RECORD PERIOD 1951 TO 2016


WEATHER ITEM   OBSERVED TIME   RECORD YEAR NORMAL DEPARTURE LAST
                VALUE   (LST)  VALUE       VALUE  FROM      YEAR
                                                  NORMAL
..................................................................
TEMPERATURE (F)
 YESTERDAY
  MAXIMUM         67    354 PM  82    1958  69     -2       78
  MINIMUM         45    610 AM  36    2013  51     -6       49
  AVERAGE         56                        60     -4       64

PRECIPITATION (IN)
  YESTERDAY        0.00          1.05 2003   0.12  -0.12     0.00
  MONTH TO DATE    0.14                      1.75  -1.61     0.29
  SINCE SEP 1      0.14                      1.75  -1.61     0.29
  SINCE JAN 1     23.69                     27.96  -4.27    31.81

SNOWFALL (IN)
  YESTERDAY        0.0           0.0  2002   0.0    0.0      0.0
                                      2001
                                      2000
  MONTH TO DATE    0.0                       0.0    0.0      0.0
  SINCE SEP 1      0.0                       0.0    0.0      0.0
  SINCE JUL 1      0.0                       0.0    0.0       T
  SNOW DEPTH       0

DEGREE DAYS
 HEATING
  YESTERDAY        9                         6      3        1
  MONTH TO DATE   28                        63    -35       23
  SINCE SEP 1     28                        63    -35       23
  SINCE JUL 1     37                       126    -89       72

 COOLING
  YESTERDAY        0                         1     -1        0
  MONTH TO DATE   37                        22     15       85
  SINCE SEP 1     37                        22     15       85
  SINCE JAN 1    548                       370    178      427
..................................................................


WIND (MPH)
  HIGHEST WIND SPEED    10   HIGHEST WIND DIRECTION    SE (140)
  HIGHEST GUST SPEED    16   HIGHEST GUST DIRECTION    SE (140)
  AVERAGE WIND SPEED     4.2


SKY COVER
  AVERAGE SKY COVER 0.0


WEATHER CONDITIONS
 THE FOLLOWING WEATHER WAS RECORDED YESTERDAY.
  NO SIGNIFICANT WEATHER WAS OBSERVED.


RELATIVE HUMIDITY (PERCENT)
 HIGHEST   100           500 AM
 LOWEST     32           300 PM
 AVERAGE    66

..........................................................


THE BINGHAMTON NY CLIMATE NORMALS FOR TODAY
                         NORMAL    RECORD    YEAR
 MAXIMUM TEMPERATURE (F)   68        90      1991
 MINIMUM TEMPERATURE (F)   51        35      1988
                                             1964


SUNRISE AND SUNSET
SEPTEMBER 16 2016.....SUNRISE   645 AM EDT   SUNSET   711 PM EDT
SEPTEMBER 17 2016.....SUNRISE   647 AM EDT   SUNSET   709 PM EDT


-  INDICATES NEGATIVE NUMBERS.
R  INDICATES RECORD WAS SET OR TIED.
MM INDICATES DATA IS MISSING.
T  INDICATES TRACE AMOUNT.




$$
