000
CDUS41 KBGM 270600
CLIBGM


CLIMATE REPORT
NATIONAL WEATHER SERVICE BINGHAMTON NY
1259 AM EST TUE JAN 27 2015


...................................

...THE BINGHAMTON NY CLIMATE SUMMARY FOR JANUARY 26 2015...

CLIMATE NORMAL PERIOD 1981 TO 2010
CLIMATE RECORD PERIOD 1951 TO 2015


WEATHER ITEM   OBSERVED TIME   RECORD YEAR NORMAL DEPARTURE LAST
                VALUE   (LST)  VALUE       VALUE  FROM      YEAR
                                                  NORMAL
..................................................................
TEMPERATURE (F)
 YESTERDAY
  MAXIMUM         17   1014 PM  51    1976  29    -12       20
  MINIMUM          6    713 AM  -5    1966  15     -9        2
  AVERAGE         12                        22    -10       11

PRECIPITATION (IN)
  YESTERDAY        0.17          1.07 1952   0.07   0.10      T
  MONTH TO DATE    1.75                      2.06  -0.31     2.92
  SINCE DEC 1      5.05                      4.89   0.16     6.36
  SINCE JAN 1      1.75                      2.06  -0.31     2.92

SNOWFALL (IN)
  YESTERDAY        1.6           5.9  1958   0.7    0.9      0.1
  MONTH TO DATE   12.9                      18.8   -5.9     22.6
  SINCE DEC 1     26.0                      36.6  -10.6     47.6
  SINCE JUL 1     39.7                      43.4   -3.7     55.8
  SNOW DEPTH       3

DEGREE DAYS
 HEATING
  YESTERDAY       53                        43     10       54
  MONTH TO DATE 1205                      1112     93     1211
  SINCE DEC 1   2274                      2282     -8     2359
  SINCE JUL 1   3809                      3857    -48     3950

 COOLING
  YESTERDAY        0                         0      0        0
  MONTH TO DATE    0                         0      0        0
  SINCE DEC 1      0                         0      0        0
  SINCE JAN 1      0                         0      0        0
..................................................................


WIND (MPH)
  HIGHEST WIND SPEED    13   HIGHEST WIND DIRECTION     N (20)
  HIGHEST GUST SPEED    16   HIGHEST GUST DIRECTION     E (70)
  AVERAGE WIND SPEED     7.8


SKY COVER
  AVERAGE SKY COVER 0.9


WEATHER CONDITIONS
 THE FOLLOWING WEATHER WAS RECORDED YESTERDAY.
  SNOW
  LIGHT SNOW
  FOG
  FOG W/VISIBILITY <= 1/4 MILE


RELATIVE HUMIDITY (PERCENT)
 HIGHEST    92           900 PM
 LOWEST     69          1200 AM
 AVERAGE    81

..........................................................


THE BINGHAMTON NY CLIMATE NORMALS FOR TODAY
                         NORMAL    RECORD    YEAR
 MAXIMUM TEMPERATURE (F)   29        54      1974
 MINIMUM TEMPERATURE (F)   15        -8      2005
                                             1994


SUNRISE AND SUNSET
JANUARY 27 2015.......SUNRISE   722 AM EST   SUNSET   512 PM EST
JANUARY 28 2015.......SUNRISE   721 AM EST   SUNSET   513 PM EST


-  INDICATES NEGATIVE NUMBERS.
R  INDICATES RECORD WAS SET OR TIED.
MM INDICATES DATA IS MISSING.
T  INDICATES TRACE AMOUNT.

$$
