000
CDUS41 KBGM 070536
CLIBGM


CLIMATE REPORT
NATIONAL WEATHER SERVICE BINGHAMTON NY
1235 AM EST TUE NOV 7 2017


...................................

...THE BINGHAMTON NY CLIMATE SUMMARY FOR NOVEMBER 6 2017...

CLIMATE NORMAL PERIOD 1981 TO 2010
CLIMATE RECORD PERIOD 1951 TO 2017


WEATHER ITEM   OBSERVED TIME   RECORD YEAR NORMAL DEPARTURE LAST
                VALUE   (LST)  VALUE       VALUE  FROM      YEAR
                                                  NORMAL
..................................................................
TEMPERATURE (F)
 YESTERDAY
  MAXIMUM         57    218 AM  70    2005  49      8       48
                                      1978
  MINIMUM         35   1046 PM  12    1951  34      1       31
  AVERAGE         46                        42      4       40

PRECIPITATION (IN)
  YESTERDAY        0.46          0.93 1959   0.11   0.35     0.00
  MONTH TO DATE    0.96                      0.68   0.28     0.19
  SINCE SEP 1      6.35                      7.64  -1.29     7.05
  SINCE JAN 1     46.09                     33.85  12.24    30.60

SNOWFALL (IN)
  YESTERDAY        0.0           2.0  1969   0.1   -0.1      0.0
  MONTH TO DATE    T                         0.6   -0.6      0.0
  SINCE SEP 1      T                         1.6   -1.6      1.0
  SINCE JUL 1      T                         1.6   -1.6      1.0
  SNOW DEPTH       0

DEGREE DAYS
 HEATING
  YESTERDAY       19                        23     -4       25
  MONTH TO DATE  109                       135    -26      118
  SINCE SEP 1    586                       844   -258      720
  SINCE JUL 1    667                       907   -240      729

 COOLING
  YESTERDAY        0                         0      0        0
  MONTH TO DATE    0                         0      0        0
  SINCE SEP 1     78                        33     45       52
  SINCE JAN 1    349                       381    -32      563
..................................................................


WIND (MPH)
  HIGHEST WIND SPEED    21   HIGHEST WIND DIRECTION     N (340)
  HIGHEST GUST SPEED    27   HIGHEST GUST DIRECTION    NW (330)
  AVERAGE WIND SPEED    10.4


SKY COVER
  AVERAGE SKY COVER 1.0


WEATHER CONDITIONS
 THE FOLLOWING WEATHER WAS RECORDED YESTERDAY.
  RAIN
  LIGHT RAIN
  FOG


RELATIVE HUMIDITY (PERCENT)
 HIGHEST   100          1200 PM
 LOWEST     70           900 PM
 AVERAGE    85

..........................................................


THE BINGHAMTON NY CLIMATE NORMALS FOR TODAY
                         NORMAL    RECORD    YEAR
 MAXIMUM TEMPERATURE (F)   49        72      1975
 MINIMUM TEMPERATURE (F)   34        20      1992
                                             1962


SUNRISE AND SUNSET
NOVEMBER  7 2017......SUNRISE   645 AM EST   SUNSET   450 PM EST
NOVEMBER  8 2017......SUNRISE   646 AM EST   SUNSET   449 PM EST


-  INDICATES NEGATIVE NUMBERS.
R  INDICATES RECORD WAS SET OR TIED.
MM INDICATES DATA IS MISSING.
T  INDICATES TRACE AMOUNT.

$$
