000
CDUS41 KBGM 170548
CLIBGM


CLIMATE REPORT
NATIONAL WEATHER SERVICE BINGHAMTON NY
148 AM EDT SUN APR 17 2016


...................................

...THE BINGHAMTON NY CLIMATE SUMMARY FOR APRIL 16 2016...

CLIMATE NORMAL PERIOD 1981 TO 2010
CLIMATE RECORD PERIOD 1951 TO 2016


WEATHER ITEM   OBSERVED TIME   RECORD YEAR NORMAL DEPARTURE LAST
                VALUE   (LST)  VALUE       VALUE  FROM      YEAR
                                                  NORMAL
..................................................................
TEMPERATURE (F)
 YESTERDAY
  MAXIMUM         67    409 PM  85    2002  55     12       67
  MINIMUM         39    553 AM  19    2014  36      3       34
  AVERAGE         53                        45      8       51

PRECIPITATION (IN)
  YESTERDAY        0.00          1.09 2011   0.11  -0.11     0.04
  MONTH TO DATE    2.21                      1.88   0.33     2.56
  SINCE MAR 1      3.61                      4.87  -1.26     4.55
  SINCE JAN 1      8.92                      9.63  -0.71     8.49

SNOWFALL (IN)
  YESTERDAY        0.0          11.7  2007   0.1   -0.1      0.0
  MONTH TO DATE    9.3                       3.0    6.3      2.3
  SINCE MAR 1     10.3                      18.1   -7.8     17.1
  SINCE JUL 1     32.0                      82.0  -50.0     92.9
  SNOW DEPTH       0

DEGREE DAYS
 HEATING
  YESTERDAY       12                        20     -8       14
  MONTH TO DATE  463                       366     97      342
  SINCE MAR 1   1234                      1363   -129     1512
  SINCE JUL 1   5592                      6562   -970     7044

 COOLING
  YESTERDAY        0                         0      0        0
  MONTH TO DATE    0                         0      0        0
  SINCE MAR 1      0                         0      0        0
  SINCE JAN 1      0                         0      0        0
..................................................................


WIND (MPH)
  HIGHEST WIND SPEED    16   HIGHEST WIND DIRECTION     N (10)
  HIGHEST GUST SPEED    19   HIGHEST GUST DIRECTION     N (10)
  AVERAGE WIND SPEED     5.8


SKY COVER
  AVERAGE SKY COVER 0.0


WEATHER CONDITIONS
 THE FOLLOWING WEATHER WAS RECORDED YESTERDAY.
  NO SIGNIFICANT WEATHER WAS OBSERVED.


RELATIVE HUMIDITY (PERCENT)
 HIGHEST    48           400 AM
 LOWEST     14           600 PM
 AVERAGE    31

..........................................................


THE BINGHAMTON NY CLIMATE NORMALS FOR TODAY
                         NORMAL    RECORD    YEAR
 MAXIMUM TEMPERATURE (F)   55        86      2002
 MINIMUM TEMPERATURE (F)   37        22      1980


SUNRISE AND SUNSET
APRIL 17 2016.........SUNRISE   619 AM EDT   SUNSET   748 PM EDT
APRIL 18 2016.........SUNRISE   618 AM EDT   SUNSET   749 PM EDT


-  INDICATES NEGATIVE NUMBERS.
R  INDICATES RECORD WAS SET OR TIED.
MM INDICATES DATA IS MISSING.
T  INDICATES TRACE AMOUNT.




$$
