000
CDUS41 KBGM 220552
CLIBGM


CLIMATE REPORT
NATIONAL WEATHER SERVICE BINGHAMTON NY
152 AM EDT SUN MAR 22 2015


...................................

...THE BINGHAMTON NY CLIMATE SUMMARY FOR MARCH 21 2015...

CLIMATE NORMAL PERIOD 1981 TO 2010
CLIMATE RECORD PERIOD 1951 TO 2015


WEATHER ITEM   OBSERVED TIME   RECORD YEAR NORMAL DEPARTURE LAST
                VALUE   (LST)  VALUE       VALUE  FROM      YEAR
                                                  NORMAL
..................................................................
TEMPERATURE (F)
 YESTERDAY
  MAXIMUM         38    442 PM  74    2012  43     -5       37
  MINIMUM         25    455 AM   3    1988  26     -1       27
  AVERAGE         32                        34     -2       32

PRECIPITATION (IN)
  YESTERDAY        0.10          1.27 1998   0.10   0.00     0.00
  MONTH TO DATE    1.32                      1.93  -0.61     1.08
  SINCE MAR 1      1.32                      1.93  -0.61     1.08
  SINCE JAN 1      5.26                      6.69  -1.43     6.77

SNOWFALL (IN)
  YESTERDAY        0.6           5.1  1998   0.4    0.2      0.0
  MONTH TO DATE   12.0                      11.6    0.4      1.1
  SINCE MAR 1     12.0                      11.6    0.4      1.1
  SINCE JUL 1     87.8                      75.5   12.3     83.6
  SNOW DEPTH       7

DEGREE DAYS
 HEATING
  YESTERDAY       33                        31      2       33
  MONTH TO DATE  785                       714     71      845
  SINCE MAR 1    785                       714     71      845
  SINCE JUL 1   6317                      5913    404     6316

 COOLING
  YESTERDAY        0                         0      0        0
  MONTH TO DATE    0                         0      0        0
  SINCE MAR 1      0                         0      0        0
  SINCE JAN 1      0                         0      0        0
..................................................................


WIND (MPH)
  HIGHEST WIND SPEED    22   HIGHEST WIND DIRECTION     N (340)
  HIGHEST GUST SPEED    29   HIGHEST GUST DIRECTION     N (340)
  AVERAGE WIND SPEED     8.5


SKY COVER
  AVERAGE SKY COVER 0.9


WEATHER CONDITIONS
 THE FOLLOWING WEATHER WAS RECORDED YESTERDAY.
  LIGHT RAIN
  SNOW
  LIGHT SNOW
  FOG


RELATIVE HUMIDITY (PERCENT)
 HIGHEST   100           500 AM
 LOWEST     69           900 PM
 AVERAGE    85

..........................................................


THE BINGHAMTON NY CLIMATE NORMALS FOR TODAY
                         NORMAL    RECORD    YEAR
 MAXIMUM TEMPERATURE (F)   43        76      2012
 MINIMUM TEMPERATURE (F)   27         7      1988


SUNRISE AND SUNSET
MARCH 22 2015.........SUNRISE   704 AM EDT   SUNSET   718 PM EDT
MARCH 23 2015.........SUNRISE   702 AM EDT   SUNSET   719 PM EDT


-  INDICATES NEGATIVE NUMBERS.
R  INDICATES RECORD WAS SET OR TIED.
MM INDICATES DATA IS MISSING.
T  INDICATES TRACE AMOUNT.




$$
