000
CDUS41 KBGM 140535
CLIBGM


CLIMATE REPORT
NATIONAL WEATHER SERVICE BINGHAMTON NY
134 AM EDT THU AUG 14 2014


...................................

...THE BINGHAMTON NY CLIMATE SUMMARY FOR AUGUST 13 2014...

CLIMATE NORMAL PERIOD 1981 TO 2010
CLIMATE RECORD PERIOD 1951 TO 2014


WEATHER ITEM   OBSERVED TIME   RECORD YEAR NORMAL DEPARTURE LAST
                VALUE   (LST)  VALUE       VALUE  FROM      YEAR
                                                  NORMAL
..................................................................
TEMPERATURE (F)
 YESTERDAY
  MAXIMUM         74    248 PM  91    1988  77     -3       75
  MINIMUM         57   1159 PM  48    2006  59     -2       53
                                      1957
  AVERAGE         66                        68     -2       64

PRECIPITATION (IN)
  YESTERDAY        1.19          1.78 1955   0.11   1.08     0.57
  MONTH TO DATE    2.96                      1.45   1.51     3.83
  SINCE JUN 1     11.17                      9.46   1.71    15.59
  SINCE JAN 1     26.53                     24.21   2.32    28.75

SNOWFALL (IN)
  YESTERDAY        0.0           0.0  2002   0.0    0.0      0.0
                                      2001
                                      2000
  MONTH TO DATE    0.0                       0.0    0.0      0.0
  SINCE JUN 1      T                         0.0    0.0      0.0
  SINCE JUL 1      T                         0.0    0.0      0.0
  SNOW DEPTH       0

DEGREE DAYS
 HEATING
  YESTERDAY        0                         1     -1        1
  MONTH TO DATE    3                        13    -10       16
  SINCE JUN 1     73                       128    -55      117
  SINCE JUL 1     28                        37     -9       30

 COOLING
  YESTERDAY        1                         4     -3        0
  MONTH TO DATE   41                        52    -11       19
  SINCE JUN 1    249                       264    -15      322
  SINCE JAN 1    274                       287    -13      365
..................................................................


WIND (MPH)
  HIGHEST WIND SPEED    18   HIGHEST WIND DIRECTION    SE (140)
  HIGHEST GUST SPEED    28   HIGHEST GUST DIRECTION    NW (310)
  AVERAGE WIND SPEED     8.1


SKY COVER
  AVERAGE SKY COVER 0.7


WEATHER CONDITIONS
 THE FOLLOWING WEATHER WAS RECORDED YESTERDAY.
  THUNDERSTORM
  HEAVY RAIN
  RAIN
  LIGHT RAIN
  FOG


RELATIVE HUMIDITY (PERCENT)
 HIGHEST   100           200 AM
 LOWEST     61           300 PM
 AVERAGE    81

..........................................................


THE BINGHAMTON NY CLIMATE NORMALS FOR TODAY
                         NORMAL    RECORD    YEAR
 MAXIMUM TEMPERATURE (F)   77        95      2002
 MINIMUM TEMPERATURE (F)   59        46      1964


SUNRISE AND SUNSET
AUGUST 14 2014........SUNRISE   610 AM EDT   SUNSET   806 PM EDT
AUGUST 15 2014........SUNRISE   611 AM EDT   SUNSET   805 PM EDT


-  INDICATES NEGATIVE NUMBERS.
R  INDICATES RECORD WAS SET OR TIED.
MM INDICATES DATA IS MISSING.
T  INDICATES TRACE AMOUNT.




$$
