000
CDUS41 KBGM 130610
CLIBGM


CLIMATE REPORT
NATIONAL WEATHER SERVICE BINGHAMTON NY
209 AM EDT SAT SEP 13 2014


...................................

...THE BINGHAMTON NY CLIMATE SUMMARY FOR SEPTEMBER 12 2014...

CLIMATE NORMAL PERIOD 1981 TO 2010
CLIMATE RECORD PERIOD 1951 TO 2014


WEATHER ITEM   OBSERVED TIME   RECORD YEAR NORMAL DEPARTURE LAST
                VALUE   (LST)  VALUE       VALUE  FROM      YEAR
                                                  NORMAL
..................................................................
TEMPERATURE (F)
 YESTERDAY
  MAXIMUM         55   1214 AM  85    1952  70    -15       77
  MINIMUM         45   1159 PM  37    1985  52     -7       60
  AVERAGE         50                        61    -11       69

PRECIPITATION (IN)
  YESTERDAY        0.01          2.32 1960   0.11  -0.10     0.25
  MONTH TO DATE    0.83                      1.39  -0.56     1.92
  SINCE SEP 1      0.83                      1.39  -0.56     1.92
  SINCE JAN 1     29.86                     27.60   2.26    32.21

SNOWFALL (IN)
  YESTERDAY        0.0           0.0  2002   0.0    0.0      0.0
                                      2001
                                      2000
  MONTH TO DATE    0.0                       0.0    0.0      0.0
  SINCE SEP 1      0.0                       0.0    0.0      0.0
  SINCE JUL 1      T                         0.0    0.0      0.0
  SNOW DEPTH       0

DEGREE DAYS
 HEATING
  YESTERDAY       15                         5     10        0
  MONTH TO DATE   28                        46    -18       47
  SINCE SEP 1     28                        46    -18       47
  SINCE JUL 1     94                       109    -15       98

 COOLING
  YESTERDAY        0                         1     -1        4
  MONTH TO DATE   38                        19     19       41
  SINCE SEP 1     38                        19     19       41
  SINCE JAN 1    340                       367    -27      468
..................................................................


WIND (MPH)
  HIGHEST WIND SPEED    15   HIGHEST WIND DIRECTION     N (360)
  HIGHEST GUST SPEED    20   HIGHEST GUST DIRECTION     N (20)
  AVERAGE WIND SPEED     8.1


SKY COVER
  AVERAGE SKY COVER 0.9


WEATHER CONDITIONS
 THE FOLLOWING WEATHER WAS RECORDED YESTERDAY.
  LIGHT RAIN
  FOG


RELATIVE HUMIDITY (PERCENT)
 HIGHEST    96           200 AM
 LOWEST     71          1100 AM
 AVERAGE    84

..........................................................


THE BINGHAMTON NY CLIMATE NORMALS FOR TODAY
                         NORMAL    RECORD    YEAR
 MAXIMUM TEMPERATURE (F)   70        87      1952
 MINIMUM TEMPERATURE (F)   52        37      1985
                                             1964


SUNRISE AND SUNSET
SEPTEMBER 13 2014.....SUNRISE   642 AM EDT   SUNSET   717 PM EDT
SEPTEMBER 14 2014.....SUNRISE   643 AM EDT   SUNSET   715 PM EDT


-  INDICATES NEGATIVE NUMBERS.
R  INDICATES RECORD WAS SET OR TIED.
MM INDICATES DATA IS MISSING.
T  INDICATES TRACE AMOUNT.




$$
