000
CDUS41 KBGM 180746
CLIBGM


CLIMATE REPORT
NATIONAL WEATHER SERVICE BINGHAMTON NY
345 AM EDT WED MAY 18 2016


...................................

...THE BINGHAMTON NY CLIMATE SUMMARY FOR MAY 17 2016...

CLIMATE NORMAL PERIOD 1981 TO 2010
CLIMATE RECORD PERIOD 1951 TO 2016


WEATHER ITEM   OBSERVED TIME   RECORD YEAR NORMAL DEPARTURE LAST
                VALUE   (LST)  VALUE       VALUE  FROM      YEAR
                                                  NORMAL
..................................................................
TEMPERATURE (F)
 YESTERDAY
  MAXIMUM         55    257 PM  86    1962  66    -11       79
  MINIMUM         44   1142 PM  25    1956  46     -2       61
  AVERAGE         50                        56     -6       70

PRECIPITATION (IN)
  YESTERDAY        T             0.89 1970   0.11  -0.11     0.00
  MONTH TO DATE    2.47                      1.85   0.62     1.01
  SINCE MAR 1      6.70                      8.27  -1.57     7.21
  SINCE JAN 1     12.01                     13.03  -1.02    11.15

SNOWFALL (IN)
  YESTERDAY        0.0           1.0  1973   0.0    0.0      0.0
  MONTH TO DATE    T                         0.1   -0.1      0.0
  SINCE MAR 1     10.3                      19.5   -9.2     17.6
  SINCE JUL 1     32.0                      83.4  -51.4     93.4
  SNOW DEPTH       0

DEGREE DAYS
 HEATING
  YESTERDAY       15                         9      6        0
  MONTH TO DATE  264                       200     64       76
  SINCE MAR 1   1714                      1800    -86     1849
  SINCE JUL 1   6072                      6999   -927     7381

 COOLING
  YESTERDAY        0                         1     -1        5
  MONTH TO DATE    0                         5     -5       36
  SINCE MAR 1      0                         9     -9       36
  SINCE JAN 1      0                         9     -9       36
..................................................................


WIND (MPH)
  HIGHEST WIND SPEED    15   HIGHEST WIND DIRECTION     W (270)
  HIGHEST GUST SPEED    22   HIGHEST GUST DIRECTION     W (290)
  AVERAGE WIND SPEED     6.9


SKY COVER
  AVERAGE SKY COVER 0.7


WEATHER CONDITIONS
 THE FOLLOWING WEATHER WAS RECORDED YESTERDAY.
  LIGHT RAIN


RELATIVE HUMIDITY (PERCENT)
 HIGHEST    71           500 PM
 LOWEST     46          1200 AM
 AVERAGE    59

..........................................................


THE BINGHAMTON NY CLIMATE NORMALS FOR TODAY
                         NORMAL    RECORD    YEAR
 MAXIMUM TEMPERATURE (F)   66        87      1962
 MINIMUM TEMPERATURE (F)   47        32      2002
                                             1973


SUNRISE AND SUNSET
MAY 18 2016...........SUNRISE   540 AM EDT   SUNSET   822 PM EDT
MAY 19 2016...........SUNRISE   539 AM EDT   SUNSET   823 PM EDT


-  INDICATES NEGATIVE NUMBERS.
R  INDICATES RECORD WAS SET OR TIED.
MM INDICATES DATA IS MISSING.
T  INDICATES TRACE AMOUNT.




$$
