000
CDUS41 KBGM 180612
CLIBGM


CLIMATE REPORT
NATIONAL WEATHER SERVICE BINGHAMTON NY
212 AM EDT THU AUG 18 2016


...................................

...THE BINGHAMTON NY CLIMATE SUMMARY FOR AUGUST 17 2016...

CLIMATE NORMAL PERIOD 1981 TO 2010
CLIMATE RECORD PERIOD 1951 TO 2016


WEATHER ITEM   OBSERVED TIME   RECORD YEAR NORMAL DEPARTURE LAST
                VALUE   (LST)  VALUE       VALUE  FROM      YEAR
                                                  NORMAL
..................................................................
TEMPERATURE (F)
 YESTERDAY
  MAXIMUM         77    252 PM  92    1987  77      0       85
  MINIMUM         62    604 AM  42    1971  59      3       65
  AVERAGE         70                        68      2       75

PRECIPITATION (IN)
  YESTERDAY        0.00          0.82 1994   0.12  -0.12     0.00
  MONTH TO DATE    3.68                      1.90   1.78     2.08
  SINCE JUN 1      9.61                      9.91  -0.30    16.97
  SINCE JAN 1     22.00                     24.66  -2.66    30.52

SNOWFALL (IN)
  YESTERDAY        0.0           0.0  2002   0.0    0.0      0.0
                                      2001
                                      2000
  MONTH TO DATE    0.0                       0.0    0.0      0.0
  SINCE JUN 1      0.0                       0.0    0.0       T
  SINCE JUL 1      0.0                       0.0    0.0       T
  SNOW DEPTH       0

DEGREE DAYS
 HEATING
  YESTERDAY        0                         1     -1        0
  MONTH TO DATE    0                        17    -17        9
  SINCE JUN 1     72                       132    -60      110
  SINCE JUL 1      3                        41    -38       33

 COOLING
  YESTERDAY        5                         4      1       10
  MONTH TO DATE  123                        68     55       53
  SINCE JUN 1    403                       280    123      222
  SINCE JAN 1    449                       303    146      295
..................................................................


WIND (MPH)
  HIGHEST WIND SPEED    20   HIGHEST WIND DIRECTION    NW (310)
  HIGHEST GUST SPEED    26   HIGHEST GUST DIRECTION    NW (300)
  AVERAGE WIND SPEED     6.5


SKY COVER
  AVERAGE SKY COVER 0.4


WEATHER CONDITIONS
 THE FOLLOWING WEATHER WAS RECORDED YESTERDAY.
  NO SIGNIFICANT WEATHER WAS OBSERVED.


RELATIVE HUMIDITY (PERCENT)
 HIGHEST    97           100 AM
 LOWEST     60           300 PM
 AVERAGE    79

..........................................................


THE BINGHAMTON NY CLIMATE NORMALS FOR TODAY
                         NORMAL    RECORD    YEAR
 MAXIMUM TEMPERATURE (F)   77        90      2002
 MINIMUM TEMPERATURE (F)   58        46      2000
                                             1981


SUNRISE AND SUNSET
AUGUST 18 2016........SUNRISE   615 AM EDT   SUNSET   759 PM EDT
AUGUST 19 2016........SUNRISE   616 AM EDT   SUNSET   758 PM EDT


-  INDICATES NEGATIVE NUMBERS.
R  INDICATES RECORD WAS SET OR TIED.
MM INDICATES DATA IS MISSING.
T  INDICATES TRACE AMOUNT.




$$
