000
CDUS41 KBGM 070522
CLIBGM


CLIMATE REPORT
NATIONAL WEATHER SERVICE BINGHAMTON NY
122 AM EDT FRI JUL 7 2017


...................................

...THE BINGHAMTON NY CLIMATE SUMMARY FOR JULY 6 2017...

CLIMATE NORMAL PERIOD 1981 TO 2010
CLIMATE RECORD PERIOD 1951 TO 2017


WEATHER ITEM   OBSERVED TIME   RECORD YEAR NORMAL DEPARTURE LAST
                VALUE   (LST)  VALUE       VALUE  FROM      YEAR
                                                  NORMAL
..................................................................
TEMPERATURE (F)
 YESTERDAY
  MAXIMUM         75    207 PM  92    1988  77     -2       86
  MINIMUM         63    552 AM  43    1979  59      4       64
  AVERAGE         69                        68      1       75

PRECIPITATION (IN)
  YESTERDAY        0.00          1.04 1958   0.12  -0.12     0.00
  MONTH TO DATE    1.09                      0.73   0.36     0.10
  SINCE JUN 1      6.83                      5.04   1.79     3.14
  SINCE JAN 1     31.28                     19.79  11.49    15.53

SNOWFALL (IN)
  YESTERDAY        0.0           0.0  2002   0.0    0.0      0.0
                                      2000
                                      2001
  MONTH TO DATE    0.0                       0.0    0.0      0.0
  SINCE JUN 1      T                         0.0    0.0      0.0
  SINCE JUL 1      0.0                       0.0    0.0      0.0
  SNOW DEPTH       0

DEGREE DAYS
 HEATING
  YESTERDAY        0                         1     -1        0
  MONTH TO DATE    0                         6     -6        2
  SINCE JUN 1     95                        97     -2       71
  SINCE JUL 1      0                         6     -6        2

 COOLING
  YESTERDAY        4                         4      0       10
  MONTH TO DATE   19                        24     -5       22
  SINCE JUN 1     92                        98     -6       85
  SINCE JAN 1    113                       121     -8      131
..................................................................


WIND (MPH)
  HIGHEST WIND SPEED    15   HIGHEST WIND DIRECTION    SW (210)
  HIGHEST GUST SPEED    20   HIGHEST GUST DIRECTION     S (190)
  AVERAGE WIND SPEED     8.4


SKY COVER
  AVERAGE SKY COVER 0.8


WEATHER CONDITIONS
 THE FOLLOWING WEATHER WAS RECORDED YESTERDAY.
  NO SIGNIFICANT WEATHER WAS OBSERVED.


RELATIVE HUMIDITY (PERCENT)
 HIGHEST    87          1100 PM
 LOWEST     64           200 PM
 AVERAGE    76

..........................................................


THE BINGHAMTON NY CLIMATE NORMALS FOR TODAY
                         NORMAL    RECORD    YEAR
 MAXIMUM TEMPERATURE (F)   78        91      1988
 MINIMUM TEMPERATURE (F)   59        47      1990


SUNRISE AND SUNSET
JULY  7 2017..........SUNRISE   535 AM EDT   SUNSET   842 PM EDT
JULY  8 2017..........SUNRISE   536 AM EDT   SUNSET   842 PM EDT


-  INDICATES NEGATIVE NUMBERS.
R  INDICATES RECORD WAS SET OR TIED.
MM INDICATES DATA IS MISSING.
T  INDICATES TRACE AMOUNT.




$$
