000
CDUS41 KBGM 190513
CLIBGM


CLIMATE REPORT
NATIONAL WEATHER SERVICE BINGHAMTON NY
112 AM EDT SAT APR 19 2014


...................................

...THE BINGHAMTON NY CLIMATE SUMMARY FOR APRIL 18 2014...

CLIMATE NORMAL PERIOD 1981 TO 2010
CLIMATE RECORD PERIOD 1951 TO 2014


WEATHER ITEM   OBSERVED TIME   RECORD YEAR NORMAL DEPARTURE LAST
                VALUE   (LST)  VALUE       VALUE  FROM      YEAR
                                                  NORMAL
..................................................................
TEMPERATURE (F)
 YESTERDAY
  MAXIMUM         53        MM  85    1976  55     -2       59
  MINIMUM         30        MM  25    2001  37     -7       42
  AVERAGE         42                        46     -4       51

PRECIPITATION (IN)
  YESTERDAY        0.00          0.62 1965   0.11  -0.11     0.00
  MONTH TO DATE    1.67                      2.11  -0.44     2.43
  SINCE MAR 1      4.35                      5.10  -0.75     4.33
  SINCE JAN 1     10.04                      9.86   0.18     8.88

SNOWFALL (IN)
  YESTERDAY        0.0           7.1  1965   0.1   -0.1      0.0
  MONTH TO DATE    1.0                       3.3   -2.3      0.9
  SINCE MAR 1      2.9                      18.4  -15.5     15.3
  SINCE JUL 1     85.4                      82.3    3.1     69.1
  SNOW DEPTH       0

DEGREE DAYS
 HEATING
  YESTERDAY       23                        19      4       14
  MONTH TO DATE  377                       404    -27      409
  SINCE MAR 1   1577                      1401    176     1480
  SINCE JUL 1   7048                      6600    448     6364

 COOLING
  YESTERDAY        0                         0      0        0
  MONTH TO DATE    2                         0      2        0
  SINCE MAR 1      2                         0      2        0
  SINCE JAN 1      2                         0      2        0
..................................................................


WIND (MPH)
  HIGHEST WIND SPEED    12   HIGHEST WIND DIRECTION     S (170)
  HIGHEST GUST SPEED    18   HIGHEST GUST DIRECTION     S (170)
  AVERAGE WIND SPEED     8.2


SKY COVER
  AVERAGE SKY COVER 0.1


WEATHER CONDITIONS
 THE FOLLOWING WEATHER WAS RECORDED YESTERDAY.
  NO SIGNIFICANT WEATHER WAS OBSERVED.


RELATIVE HUMIDITY (PERCENT)
 HIGHEST    85           600 AM
 LOWEST     44           300 PM
 AVERAGE    65

..........................................................


THE BINGHAMTON NY CLIMATE NORMALS FOR TODAY
                         NORMAL    RECORD    YEAR
 MAXIMUM TEMPERATURE (F)   56        85      1976
 MINIMUM TEMPERATURE (F)   37        22      2001


SUNRISE AND SUNSET
APRIL 19 2014.........SUNRISE   617 AM EDT   SUNSET   750 PM EDT
APRIL 20 2014.........SUNRISE   615 AM EDT   SUNSET   751 PM EDT


-  INDICATES NEGATIVE NUMBERS.
R  INDICATES RECORD WAS SET OR TIED.
MM INDICATES DATA IS MISSING.
T  INDICATES TRACE AMOUNT.




$$
