000
CDUS41 KBGM 170216
CLIBGM


CLIMATE REPORT
NATIONAL WEATHER SERVICE BINGHAMTON NY
1015 PM EDT SAT JUL 16 2016


...................................

...THE BINGHAMTON NY CLIMATE SUMMARY FOR JULY 16 2016...
VALID AS OF 1000 PM LOCAL TIME.

CLIMATE NORMAL PERIOD 1981 TO 2010
CLIMATE RECORD PERIOD 1951 TO 2016


WEATHER ITEM   OBSERVED TIME   RECORD YEAR NORMAL DEPARTURE LAST
                VALUE   (LST)  VALUE       VALUE  FROM      YEAR
                                                  NORMAL
..................................................................
TEMPERATURE (F)
 TODAY
  MAXIMUM         79    346 PM  98    1988  78      1       74
  MINIMUM         62    556 AM  49    2015  60      2       49
  AVERAGE         71                        69      2       62

PRECIPITATION (IN)
  TODAY            0.00          0.50 1988   0.11  -0.11     0.00
  MONTH TO DATE    0.46                      1.93  -1.47     2.16
  SINCE JUN 1      3.50                      6.24  -2.74    11.90
  SINCE JAN 1     15.89                     20.99  -5.10    25.45

SNOWFALL (IN)
  TODAY            0.0           0.0  2002   0.0    0.0      0.0
                                      2000
                                      2001
  MONTH TO DATE    0.0                       0.0    0.0      0.0
  SINCE JUN 1      0.0                       0.0    0.0      0.0
  SINCE JUL 1      0.0                       0.0    0.0      0.0
  SNOW DEPTH       0

DEGREE DAYS
 HEATING
  TODAY            0                         1     -1        3
  MONTH TO DATE    3                        16    -13       18
  SINCE JUN 1     72                       107    -35       95
  SINCE JUL 1      3                        16    -13       18

 COOLING
  TODAY            6                         5      1        0
  MONTH TO DATE  100                        71     29       33
  SINCE JUN 1    163                       145     18       83
  SINCE JAN 1    209                       168     41      156
..................................................................


WIND (MPH)
  HIGHEST WIND SPEED    12   HIGHEST WIND DIRECTION    NE (30)
  HIGHEST GUST SPEED    16   HIGHEST GUST DIRECTION    NE (30)
  AVERAGE WIND SPEED     4.3


SKY COVER
  AVERAGE SKY COVER 0.4


WEATHER CONDITIONS
 THE FOLLOWING WEATHER WAS RECORDED TODAY.
  NO SIGNIFICANT WEATHER WAS OBSERVED.


RELATIVE HUMIDITY (PERCENT)
 HIGHEST    84           200 AM
 LOWEST     48           200 PM
 AVERAGE    66

..........................................................


THE BINGHAMTON NY CLIMATE NORMALS FOR TOMORROW
                         NORMAL    RECORD    YEAR
 MAXIMUM TEMPERATURE (F)   78        91      2012
                                             1991
                                             1953
 MINIMUM TEMPERATURE (F)   60        50      1987


SUNRISE AND SUNSET
JULY 16 2016..........SUNRISE   542 AM EDT   SUNSET   837 PM EDT
JULY 17 2016..........SUNRISE   543 AM EDT   SUNSET   837 PM EDT


-  INDICATES NEGATIVE NUMBERS.
R  INDICATES RECORD WAS SET OR TIED.
MM INDICATES DATA IS MISSING.
T  INDICATES TRACE AMOUNT.

$$
