000
CDUS41 KBGM 190538
CLIBGM


CLIMATE REPORT
NATIONAL WEATHER SERVICE BINGHAMTON NY
1238 AM EST MON JAN 19 2015


...................................

...THE BINGHAMTON NY CLIMATE SUMMARY FOR JANUARY 18 2015...

CLIMATE NORMAL PERIOD 1981 TO 2010
CLIMATE RECORD PERIOD 1951 TO 2015


WEATHER ITEM   OBSERVED TIME   RECORD YEAR NORMAL DEPARTURE LAST
                VALUE   (LST)  VALUE       VALUE  FROM      YEAR
                                                  NORMAL
..................................................................
TEMPERATURE (F)
 YESTERDAY
  MAXIMUM         38    103 PM  54    1973  28     10       28
  MINIMUM         21   1218 AM -11    1982  15      6       16
                                      1976
  AVERAGE         30                        22      8       22

PRECIPITATION (IN)
  YESTERDAY        0.01          1.36 2006   0.08  -0.07     0.12
  MONTH TO DATE    1.52                      1.43   0.09     2.81
  SINCE DEC 1      4.82                      4.26   0.56     6.25
  SINCE JAN 1      1.52                      1.43   0.09     2.81

SNOWFALL (IN)
  YESTERDAY        0.0           3.8  2009   0.7   -0.7      2.7
  MONTH TO DATE   10.1                      13.1   -3.0     20.0
  SINCE DEC 1     23.2                      30.9   -7.7     45.0
  SINCE JUL 1     36.9                      37.7   -0.8     53.2
  SNOW DEPTH       3

DEGREE DAYS
 HEATING
  YESTERDAY       35                        43     -8       43
  MONTH TO DATE  847                       768     79      767
  SINCE DEC 1   1916                      1938    -22     1915
  SINCE JUL 1   3451                      3513    -62     3506

 COOLING
  YESTERDAY        0                         0      0        0
  MONTH TO DATE    0                         0      0        0
  SINCE DEC 1      0                         0      0        0
  SINCE JAN 1      0                         0      0        0
..................................................................


WIND (MPH)
  HIGHEST WIND SPEED    16   HIGHEST WIND DIRECTION    SE (150)
  HIGHEST GUST SPEED    22   HIGHEST GUST DIRECTION    SE (140)
  AVERAGE WIND SPEED     8.3


SKY COVER
  AVERAGE SKY COVER 0.4


WEATHER CONDITIONS
 THE FOLLOWING WEATHER WAS RECORDED YESTERDAY.
  LIGHT RAIN
  FOG


RELATIVE HUMIDITY (PERCENT)
 HIGHEST   100           700 PM
 LOWEST     68          1200 AM
 AVERAGE    84

..........................................................


THE BINGHAMTON NY CLIMATE NORMALS FOR TODAY
                         NORMAL    RECORD    YEAR
 MAXIMUM TEMPERATURE (F)   28        55      1996
 MINIMUM TEMPERATURE (F)   15       -15      1994


SUNRISE AND SUNSET
JANUARY 19 2015.......SUNRISE   728 AM EST   SUNSET   502 PM EST
JANUARY 20 2015.......SUNRISE   727 AM EST   SUNSET   503 PM EST


-  INDICATES NEGATIVE NUMBERS.
R  INDICATES RECORD WAS SET OR TIED.
MM INDICATES DATA IS MISSING.
T  INDICATES TRACE AMOUNT.




$$
