000
CDUS41 KBGM 150219
CLIBGM


CLIMATE REPORT
NATIONAL WEATHER SERVICE BINGHAMTON NY
1019 PM EDT FRI APR 14 2017


...................................

...THE BINGHAMTON NY CLIMATE SUMMARY FOR APRIL 14 2017...
VALID AS OF 1000 PM LOCAL TIME.

CLIMATE NORMAL PERIOD 1981 TO 2010
CLIMATE RECORD PERIOD 1951 TO 2017


WEATHER ITEM   OBSERVED TIME   RECORD YEAR NORMAL DEPARTURE LAST
                VALUE   (LST)  VALUE       VALUE  FROM      YEAR
                                                  NORMAL
..................................................................
TEMPERATURE (F)
 TODAY
  MAXIMUM         60    356 PM  79    1968  54      6       55
  MINIMUM         33    505 AM  22    1957  35     -2       29
  AVERAGE         47                        44      3       42

PRECIPITATION (IN)
  TODAY            0.00          0.61 2002   0.12  -0.12     0.00
  MONTH TO DATE    2.48                      1.65   0.83     2.21
  SINCE MAR 1      8.08                      4.64   3.44     3.61
  SINCE JAN 1     14.35                      9.40   4.95     8.92

SNOWFALL (IN)
  TODAY            0.0           1.4  1962   0.2   -0.2      0.0
  MONTH TO DATE    2.1                       2.8   -0.7      9.3
  SINCE MAR 1     41.7                      17.9   23.8     10.3
  SINCE JUL 1    135.2                      81.8   53.4     32.0
  SNOW DEPTH       0

DEGREE DAYS
 HEATING
  TODAY           18                        21     -3       23
  MONTH TO DATE  260                       326    -66      433
  SINCE MAR 1   1372                      1323     49     1204
  SINCE JUL 1   5985                      6522   -537     5562

 COOLING
  TODAY            0                         0      0        0
  MONTH TO DATE    1                         0      1        0
  SINCE MAR 1      1                         0      1        0
  SINCE JAN 1      1                         0      1        0
..................................................................


WIND (MPH)
  HIGHEST WIND SPEED    13   HIGHEST WIND DIRECTION     E (70)
  HIGHEST GUST SPEED    16   HIGHEST GUST DIRECTION     E (80)
  AVERAGE WIND SPEED     4.1


SKY COVER
  AVERAGE SKY COVER 0.3


WEATHER CONDITIONS
 THE FOLLOWING WEATHER WAS RECORDED TODAY.
  NO SIGNIFICANT WEATHER WAS OBSERVED.


RELATIVE HUMIDITY (PERCENT)
 HIGHEST    69           500 AM
 LOWEST     17           600 PM
 AVERAGE    43

..........................................................


THE BINGHAMTON NY CLIMATE NORMALS FOR TOMORROW
                         NORMAL    RECORD    YEAR
 MAXIMUM TEMPERATURE (F)   54        83      1994
 MINIMUM TEMPERATURE (F)   36        21      1957


SUNRISE AND SUNSET
APRIL 14 2017.........SUNRISE   624 AM EDT   SUNSET   745 PM EDT
APRIL 15 2017.........SUNRISE   623 AM EDT   SUNSET   746 PM EDT


-  INDICATES NEGATIVE NUMBERS.
R  INDICATES RECORD WAS SET OR TIED.
MM INDICATES DATA IS MISSING.
T  INDICATES TRACE AMOUNT.




$$
