000
CDUS41 KBGM 110552
CLIBGM


CLIMATE REPORT
NATIONAL WEATHER SERVICE BINGHAMTON NY
151 AM EDT SUN SEP 11 2016


...................................

...THE BINGHAMTON NY CLIMATE SUMMARY FOR SEPTEMBER 10 2016...

CLIMATE NORMAL PERIOD 1981 TO 2010
CLIMATE RECORD PERIOD 1951 TO 2016


WEATHER ITEM   OBSERVED TIME   RECORD YEAR NORMAL DEPARTURE LAST
                VALUE   (LST)  VALUE       VALUE  FROM      YEAR
                                                  NORMAL
..................................................................
TEMPERATURE (F)
 YESTERDAY
  MAXIMUM         83    413 PM  92    1964  71     12       65
  MINIMUM         64    503 AM  36    1956  53     11       60
  AVERAGE         74                        62     12       63

PRECIPITATION (IN)
  YESTERDAY        0.03          1.34 1968   0.12  -0.09     0.11
  MONTH TO DATE    0.13                      1.16  -1.03     0.12
  SINCE SEP 1      0.13                      1.16  -1.03     0.12
  SINCE JAN 1     23.68                     27.37  -3.69    31.64

SNOWFALL (IN)
  YESTERDAY        0.0           T    1993   0.0    0.0      0.0
  MONTH TO DATE    0.0                       0.0    0.0      0.0
  SINCE SEP 1      0.0                       0.0    0.0      0.0
  SINCE JUL 1      0.0                       0.0    0.0       T
  SNOW DEPTH       0

DEGREE DAYS
 HEATING
  YESTERDAY        0                         5     -5        2
  MONTH TO DATE    8                        36    -28        2
  SINCE SEP 1      8                        36    -28        2
  SINCE JUL 1     17                        99    -82       51

 COOLING
  YESTERDAY        9                         1      8        0
  MONTH TO DATE   36                        17     19       84
  SINCE SEP 1     36                        17     19       84
  SINCE JAN 1    547                       365    182      426
..................................................................


WIND (MPH)
  HIGHEST WIND SPEED    18   HIGHEST WIND DIRECTION    SW (230)
  HIGHEST GUST SPEED    25   HIGHEST GUST DIRECTION     W (250)
  AVERAGE WIND SPEED     8.6


SKY COVER
  AVERAGE SKY COVER 0.6


WEATHER CONDITIONS
 THE FOLLOWING WEATHER WAS RECORDED YESTERDAY.
  LIGHT RAIN
  FOG
  FOG W/VISIBILITY <= 1/4 MILE


RELATIVE HUMIDITY (PERCENT)
 HIGHEST   100          1200 AM
 LOWEST     58           300 PM
 AVERAGE    79

..........................................................


THE BINGHAMTON NY CLIMATE NORMALS FOR TODAY
                         NORMAL    RECORD    YEAR
 MAXIMUM TEMPERATURE (F)   70        88      2013
 MINIMUM TEMPERATURE (F)   53        38      1995


SUNRISE AND SUNSET
SEPTEMBER 11 2016.....SUNRISE   640 AM EDT   SUNSET   720 PM EDT
SEPTEMBER 12 2016.....SUNRISE   641 AM EDT   SUNSET   718 PM EDT


-  INDICATES NEGATIVE NUMBERS.
R  INDICATES RECORD WAS SET OR TIED.
MM INDICATES DATA IS MISSING.
T  INDICATES TRACE AMOUNT.




$$
