000
CDUS41 KBGM 110556
CLIBGM


CLIMATE REPORT
NATIONAL WEATHER SERVICE BINGHAMTON NY
155 AM EDT THU AUG 11 2016


...................................

...THE BINGHAMTON NY CLIMATE SUMMARY FOR AUGUST 10 2016...

CLIMATE NORMAL PERIOD 1981 TO 2010
CLIMATE RECORD PERIOD 1951 TO 2016


WEATHER ITEM   OBSERVED TIME   RECORD YEAR NORMAL DEPARTURE LAST
                VALUE   (LST)  VALUE       VALUE  FROM      YEAR
                                                  NORMAL
..................................................................
TEMPERATURE (F)
 YESTERDAY
  MAXIMUM         82    511 PM  89    2005  77      5       72
  MINIMUM         68    558 AM  46    1972  59      9       61
  AVERAGE         75                        68      7       67

PRECIPITATION (IN)
  YESTERDAY        1.36          1.43 2012   0.11   1.25     0.01
  MONTH TO DATE    2.08                      1.14   0.94     0.30
  SINCE JUN 1      8.01                      9.15  -1.14    15.19
  SINCE JAN 1     20.40                     23.90  -3.50    28.74

SNOWFALL (IN)
  YESTERDAY        0.0           T    2008   0.0    0.0      0.0
                                      1993
  MONTH TO DATE    0.0                       0.0    0.0      0.0
  SINCE JUN 1      0.0                       0.0    0.0       T
  SINCE JUL 1      0.0                       0.0    0.0       T
  SNOW DEPTH       0

DEGREE DAYS
 HEATING
  YESTERDAY        0                         1     -1        0
  MONTH TO DATE    0                        10    -10        5
  SINCE JUN 1     72                       125    -53      106
  SINCE JUL 1      3                        34    -31       29

 COOLING
  YESTERDAY       10                         4      6        2
  MONTH TO DATE   52                        40     12       21
  SINCE JUN 1    332                       252     80      190
  SINCE JAN 1    378                       275    103      263
..................................................................


WIND (MPH)
  HIGHEST WIND SPEED    13   HIGHEST WIND DIRECTION    SW (240)
  HIGHEST GUST SPEED    17   HIGHEST GUST DIRECTION    SW (240)
  AVERAGE WIND SPEED     6.9


SKY COVER
  AVERAGE SKY COVER 0.7


WEATHER CONDITIONS
 THE FOLLOWING WEATHER WAS RECORDED YESTERDAY.
  THUNDERSTORM
  HEAVY RAIN
  RAIN
  LIGHT RAIN
  FOG


RELATIVE HUMIDITY (PERCENT)
 HIGHEST   100           600 AM
 LOWEST     69           400 PM
 AVERAGE    85

..........................................................


THE BINGHAMTON NY CLIMATE NORMALS FOR TODAY
                         NORMAL    RECORD    YEAR
 MAXIMUM TEMPERATURE (F)   77        89      1988
 MINIMUM TEMPERATURE (F)   59        47      1972
                                             1968


SUNRISE AND SUNSET
AUGUST 11 2016........SUNRISE   608 AM EDT   SUNSET   810 PM EDT
AUGUST 12 2016........SUNRISE   609 AM EDT   SUNSET   808 PM EDT


-  INDICATES NEGATIVE NUMBERS.
R  INDICATES RECORD WAS SET OR TIED.
MM INDICATES DATA IS MISSING.
T  INDICATES TRACE AMOUNT.




$$
