000
CDUS41 KBGM 120542
CLIBGM


CLIMATE REPORT
NATIONAL WEATHER SERVICE BINGHAMTON NY
1241 AM EST MON FEB 12 2018


...................................

...THE BINGHAMTON NY CLIMATE SUMMARY FOR FEBRUARY 11 2018...

CLIMATE NORMAL PERIOD 1981 TO 2010
CLIMATE RECORD PERIOD 1951 TO 2018


WEATHER ITEM   OBSERVED TIME   RECORD YEAR NORMAL DEPARTURE LAST
                VALUE   (LST)  VALUE       VALUE  FROM      YEAR
                                                  NORMAL
..................................................................
TEMPERATURE (F)
 YESTERDAY
  MAXIMUM         45   1010 PM  54    2009  31     14       37
                                      1999
  MINIMUM         30    655 AM -14    1979  17     13       20
  AVERAGE         38                        24     14       29

PRECIPITATION (IN)
  YESTERDAY        0.11          0.95 1981   0.08   0.03      T
  MONTH TO DATE    1.46                      0.88   0.58     0.77
  SINCE DEC 1      5.67                      6.16  -0.49     8.15
  SINCE JAN 1      4.26                      3.33   0.93     4.56

SNOWFALL (IN)
  YESTERDAY        0.0           5.1  1955   0.6   -0.6       T
  MONTH TO DATE   13.5                       6.7    6.8      8.5
  SINCE DEC 1     39.7                      46.7   -7.0     50.3
  SINCE JUL 1     41.5                      53.5  -12.0     78.9
  SNOW DEPTH       7

DEGREE DAYS
 HEATING
  YESTERDAY       27                        41    -14       36
  MONTH TO DATE  461                       459      2      444
  SINCE DEC 1   3083                      2956    127     2777
  SINCE JUL 1   4481                      4531    -50     4126

 COOLING
  YESTERDAY        0                         0      0        0
  MONTH TO DATE    0                         0      0        0
  SINCE DEC 1      0                         0      0        0
  SINCE JAN 1      0                         0      0        0
..................................................................


WIND (MPH)
  HIGHEST WIND SPEED    21   HIGHEST WIND DIRECTION     N (350)
  HIGHEST GUST SPEED    24   HIGHEST GUST DIRECTION     N (350)
  AVERAGE WIND SPEED     8.1


SKY COVER
  AVERAGE SKY COVER 1.0


WEATHER CONDITIONS
 THE FOLLOWING WEATHER WAS RECORDED YESTERDAY.
  LIGHT RAIN
  LT FREEZING RAIN
  FOG
  FOG W/VISIBILITY <= 1/4 MILE


RELATIVE HUMIDITY (PERCENT)
 HIGHEST   100           100 AM
 LOWEST     92          1200 AM
 AVERAGE    96

..........................................................


THE BINGHAMTON NY CLIMATE NORMALS FOR TODAY
                         NORMAL    RECORD    YEAR
 MAXIMUM TEMPERATURE (F)   31        60      1999
 MINIMUM TEMPERATURE (F)   17       -12      1979


SUNRISE AND SUNSET
FEBRUARY 12 2018......SUNRISE   704 AM EST   SUNSET   533 PM EST
FEBRUARY 13 2018......SUNRISE   703 AM EST   SUNSET   534 PM EST


-  INDICATES NEGATIVE NUMBERS.
R  INDICATES RECORD WAS SET OR TIED.
MM INDICATES DATA IS MISSING.
T  INDICATES TRACE AMOUNT.




$$
