000
CDUS41 KBGM 170539
CLIBGM


CLIMATE REPORT
NATIONAL WEATHER SERVICE BINGHAMTON NY
1239 AM EST SAT JAN 17 2015


...................................

...THE BINGHAMTON NY CLIMATE SUMMARY FOR JANUARY 16 2015...

CLIMATE NORMAL PERIOD 1981 TO 2010
CLIMATE RECORD PERIOD 1951 TO 2015


WEATHER ITEM   OBSERVED TIME   RECORD YEAR NORMAL DEPARTURE LAST
                VALUE   (LST)  VALUE       VALUE  FROM      YEAR
                                                  NORMAL
..................................................................
TEMPERATURE (F)
 YESTERDAY
  MAXIMUM         27   1013 AM  58    1995  28     -1       31
  MINIMUM          7   1159 PM -13    1994  15     -8       23
  AVERAGE         17                        22     -5       27

PRECIPITATION (IN)
  YESTERDAY        0.01          0.91 1991   0.08  -0.07     0.01
  MONTH TO DATE    1.51                      1.27   0.24     2.69
  SINCE DEC 1      4.81                      4.10   0.71     6.13
  SINCE JAN 1      1.51                      1.27   0.24     2.69

SNOWFALL (IN)
  YESTERDAY        0.9           4.8  1954   0.7    0.2      0.1
  MONTH TO DATE   10.1                      11.6   -1.5     17.3
  SINCE DEC 1     23.2                      29.4   -6.2     42.3
  SINCE JUL 1     36.9                      36.2    0.7     50.5
  SNOW DEPTH       3

DEGREE DAYS
 HEATING
  YESTERDAY       48                        43      5       38
  MONTH TO DATE  760                       682     78      688
  SINCE DEC 1   1829                      1852    -23     1836
  SINCE JUL 1   3364                      3427    -63     3427

 COOLING
  YESTERDAY        0                         0      0        0
  MONTH TO DATE    0                         0      0        0
  SINCE DEC 1      0                         0      0        0
  SINCE JAN 1      0                         0      0        0
..................................................................


WIND (MPH)
  HIGHEST WIND SPEED    25   HIGHEST WIND DIRECTION    NW (330)
  HIGHEST GUST SPEED    37   HIGHEST GUST DIRECTION     N (350)
  AVERAGE WIND SPEED    12.7


SKY COVER
  AVERAGE SKY COVER 0.8


WEATHER CONDITIONS
 THE FOLLOWING WEATHER WAS RECORDED YESTERDAY.
  HEAVY SNOW
  SNOW
  LIGHT SNOW
  FOG
  FOG W/VISIBILITY <= 1/4 MILE
  HAZE


RELATIVE HUMIDITY (PERCENT)
 HIGHEST    88          1100 AM
 LOWEST     53           400 PM
 AVERAGE    71

..........................................................


THE BINGHAMTON NY CLIMATE NORMALS FOR TODAY
                         NORMAL    RECORD    YEAR
 MAXIMUM TEMPERATURE (F)   28        53      1990
 MINIMUM TEMPERATURE (F)   15       -12      1982
                                             1965


SUNRISE AND SUNSET
JANUARY 17 2015.......SUNRISE   729 AM EST   SUNSET   459 PM EST
JANUARY 18 2015.......SUNRISE   729 AM EST   SUNSET   500 PM EST


-  INDICATES NEGATIVE NUMBERS.
R  INDICATES RECORD WAS SET OR TIED.
MM INDICATES DATA IS MISSING.
T  INDICATES TRACE AMOUNT.




$$
