000
CDUS41 KBGM 172126
CLIBGM


CLIMATE REPORT
NATIONAL WEATHER SERVICE BINGHAMTON NY
526 PM EDT FRI OCT 17 2014


...................................

...THE BINGHAMTON NY CLIMATE SUMMARY FOR OCTOBER 17 2014...
VALID TODAY AS OF 0500 PM LOCAL TIME.

CLIMATE NORMAL PERIOD 1981 TO 2010
CLIMATE RECORD PERIOD 1951 TO 2014


WEATHER ITEM   OBSERVED TIME   RECORD YEAR NORMAL DEPARTURE LAST
                VALUE   (LST)  VALUE       VALUE  FROM      YEAR
                                                  NORMAL
..................................................................
TEMPERATURE (F)
 TODAY
  MAXIMUM         64    302 PM  78    1956  56      8       64
  MINIMUM         50    641 AM  26    1978  40     10       50
  AVERAGE         57                        48      9       57

PRECIPITATION (IN)
  TODAY            0.00          0.90 1975   0.10  -0.10     0.23
  MONTH TO DATE    2.96                      1.87   1.09     1.89
  SINCE SEP 1      4.87                      5.50  -0.63     4.80
  SINCE JAN 1     33.90                     31.71   2.19    35.09

SNOWFALL (IN)
  TODAY            0.0           0.4  1970   0.0    0.0      0.0
  MONTH TO DATE    0.0                       0.2   -0.2      0.0
  SINCE SEP 1      0.0                       0.2   -0.2      0.0
  SINCE JUL 1      T                         0.2   -0.2      0.0
  SNOW DEPTH       0

DEGREE DAYS
 HEATING
  TODAY            8                        17     -9        8
  MONTH TO DATE  173                       244    -71      105
  SINCE SEP 1    334                       438   -104      346
  SINCE JUL 1    400                       501   -101      397

 COOLING
  TODAY            0                         0      0        0
  MONTH TO DATE    1                         0      1       12
  SINCE SEP 1     39                        31      8       53
  SINCE JAN 1    341                       379    -38      480
..................................................................


WIND (MPH)
  HIGHEST WIND SPEED    18   HIGHEST WIND DIRECTION    SW (220)
  HIGHEST GUST SPEED    27   HIGHEST GUST DIRECTION    SW (220)
  AVERAGE WIND SPEED     9.7


SKY COVER
  AVERAGE SKY COVER 0.7


WEATHER CONDITIONS
 THE FOLLOWING WEATHER WAS RECORDED TODAY.
  NO SIGNIFICANT WEATHER WAS OBSERVED.


RELATIVE HUMIDITY (PERCENT)
 HIGHEST    89          1200 AM
 LOWEST     52           400 PM
 AVERAGE    71

..........................................................


THE BINGHAMTON NY CLIMATE NORMALS FOR TOMORROW
                         NORMAL    RECORD    YEAR
 MAXIMUM TEMPERATURE (F)   56        76      1963
 MINIMUM TEMPERATURE (F)   39        22      1974


SUNRISE AND SUNSET
OCTOBER 17 2014.......SUNRISE   719 AM EDT   SUNSET   619 PM EDT
OCTOBER 18 2014.......SUNRISE   720 AM EDT   SUNSET   617 PM EDT


-  INDICATES NEGATIVE NUMBERS.
R  INDICATES RECORD WAS SET OR TIED.
MM INDICATES DATA IS MISSING.
T  INDICATES TRACE AMOUNT.




$$
