000
CDUS41 KBGM 130614
CLIBGM


CLIMATE REPORT
NATIONAL WEATHER SERVICE BINGHAMTON NY
112 AM EST THU NOV 13 2014


...................................

...THE BINGHAMTON NY CLIMATE SUMMARY FOR NOVEMBER 12 2014...

CLIMATE NORMAL PERIOD 1981 TO 2010
CLIMATE RECORD PERIOD 1951 TO 2014


WEATHER ITEM   OBSERVED TIME   RECORD YEAR NORMAL DEPARTURE LAST
                VALUE   (LST)  VALUE       VALUE  FROM      YEAR
                                                  NORMAL
..................................................................
TEMPERATURE (F)
 YESTERDAY
  MAXIMUM         55    658 AM  65    1964  47      8       31
  MINIMUM         33    936 PM  17    1976  33      0       22
  AVERAGE         44                        40      4       27

PRECIPITATION (IN)
  YESTERDAY        0.02          1.04 1974   0.10  -0.08     0.09
  MONTH TO DATE    0.38                      1.30  -0.92     1.18
  SINCE SEP 1      5.58                      8.26  -2.68     6.90
  SINCE JAN 1     34.61                     34.47   0.14    37.19

SNOWFALL (IN)
  YESTERDAY        0.0           8.9  1968   0.2   -0.2      1.6
  MONTH TO DATE    0.2                       1.4   -1.2      1.8
  SINCE SEP 1      0.2                       2.4   -2.2      1.8
  SINCE JUL 1      0.2                       2.4   -2.2      1.8
  SNOW DEPTH       0

DEGREE DAYS
 HEATING
  YESTERDAY       21                        25     -4       38
  MONTH TO DATE  261                       282    -21      308
  SINCE SEP 1    845                       991   -146      941
  SINCE JUL 1    911                      1054   -143      992

 COOLING
  YESTERDAY        0                         0      0        0
  MONTH TO DATE    0                         0      0        0
  SINCE SEP 1     39                        33      6       53
  SINCE JAN 1    341                       381    -40      480
..................................................................


WIND (MPH)
  HIGHEST WIND SPEED    18   HIGHEST WIND DIRECTION     N (340)
  HIGHEST GUST SPEED    29   HIGHEST GUST DIRECTION    NW (310)
  AVERAGE WIND SPEED     8.7


SKY COVER
  AVERAGE SKY COVER 0.4


WEATHER CONDITIONS
 THE FOLLOWING WEATHER WAS RECORDED YESTERDAY.
  LIGHT RAIN
  FOG


RELATIVE HUMIDITY (PERCENT)
 HIGHEST    93           300 AM
 LOWEST     46           200 PM
 AVERAGE    70

..........................................................


THE BINGHAMTON NY CLIMATE NORMALS FOR TODAY
                         NORMAL    RECORD    YEAR
 MAXIMUM TEMPERATURE (F)   46        65      1964
 MINIMUM TEMPERATURE (F)   32        14      1986


SUNRISE AND SUNSET
NOVEMBER 13 2014......SUNRISE   652 AM EST   SUNSET   444 PM EST
NOVEMBER 14 2014......SUNRISE   653 AM EST   SUNSET   443 PM EST


-  INDICATES NEGATIVE NUMBERS.
R  INDICATES RECORD WAS SET OR TIED.
MM INDICATES DATA IS MISSING.
T  INDICATES TRACE AMOUNT.

$$
