000
CDUS41 KBGM 180546
CLIBGM


CLIMATE REPORT
NATIONAL WEATHER SERVICE BINGHAMTON NY
146 AM EDT FRI JUL 18 2014


...................................

...THE BINGHAMTON NY CLIMATE SUMMARY FOR JULY 17 2014...

CLIMATE NORMAL PERIOD 1981 TO 2010
CLIMATE RECORD PERIOD 1951 TO 2014


WEATHER ITEM   OBSERVED TIME   RECORD YEAR NORMAL DEPARTURE LAST
                VALUE   (LST)  VALUE       VALUE  FROM      YEAR
                                                  NORMAL
..................................................................
TEMPERATURE (F)
 YESTERDAY
  MAXIMUM         69    306 PM  91    2012  78     -9       89
                                      1991
                                      1953
  MINIMUM         55   1143 PM  50    1987  60     -5       66
  AVERAGE         62                        69     -7       78

PRECIPITATION (IN)
  YESTERDAY        0.07          0.90 1969   0.12  -0.05     0.00
  MONTH TO DATE    2.99                      2.05   0.94     4.29
  SINCE JUN 1      7.36                      6.36   1.00     9.53
  SINCE JAN 1     22.72                     21.11   1.61    22.69

SNOWFALL (IN)
  YESTERDAY        0.0           0.0  2002   0.0    0.0      0.0
                                      2000
                                      2001
  MONTH TO DATE    0.0                       0.0    0.0      0.0
  SINCE JUN 1      0.0                       0.0    0.0      0.0
  SINCE JUL 1      0.0                       0.0    0.0      0.0
  SNOW DEPTH       0

DEGREE DAYS
 HEATING
  YESTERDAY        3                         1      2        0
  MONTH TO DATE    6                        17    -11        0
  SINCE JUN 1     51                       108    -57       87
  SINCE JUL 1      6                        17    -11        0

 COOLING
  YESTERDAY        0                         5     -5       13
  MONTH TO DATE   84                        76      8      160
  SINCE JUN 1    169                       150     19      243
  SINCE JAN 1    194                       173     21      286
..................................................................


WIND (MPH)
  HIGHEST WIND SPEED    13   HIGHEST WIND DIRECTION     W (290)
  HIGHEST GUST SPEED    16   HIGHEST GUST DIRECTION    NW (320)
  AVERAGE WIND SPEED     3.6


SKY COVER
  AVERAGE SKY COVER 0.5


WEATHER CONDITIONS
 THE FOLLOWING WEATHER WAS RECORDED YESTERDAY.
  LIGHT RAIN


RELATIVE HUMIDITY (PERCENT)
 HIGHEST    93           300 AM
 LOWEST     57           300 PM
 AVERAGE    75

..........................................................


THE BINGHAMTON NY CLIMATE NORMALS FOR TODAY
                         NORMAL    RECORD    YEAR
 MAXIMUM TEMPERATURE (F)   78        93      1953
 MINIMUM TEMPERATURE (F)   60        47      1971


SUNRISE AND SUNSET
JULY 18 2014..........SUNRISE   543 AM EDT   SUNSET   836 PM EDT
JULY 19 2014..........SUNRISE   544 AM EDT   SUNSET   836 PM EDT


-  INDICATES NEGATIVE NUMBERS.
R  INDICATES RECORD WAS SET OR TIED.
MM INDICATES DATA IS MISSING.
T  INDICATES TRACE AMOUNT.




$$
