000
CDUS41 KBGM 260552
CLIBGM


CLIMATE REPORT
NATIONAL WEATHER SERVICE BINGHAMTON NY
150 AM EDT WED AUG 26 2015


...................................

...THE BINGHAMTON NY CLIMATE SUMMARY FOR AUGUST 25 2015...

CLIMATE NORMAL PERIOD 1981 TO 2010
CLIMATE RECORD PERIOD 1951 TO 2015


WEATHER ITEM   OBSERVED TIME   RECORD YEAR NORMAL DEPARTURE LAST
                VALUE   (LST)  VALUE       VALUE  FROM      YEAR
                                                  NORMAL
..................................................................
TEMPERATURE (F)
 YESTERDAY
  MAXIMUM         74    402 PM  91    2007  75     -1       78
  MINIMUM         56    612 AM  41    1971  57     -1       54
  AVERAGE         65                        66     -1       66

PRECIPITATION (IN)
  YESTERDAY        0.00          1.04 1961   0.11  -0.11     0.00
  MONTH TO DATE    3.08                      2.80   0.28     5.06
  SINCE JUN 1     17.97                     10.81   7.16    13.27
  SINCE JAN 1     31.52                     25.56   5.96    28.63

SNOWFALL (IN)
  YESTERDAY        0.0           0.0  2002   0.0    0.0      0.0
                                      2001
                                      2000
  MONTH TO DATE    0.0                       0.0    0.0      0.0
  SINCE JUN 1      T                         0.0    0.0       T
  SINCE JUL 1      T                         0.0    0.0       T
  SNOW DEPTH       0

DEGREE DAYS
 HEATING
  YESTERDAY        0                         2     -2        0
  MONTH TO DATE   13                        27    -14       31
  SINCE JUN 1    114                       142    -28      101
  SINCE JUL 1     37                        51    -14       56

 COOLING
  YESTERDAY        0                         3     -3        1
  MONTH TO DATE   86                        94     -8       58
  SINCE JUN 1    255                       306    -51      266
  SINCE JAN 1    328                       329     -1      291
..................................................................


WIND (MPH)
  HIGHEST WIND SPEED    15   HIGHEST WIND DIRECTION     W (250)
  HIGHEST GUST SPEED    21   HIGHEST GUST DIRECTION    SW (240)
  AVERAGE WIND SPEED     5.3


SKY COVER
  AVERAGE SKY COVER 0.6


WEATHER CONDITIONS
 THE FOLLOWING WEATHER WAS RECORDED YESTERDAY.
  FOG
  FOG W/VISIBILITY <= 1/4 MILE


RELATIVE HUMIDITY (PERCENT)
 HIGHEST   100           300 AM
 LOWEST     44           400 PM
 AVERAGE    72

..........................................................


THE BINGHAMTON NY CLIMATE NORMALS FOR TODAY
                         NORMAL    RECORD    YEAR
 MAXIMUM TEMPERATURE (F)   75        88      1983
                                             1959
 MINIMUM TEMPERATURE (F)   57        46      1989
                                             1963


SUNRISE AND SUNSET
AUGUST 26 2015........SUNRISE   623 AM EDT   SUNSET   748 PM EDT
AUGUST 27 2015........SUNRISE   624 AM EDT   SUNSET   746 PM EDT


-  INDICATES NEGATIVE NUMBERS.
R  INDICATES RECORD WAS SET OR TIED.
MM INDICATES DATA IS MISSING.
T  INDICATES TRACE AMOUNT.

$$
