000
CDUS41 KBGM 090613
CLIBGM


CLIMATE REPORT
NATIONAL WEATHER SERVICE BINGHAMTON NY
111 AM EST FRI FEB 9 2018


...................................

...THE BINGHAMTON NY CLIMATE SUMMARY FOR FEBRUARY 8 2018...

CLIMATE NORMAL PERIOD 1981 TO 2010
CLIMATE RECORD PERIOD 1951 TO 2018


WEATHER ITEM   OBSERVED TIME   RECORD YEAR NORMAL DEPARTURE LAST
                VALUE   (LST)  VALUE       VALUE  FROM      YEAR
                                                  NORMAL
..................................................................
TEMPERATURE (F)
 YESTERDAY
  MAXIMUM         20    545 PM  47    2017  31    -11       47
  MINIMUM         11    814 AM -14    1963  16     -5       25
  AVERAGE         16                        24     -8       36

PRECIPITATION (IN)
  YESTERDAY        0.01          0.52 2013   0.08  -0.07     0.04
  MONTH TO DATE    1.17                      0.64   0.53     0.57
  SINCE DEC 1      5.38                      5.92  -0.54     7.95
  SINCE JAN 1      3.97                      3.09   0.88     4.36

SNOWFALL (IN)
  YESTERDAY        0.2           6.3  1994   0.6   -0.4      0.1
  MONTH TO DATE   12.4                       4.9    7.5      2.2
  SINCE DEC 1     38.6                      44.9   -6.3     44.0
  SINCE JUL 1     40.4                      51.7  -11.3     72.6
  SNOW DEPTH       0

DEGREE DAYS
 HEATING
  YESTERDAY       49                        42      7       29
  MONTH TO DATE  358                       336     22      311
  SINCE DEC 1   2980                      2833    147     2644
  SINCE JUL 1   4378                      4408    -30     3993

 COOLING
  YESTERDAY        0                         0      0        0
  MONTH TO DATE    0                         0      0        0
  SINCE DEC 1      0                         0      0        0
  SINCE JAN 1      0                         0      0        0
..................................................................


WIND (MPH)
  HIGHEST WIND SPEED    20   HIGHEST WIND DIRECTION    NW (310)
  HIGHEST GUST SPEED    29   HIGHEST GUST DIRECTION    NW (330)
  AVERAGE WIND SPEED     8.2


SKY COVER
  AVERAGE SKY COVER 0.7


WEATHER CONDITIONS
 THE FOLLOWING WEATHER WAS RECORDED YESTERDAY.
  LIGHT SNOW
  FOG


RELATIVE HUMIDITY (PERCENT)
 HIGHEST    84           800 AM
 LOWEST     49           300 PM
 AVERAGE    67

..........................................................


THE BINGHAMTON NY CLIMATE NORMALS FOR TODAY
                         NORMAL    RECORD    YEAR
 MAXIMUM TEMPERATURE (F)   31        51      2001
 MINIMUM TEMPERATURE (F)   17        -5      1979


SUNRISE AND SUNSET
FEBRUARY  9 2018......SUNRISE   708 AM EST   SUNSET   529 PM EST
FEBRUARY 10 2018......SUNRISE   707 AM EST   SUNSET   530 PM EST


-  INDICATES NEGATIVE NUMBERS.
R  INDICATES RECORD WAS SET OR TIED.
MM INDICATES DATA IS MISSING.
T  INDICATES TRACE AMOUNT.




$$
