000
CDUS41 KBGM 120551
CLIBGM


CLIMATE REPORT
NATIONAL WEATHER SERVICE BINGHAMTON NY
1250 AM EST SUN FEB 12 2017


...................................

...THE BINGHAMTON NY CLIMATE SUMMARY FOR FEBRUARY 11 2017...

CLIMATE NORMAL PERIOD 1981 TO 2010
CLIMATE RECORD PERIOD 1951 TO 2017


WEATHER ITEM   OBSERVED TIME   RECORD YEAR NORMAL DEPARTURE LAST
                VALUE   (LST)  VALUE       VALUE  FROM      YEAR
                                                  NORMAL
..................................................................
TEMPERATURE (F)
 YESTERDAY
  MAXIMUM         37    515 PM  54    2009  31      6       16
                                      1999
  MINIMUM         20    151 AM -14    1979  17      3        6
  AVERAGE         29                        24      5       11

PRECIPITATION (IN)
  YESTERDAY        T             0.95 1981   0.08  -0.08     0.01
  MONTH TO DATE    0.77                      0.88  -0.11     0.96
  SINCE DEC 1      8.15                      6.16   1.99     5.88
  SINCE JAN 1      4.56                      3.33   1.23     2.27

SNOWFALL (IN)
  YESTERDAY        T             5.1  1955   0.6   -0.6      0.3
  MONTH TO DATE    8.5                       6.7    1.8      3.7
  SINCE DEC 1     50.3                      46.7    3.6     16.1
  SINCE JUL 1     78.9                      53.5   25.4     17.2
  SNOW DEPTH       4

DEGREE DAYS
 HEATING
  YESTERDAY       36                        41     -5       54
  MONTH TO DATE  444                       459    -15      372
  SINCE DEC 1   2777                      2956   -179     2380
  SINCE JUL 1   4126                      4531   -405     3650

 COOLING
  YESTERDAY        0                         0      0        0
  MONTH TO DATE    0                         0      0        0
  SINCE DEC 1      0                         0      0        0
  SINCE JAN 1      0                         0      0        0
..................................................................


WIND (MPH)
  HIGHEST WIND SPEED    13   HIGHEST WIND DIRECTION     N (360)
  HIGHEST GUST SPEED    16   HIGHEST GUST DIRECTION     S (170)
  AVERAGE WIND SPEED     5.4


SKY COVER
  AVERAGE SKY COVER 0.7


WEATHER CONDITIONS
 THE FOLLOWING WEATHER WAS RECORDED YESTERDAY.
  LIGHT SNOW
  FOG


RELATIVE HUMIDITY (PERCENT)
 HIGHEST    82           700 PM
 LOWEST     52           200 PM
 AVERAGE    67

..........................................................


THE BINGHAMTON NY CLIMATE NORMALS FOR TODAY
                         NORMAL    RECORD    YEAR
 MAXIMUM TEMPERATURE (F)   31        60      1999
 MINIMUM TEMPERATURE (F)   17       -12      1979


SUNRISE AND SUNSET
FEBRUARY 12 2017......SUNRISE   704 AM EST   SUNSET   533 PM EST
FEBRUARY 13 2017......SUNRISE   702 AM EST   SUNSET   534 PM EST


-  INDICATES NEGATIVE NUMBERS.
R  INDICATES RECORD WAS SET OR TIED.
MM INDICATES DATA IS MISSING.
T  INDICATES TRACE AMOUNT.




$$
