000
CDUS41 KBGM 182121
CLIBGM


CLIMATE REPORT
NATIONAL WEATHER SERVICE BINGHAMTON NY
520 PM EDT MON APR 18 2016


...................................

...THE BINGHAMTON NY CLIMATE SUMMARY FOR APRIL 18 2016...
VALID TODAY AS OF 0500 PM LOCAL TIME.

CLIMATE NORMAL PERIOD 1981 TO 2010
CLIMATE RECORD PERIOD 1951 TO 2016


WEATHER ITEM   OBSERVED TIME   RECORD YEAR NORMAL DEPARTURE LAST
                VALUE   (LST)  VALUE       VALUE  FROM      YEAR
                                                  NORMAL
..................................................................
TEMPERATURE (F)
 TODAY
  MAXIMUM         72    302 PM  85    1976  55     17       72
  MINIMUM         44    559 AM  25    2001  37      7       44
  AVERAGE         58                        46     12       58

PRECIPITATION (IN)
  TODAY            0.00          0.62 1965   0.11  -0.11     0.00
  MONTH TO DATE    2.21                      2.11   0.10     2.68
  SINCE MAR 1      3.61                      5.10  -1.49     4.67
  SINCE JAN 1      8.92                      9.86  -0.94     8.61

SNOWFALL (IN)
  TODAY            0.0           7.1  1965   0.1   -0.1      0.0
  MONTH TO DATE    9.3                       3.3    6.0      2.3
  SINCE MAR 1     10.3                      18.4   -8.1     17.1
  SINCE JUL 1     32.0                      82.3  -50.3     92.9
  SNOW DEPTH       0

DEGREE DAYS
 HEATING
  TODAY            7                        19    -12        7
  MONTH TO DATE  476                       404     72      359
  SINCE MAR 1   1247                      1401   -154     1529
  SINCE JUL 1   5605                      6600   -995     7061

 COOLING
  TODAY            0                         0      0        0
  MONTH TO DATE    0                         0      0        0
  SINCE MAR 1      0                         0      0        0
  SINCE JAN 1      0                         0      0        0
..................................................................


WIND (MPH)
  HIGHEST WIND SPEED    17   HIGHEST WIND DIRECTION     N (340)
  HIGHEST GUST SPEED    24   HIGHEST GUST DIRECTION     N (360)
  AVERAGE WIND SPEED     7.6


SKY COVER
  AVERAGE SKY COVER 0.0


WEATHER CONDITIONS
 THE FOLLOWING WEATHER WAS RECORDED TODAY.
  NO SIGNIFICANT WEATHER WAS OBSERVED.


RELATIVE HUMIDITY (PERCENT)
 HIGHEST    49           600 AM
 LOWEST     15           400 PM
 AVERAGE    32

..........................................................


THE BINGHAMTON NY CLIMATE NORMALS FOR TOMORROW
                         NORMAL    RECORD    YEAR
 MAXIMUM TEMPERATURE (F)   56        85      1976
 MINIMUM TEMPERATURE (F)   37        22      2001


SUNRISE AND SUNSET
APRIL 18 2016.........SUNRISE   618 AM EDT   SUNSET   749 PM EDT
APRIL 19 2016.........SUNRISE   616 AM EDT   SUNSET   750 PM EDT


-  INDICATES NEGATIVE NUMBERS.
R  INDICATES RECORD WAS SET OR TIED.
MM INDICATES DATA IS MISSING.
T  INDICATES TRACE AMOUNT.




$$
