000
CDUS41 KBGM 180549
CLIBGM


CLIMATE REPORT
NATIONAL WEATHER SERVICE BINGHAMTON NY
1249 AM EST SUN JAN 18 2015


...................................

...THE BINGHAMTON NY CLIMATE SUMMARY FOR JANUARY 17 2015...

CLIMATE NORMAL PERIOD 1981 TO 2010
CLIMATE RECORD PERIOD 1951 TO 2015


WEATHER ITEM   OBSERVED TIME   RECORD YEAR NORMAL DEPARTURE LAST
                VALUE   (LST)  VALUE       VALUE  FROM      YEAR
                                                  NORMAL
..................................................................
TEMPERATURE (F)
 YESTERDAY
  MAXIMUM         23    755 PM  53    1990  28     -5       35
  MINIMUM          2    902 AM -12    1982  15    -13       22
                                      1965
  AVERAGE         13                        22     -9       29

PRECIPITATION (IN)
  YESTERDAY        0.00          0.70 1978   0.08  -0.08     0.00
  MONTH TO DATE    1.51                      1.35   0.16     2.69
  SINCE DEC 1      4.81                      4.18   0.63     6.13
  SINCE JAN 1      1.51                      1.35   0.16     2.69

SNOWFALL (IN)
  YESTERDAY        0.0           7.1  1978   0.8   -0.8      0.0
  MONTH TO DATE   10.1                      12.4   -2.3     17.3
  SINCE DEC 1     23.2                      30.2   -7.0     42.3
  SINCE JUL 1     36.9                      37.0   -0.1     50.5
  SNOW DEPTH       3

DEGREE DAYS
 HEATING
  YESTERDAY       52                        43      9       36
  MONTH TO DATE  812                       725     87      724
  SINCE DEC 1   1881                      1895    -14     1872
  SINCE JUL 1   3416                      3470    -54     3463

 COOLING
  YESTERDAY        0                         0      0        0
  MONTH TO DATE    0                         0      0        0
  SINCE DEC 1      0                         0      0        0
  SINCE JAN 1      0                         0      0        0
..................................................................


WIND (MPH)
  HIGHEST WIND SPEED    17   HIGHEST WIND DIRECTION     S (180)
  HIGHEST GUST SPEED    25   HIGHEST GUST DIRECTION     S (160)
  AVERAGE WIND SPEED     8.3


SKY COVER
  AVERAGE SKY COVER 0.1


WEATHER CONDITIONS
 THE FOLLOWING WEATHER WAS RECORDED YESTERDAY.
  NO SIGNIFICANT WEATHER WAS OBSERVED.


RELATIVE HUMIDITY (PERCENT)
 HIGHEST    95           900 AM
 LOWEST     44           400 PM
 AVERAGE    70

..........................................................


THE BINGHAMTON NY CLIMATE NORMALS FOR TODAY
                         NORMAL    RECORD    YEAR
 MAXIMUM TEMPERATURE (F)   28        54      1973
 MINIMUM TEMPERATURE (F)   15       -11      1982
                                             1976


SUNRISE AND SUNSET
JANUARY 18 2015.......SUNRISE   729 AM EST   SUNSET   500 PM EST
JANUARY 19 2015.......SUNRISE   728 AM EST   SUNSET   502 PM EST


-  INDICATES NEGATIVE NUMBERS.
R  INDICATES RECORD WAS SET OR TIED.
MM INDICATES DATA IS MISSING.
T  INDICATES TRACE AMOUNT.




$$
