459
CDUS41 KBGM 180527
CLIBGM


CLIMATE REPORT
NATIONAL WEATHER SERVICE BINGHAMTON NY
125 AM EDT SUN SEP 18 2016


...................................

...THE BINGHAMTON NY CLIMATE SUMMARY FOR SEPTEMBER 17 2016...

CLIMATE NORMAL PERIOD 1981 TO 2010
CLIMATE RECORD PERIOD 1951 TO 2016


WEATHER ITEM   OBSERVED TIME   RECORD YEAR NORMAL DEPARTURE LAST
                VALUE   (LST)  VALUE       VALUE  FROM      YEAR
                                                  NORMAL
..................................................................
TEMPERATURE (F)
 YESTERDAY
  MAXIMUM         73    139 PM  84    1972  68      5       81
  MINIMUM         52    614 AM  35    1959  50      2       57
  AVERAGE         63                        59      4       69

PRECIPITATION (IN)
  YESTERDAY        T             2.92 2004   0.12  -0.12     0.00
  MONTH TO DATE    0.14                      2.00  -1.86     0.29
  SINCE SEP 1      0.14                      2.00  -1.86     0.29
  SINCE JAN 1     23.69                     28.21  -4.52    31.81

SNOWFALL (IN)
  YESTERDAY        0.0           0.0  2002   0.0    0.0      0.0
                                      2001
                                      2000
  MONTH TO DATE    0.0                       0.0    0.0      0.0
  SINCE SEP 1      0.0                       0.0    0.0      0.0
  SINCE JUL 1      0.0                       0.0    0.0       T
  SNOW DEPTH       0

DEGREE DAYS
 HEATING
  YESTERDAY        2                         7     -5        0
  MONTH TO DATE   37                        76    -39       23
  SINCE SEP 1     37                        76    -39       23
  SINCE JUL 1     46                       139    -93       72

 COOLING
  YESTERDAY        0                         1     -1        4
  MONTH TO DATE   37                        24     13       91
  SINCE SEP 1     37                        24     13       91
  SINCE JAN 1    548                       372    176      433
..................................................................


WIND (MPH)
  HIGHEST WIND SPEED    18   HIGHEST WIND DIRECTION    SW (220)
  HIGHEST GUST SPEED    24   HIGHEST GUST DIRECTION     S (200)
  AVERAGE WIND SPEED    10.2


SKY COVER
  AVERAGE SKY COVER 0.6


WEATHER CONDITIONS
 THE FOLLOWING WEATHER WAS RECORDED YESTERDAY.
  LIGHT RAIN
  FOG


RELATIVE HUMIDITY (PERCENT)
 HIGHEST    96           500 AM
 LOWEST     68          1200 PM
 AVERAGE    82

..........................................................


THE BINGHAMTON NY CLIMATE NORMALS FOR TODAY
                         NORMAL    RECORD    YEAR
 MAXIMUM TEMPERATURE (F)   68        83      1955
 MINIMUM TEMPERATURE (F)   50        35      1990


SUNRISE AND SUNSET
SEPTEMBER 18 2016.....SUNRISE   648 AM EDT   SUNSET   707 PM EDT
SEPTEMBER 19 2016.....SUNRISE   649 AM EDT   SUNSET   706 PM EDT


-  INDICATES NEGATIVE NUMBERS.
R  INDICATES RECORD WAS SET OR TIED.
MM INDICATES DATA IS MISSING.
T  INDICATES TRACE AMOUNT.

$$
