649
CDUS41 KBGM 030531
CLIBGM


CLIMATE REPORT
NATIONAL WEATHER SERVICE BINGHAMTON NY
1230 AM EST SAT DEC 3 2016


...................................

...THE BINGHAMTON NY CLIMATE SUMMARY FOR DECEMBER 2 2016...

CLIMATE NORMAL PERIOD 1981 TO 2010
CLIMATE RECORD PERIOD 1951 TO 2016


WEATHER ITEM   OBSERVED TIME   RECORD YEAR NORMAL DEPARTURE LAST
                VALUE   (LST)  VALUE       VALUE  FROM      YEAR
                                                  NORMAL
..................................................................
TEMPERATURE (F)
 YESTERDAY
  MAXIMUM         37    116 PM  60    1982  38     -1       47
  MINIMUM         31   1159 PM   0    1976  26      5       37
  AVERAGE         34                        32      2       42

PRECIPITATION (IN)
  YESTERDAY        0.07          0.71 2015   0.11  -0.04     0.71
  MONTH TO DATE    0.46                      0.21   0.25     0.97
  SINCE DEC 1      0.46                      0.21   0.25     0.97
  SINCE JAN 1     32.98                     36.68  -3.70    40.07

SNOWFALL (IN)
  YESTERDAY        0.1           4.6  2005   0.5   -0.4      0.0
  MONTH TO DATE    0.1                       0.9   -0.8      0.0
  SINCE DEC 1      0.1                       0.9   -0.8      0.0
  SINCE JUL 1     28.7                       7.7   21.0      1.1
  SNOW DEPTH       0

DEGREE DAYS
 HEATING
  YESTERDAY       31                        33     -2       23
  MONTH TO DATE   55                        66    -11       49
  SINCE DEC 1     55                        66    -11       49
  SINCE JUL 1   1404                      1641   -237     1319

 COOLING
  YESTERDAY        0                         0      0        0
  MONTH TO DATE    0                         0      0        0
  SINCE DEC 1      0                         0      0        0
  SINCE JAN 1    563                       381    182      443
..................................................................


WIND (MPH)
  HIGHEST WIND SPEED    26   HIGHEST WIND DIRECTION     W (280)
  HIGHEST GUST SPEED    35   HIGHEST GUST DIRECTION     W (280)
  AVERAGE WIND SPEED    12.8


SKY COVER
  AVERAGE SKY COVER 1.0


WEATHER CONDITIONS
 THE FOLLOWING WEATHER WAS RECORDED YESTERDAY.
  RAIN
  LIGHT RAIN
  LIGHT SNOW
  FOG


RELATIVE HUMIDITY (PERCENT)
 HIGHEST   100           200 PM
 LOWEST     75          1200 AM
 AVERAGE    88

..........................................................


THE BINGHAMTON NY CLIMATE NORMALS FOR TODAY
                         NORMAL    RECORD    YEAR
 MAXIMUM TEMPERATURE (F)   38        58      1998
 MINIMUM TEMPERATURE (F)   25        -1      1976


SUNRISE AND SUNSET
DECEMBER  3 2016......SUNRISE   716 AM EST   SUNSET   432 PM EST
DECEMBER  4 2016......SUNRISE   717 AM EST   SUNSET   432 PM EST


-  INDICATES NEGATIVE NUMBERS.
R  INDICATES RECORD WAS SET OR TIED.
MM INDICATES DATA IS MISSING.
T  INDICATES TRACE AMOUNT.




$$
