000
CDUS41 KBGM 242117
CLIBGM


CLIMATE REPORT
NATIONAL WEATHER SERVICE BINGHAMTON NY
516 PM EDT FRI JUL 24 2015


...................................

...THE BINGHAMTON NY CLIMATE SUMMARY FOR JULY 24 2015...
VALID TODAY AS OF 0500 PM LOCAL TIME.

CLIMATE NORMAL PERIOD 1981 TO 2010
CLIMATE RECORD PERIOD 1951 TO 2015


WEATHER ITEM   OBSERVED TIME   RECORD YEAR NORMAL DEPARTURE LAST
                VALUE   (LST)  VALUE       VALUE  FROM      YEAR
                                                  NORMAL
..................................................................
TEMPERATURE (F)
 TODAY
  MAXIMUM         77    246 PM  88    2001  78     -1       69
                                      1987
  MINIMUM         55    508 AM  49    1985  60     -5       55
                                      1981
  AVERAGE         66                        69     -3       62

PRECIPITATION (IN)
  TODAY            0.00          1.51 1975   0.12  -0.12     0.00
  MONTH TO DATE    3.97                      2.88   1.09     3.76
  SINCE JUN 1     13.71                      7.19   6.52     8.13
  SINCE JAN 1     27.26                     21.94   5.32    23.49

SNOWFALL (IN)
  TODAY            0.0           0.0  2002   0.0    0.0      0.0
                                      2000
                                      2001
  MONTH TO DATE    0.0                       0.0    0.0       T
  SINCE JUN 1      0.0                       0.0    0.0       T
  SINCE JUL 1      0.0                       0.0    0.0       T
  SNOW DEPTH       0

DEGREE DAYS
 HEATING
  TODAY            0                         1     -1        3
  MONTH TO DATE   24                        24      0       11
  SINCE JUN 1    101                       115    -14       56
  SINCE JUL 1     24                        24      0       11

 COOLING
  TODAY            1                         5     -4        0
  MONTH TO DATE   70                       111    -41      113
  SINCE JUN 1    120                       185    -65      198
  SINCE JAN 1    193                       208    -15      223
..................................................................


WIND (MPH)
  HIGHEST WIND SPEED    12   HIGHEST WIND DIRECTION     W (290)
  HIGHEST GUST SPEED    16   HIGHEST GUST DIRECTION     W (290)
  AVERAGE WIND SPEED     3.7


SKY COVER
  AVERAGE SKY COVER 0.1


WEATHER CONDITIONS
 THE FOLLOWING WEATHER WAS RECORDED TODAY.
  NO SIGNIFICANT WEATHER WAS OBSERVED.


RELATIVE HUMIDITY (PERCENT)
 HIGHEST    93           300 AM
 LOWEST     41           300 PM
 AVERAGE    67

..........................................................


THE BINGHAMTON NY CLIMATE NORMALS FOR TOMORROW
                         NORMAL    RECORD    YEAR
 MAXIMUM TEMPERATURE (F)   78        88      2005
                                             1966
 MINIMUM TEMPERATURE (F)   60        45      1953


SUNRISE AND SUNSET
JULY 24 2015..........SUNRISE   549 AM EDT   SUNSET   832 PM EDT
JULY 25 2015..........SUNRISE   550 AM EDT   SUNSET   831 PM EDT


-  INDICATES NEGATIVE NUMBERS.
R  INDICATES RECORD WAS SET OR TIED.
MM INDICATES DATA IS MISSING.
T  INDICATES TRACE AMOUNT.




$$
