000
CDUS41 KBGM 050317
CLIBGM


CLIMATE REPORT
NATIONAL WEATHER SERVICE BINGHAMTON NY
1016 PM EST SAT FEB 4 2017


...................................

...THE BINGHAMTON NY CLIMATE SUMMARY FOR FEBRUARY 4 2017...
VALID AS OF 1000 PM LOCAL TIME.

CLIMATE NORMAL PERIOD 1981 TO 2010
CLIMATE RECORD PERIOD 1951 TO 2017


WEATHER ITEM   OBSERVED TIME   RECORD YEAR NORMAL DEPARTURE LAST
                VALUE   (LST)  VALUE       VALUE  FROM      YEAR
                                                  NORMAL
..................................................................
TEMPERATURE (F)
 TODAY
  MAXIMUM         24    320 PM  55    1991  30     -6       48
  MINIMUM         10    616 AM  -4    1996  16     -6       30
  AVERAGE         17                        23     -6       39

PRECIPITATION (IN)
  TODAY            0.00          1.33 1961   0.08  -0.08     0.00
  MONTH TO DATE    0.07                      0.32  -0.25     0.78
  SINCE DEC 1      7.45                      5.60   1.85     5.70
  SINCE JAN 1      3.86                      2.77   1.09     2.09

SNOWFALL (IN)
  TODAY            0.0          18.2  1961   0.6   -0.6      0.0
  MONTH TO DATE    2.0                       2.5   -0.5      0.0
  SINCE DEC 1     43.8                      42.5    1.3     12.4
  SINCE JUL 1     72.4                      49.3   23.1     13.5
  SNOW DEPTH       5

DEGREE DAYS
 HEATING
  TODAY           48                        42      6       26
  MONTH TO DATE  177                       168      9      102
  SINCE DEC 1   2510                      2665   -155     2110
  SINCE JUL 1   3859                      4240   -381     3380

 COOLING
  TODAY            0                         0      0        0
  MONTH TO DATE    0                         0      0        0
  SINCE DEC 1      0                         0      0        0
  SINCE JAN 1      0                         0      0        0
..................................................................


WIND (MPH)
  HIGHEST WIND SPEED    20   HIGHEST WIND DIRECTION     W (250)
  HIGHEST GUST SPEED    24   HIGHEST GUST DIRECTION     W (280)
  AVERAGE WIND SPEED    10.3


SKY COVER
  AVERAGE SKY COVER 0.2


WEATHER CONDITIONS
 THE FOLLOWING WEATHER WAS RECORDED TODAY.
  NO SIGNIFICANT WEATHER WAS OBSERVED.


RELATIVE HUMIDITY (PERCENT)
 HIGHEST    73           100 AM
 LOWEST     50           300 PM
 AVERAGE    62

..........................................................


THE BINGHAMTON NY CLIMATE NORMALS FOR TOMORROW
                         NORMAL    RECORD    YEAR
 MAXIMUM TEMPERATURE (F)   30        55      1991
 MINIMUM TEMPERATURE (F)   16        -7      1978


SUNRISE AND SUNSET
FEBRUARY  4 2017......SUNRISE   714 AM EST   SUNSET   523 PM EST
FEBRUARY  5 2017......SUNRISE   712 AM EST   SUNSET   524 PM EST


-  INDICATES NEGATIVE NUMBERS.
R  INDICATES RECORD WAS SET OR TIED.
MM INDICATES DATA IS MISSING.
T  INDICATES TRACE AMOUNT.

$$
