000
CDUS41 KBGM 090526
CLIBGM


CLIMATE REPORT
NATIONAL WEATHER SERVICE BINGHAMTON NY
124 AM EDT TUE AUG 9 2016


...................................

...THE BINGHAMTON NY CLIMATE SUMMARY FOR AUGUST 8 2016...

CLIMATE NORMAL PERIOD 1981 TO 2010
CLIMATE RECORD PERIOD 1951 TO 2016


WEATHER ITEM   OBSERVED TIME   RECORD YEAR NORMAL DEPARTURE LAST
                VALUE   (LST)  VALUE       VALUE  FROM      YEAR
                                                  NORMAL
..................................................................
TEMPERATURE (F)
 YESTERDAY
  MAXIMUM         79    454 PM  91    2001  78      1       77
  MINIMUM         57    541 AM  45    1989  59     -2       55
  AVERAGE         68                        68      0       66

PRECIPITATION (IN)
  YESTERDAY        0.00          2.03 2013   0.11  -0.11     0.00
  MONTH TO DATE    0.72                      0.91  -0.19     0.29
  SINCE JUN 1      6.65                      8.92  -2.27    15.18
  SINCE JAN 1     19.04                     23.67  -4.63    28.73

SNOWFALL (IN)
  YESTERDAY        0.0           0.0  2002   0.0    0.0      0.0
                                      2001
                                      2000
  MONTH TO DATE    0.0                       0.0    0.0      0.0
  SINCE JUN 1      0.0                       0.0    0.0       T
  SINCE JUL 1      0.0                       0.0    0.0       T
  SNOW DEPTH       0

DEGREE DAYS
 HEATING
  YESTERDAY        0                         1     -1        0
  MONTH TO DATE    0                         8     -8        5
  SINCE JUN 1     72                       123    -51      106
  SINCE JUL 1      3                        32    -29       29

 COOLING
  YESTERDAY        3                         4     -1        1
  MONTH TO DATE   38                        32      6       16
  SINCE JUN 1    318                       244     74      185
  SINCE JAN 1    364                       267     97      258
..................................................................


WIND (MPH)
  HIGHEST WIND SPEED    10   HIGHEST WIND DIRECTION     N (360)
  HIGHEST GUST SPEED    14   HIGHEST GUST DIRECTION     N (360)
  AVERAGE WIND SPEED     4.3


SKY COVER
  AVERAGE SKY COVER 0.1


WEATHER CONDITIONS
 THE FOLLOWING WEATHER WAS RECORDED YESTERDAY.
  NO SIGNIFICANT WEATHER WAS OBSERVED.


RELATIVE HUMIDITY (PERCENT)
 HIGHEST    86           600 AM
 LOWEST     35           500 PM
 AVERAGE    61

..........................................................


THE BINGHAMTON NY CLIMATE NORMALS FOR TODAY
                         NORMAL    RECORD    YEAR
 MAXIMUM TEMPERATURE (F)   78        95      2001
 MINIMUM TEMPERATURE (F)   59        46      1989


SUNRISE AND SUNSET
AUGUST  9 2016........SUNRISE   606 AM EDT   SUNSET   812 PM EDT
AUGUST 10 2016........SUNRISE   607 AM EDT   SUNSET   811 PM EDT


-  INDICATES NEGATIVE NUMBERS.
R  INDICATES RECORD WAS SET OR TIED.
MM INDICATES DATA IS MISSING.
T  INDICATES TRACE AMOUNT.

$$
