000
CDUS41 KBGM 270529
CLIBGM


CLIMATE REPORT
NATIONAL WEATHER SERVICE BINGHAMTON NY
1229 AM EST MON NOV 27 2017


...................................

...THE BINGHAMTON NY CLIMATE SUMMARY FOR NOVEMBER 26 2017...

CLIMATE NORMAL PERIOD 1981 TO 2010
CLIMATE RECORD PERIOD 1951 TO 2017


WEATHER ITEM   OBSERVED TIME   RECORD YEAR NORMAL DEPARTURE LAST
                VALUE   (LST)  VALUE       VALUE  FROM      YEAR
                                                  NORMAL
..................................................................
TEMPERATURE (F)
 YESTERDAY
  MAXIMUM         38    130 AM  63    1979  41     -3       36
  MINIMUM         28    952 PM  13    1974  28      0       32
  AVERAGE         33                        34     -1       34

PRECIPITATION (IN)
  YESTERDAY        0.04          1.67 1986   0.11  -0.07     0.07
  MONTH TO DATE    1.65                      2.86  -1.21     1.87
  SINCE SEP 1      7.04                      9.82  -2.78     8.73
  SINCE JAN 1     46.78                     36.03  10.75    32.28

SNOWFALL (IN)
  YESTERDAY        T             9.0  2014   0.3   -0.3       T
  MONTH TO DATE    1.8                       4.5   -2.7     27.6
  SINCE SEP 1      1.8                       5.5   -3.7     28.6
  SINCE JUL 1      1.8                       5.5   -3.7     28.6
  SNOW DEPTH       0

DEGREE DAYS
 HEATING
  YESTERDAY       32                        31      1       31
  MONTH TO DATE  723                       677     46      641
  SINCE SEP 1   1200                      1386   -186     1243
  SINCE JUL 1   1281                      1449   -168     1252

 COOLING
  YESTERDAY        0                         0      0        0
  MONTH TO DATE    0                         0      0        0
  SINCE SEP 1     78                        33     45       52
  SINCE JAN 1    349                       381    -32      563
..................................................................


WIND (MPH)
  HIGHEST WIND SPEED    22   HIGHEST WIND DIRECTION    NW (320)
  HIGHEST GUST SPEED    28   HIGHEST GUST DIRECTION     W (280)
  AVERAGE WIND SPEED    10.7


SKY COVER
  AVERAGE SKY COVER 1.0


WEATHER CONDITIONS
 THE FOLLOWING WEATHER WAS RECORDED YESTERDAY.
  LIGHT SNOW
  FOG


RELATIVE HUMIDITY (PERCENT)
 HIGHEST    96           400 AM
 LOWEST     63          1100 AM
 AVERAGE    80

..........................................................


THE BINGHAMTON NY CLIMATE NORMALS FOR TODAY
                         NORMAL    RECORD    YEAR
 MAXIMUM TEMPERATURE (F)   40        61      1984
 MINIMUM TEMPERATURE (F)   28         8      1951


SUNRISE AND SUNSET
NOVEMBER 27 2017......SUNRISE   709 AM EST   SUNSET   434 PM EST
NOVEMBER 28 2017......SUNRISE   710 AM EST   SUNSET   434 PM EST


-  INDICATES NEGATIVE NUMBERS.
R  INDICATES RECORD WAS SET OR TIED.
MM INDICATES DATA IS MISSING.
T  INDICATES TRACE AMOUNT.




$$
