000
CDUS41 KBGM 082155
CLIBGM


CLIMATE REPORT
NATIONAL WEATHER SERVICE BINGHAMTON NY
555 PM EDT SAT APR 8 2017


...................................

...THE BINGHAMTON NY CLIMATE SUMMARY FOR APRIL 8 2017...
VALID TODAY AS OF 0500 PM LOCAL TIME.

CLIMATE NORMAL PERIOD 1981 TO 2010
CLIMATE RECORD PERIOD 1951 TO 2017


WEATHER ITEM   OBSERVED TIME   RECORD YEAR NORMAL DEPARTURE LAST
                VALUE   (LST)  VALUE       VALUE  FROM      YEAR
                                                  NORMAL
..................................................................
TEMPERATURE (F)
 TODAY
  MAXIMUM         44    359 PM  82    2010  51     -7       32
  MINIMUM         28    641 AM  15    1972  33     -5       26
  AVERAGE         36                        42     -6       29

PRECIPITATION (IN)
  TODAY            0.00          0.98 2000   0.11  -0.11     0.03
  MONTH TO DATE    2.44                      0.93   1.51     1.67
  SINCE MAR 1      8.04                      3.92   4.12     3.07
  SINCE JAN 1     14.31                      8.68   5.63     8.38

SNOWFALL (IN)
  TODAY            0.0           5.0  1995   0.2   -0.2      0.4
  MONTH TO DATE    2.1                       1.7    0.4      8.7
  SINCE MAR 1     41.7                      16.8   24.9      9.7
  SINCE JUL 1    135.2                      80.7   54.5     31.4
  SNOW DEPTH       T

DEGREE DAYS
 HEATING
  TODAY           29                        23      6       36
  MONTH TO DATE  186                       196    -10      259
  SINCE MAR 1   1298                      1193    105     1030
  SINCE JUL 1   5911                      6392   -481     5388

 COOLING
  TODAY            0                         0      0        0
  MONTH TO DATE    0                         0      0        0
  SINCE MAR 1      0                         0      0        0
  SINCE JAN 1      0                         0      0        0
..................................................................


WIND (MPH)
  HIGHEST WIND SPEED    24   HIGHEST WIND DIRECTION    NW (330)
  HIGHEST GUST SPEED    37   HIGHEST GUST DIRECTION     N (350)
  AVERAGE WIND SPEED    14.1


SKY COVER
  AVERAGE SKY COVER 0.5


WEATHER CONDITIONS
 THE FOLLOWING WEATHER WAS RECORDED TODAY.
  NO SIGNIFICANT WEATHER WAS OBSERVED.


RELATIVE HUMIDITY (PERCENT)
 HIGHEST    78          1200 AM
 LOWEST     37           400 PM
 AVERAGE    58

..........................................................


THE BINGHAMTON NY CLIMATE NORMALS FOR TOMORROW
                         NORMAL    RECORD    YEAR
 MAXIMUM TEMPERATURE (F)   51        75      1991
 MINIMUM TEMPERATURE (F)   34        15      1997


SUNRISE AND SUNSET
APRIL  8 2017.........SUNRISE   634 AM EDT   SUNSET   738 PM EDT
APRIL  9 2017.........SUNRISE   633 AM EDT   SUNSET   739 PM EDT


-  INDICATES NEGATIVE NUMBERS.
R  INDICATES RECORD WAS SET OR TIED.
MM INDICATES DATA IS MISSING.
T  INDICATES TRACE AMOUNT.




$$
