000
CDUS41 KBGM 030608
CLIBGM


CLIMATE REPORT
NATIONAL WEATHER SERVICE BINGHAMTON NY
207 AM EDT FRI NOV 3 2017


...................................

...THE BINGHAMTON NY CLIMATE SUMMARY FOR NOVEMBER 2 2017...

CLIMATE NORMAL PERIOD 1981 TO 2010
CLIMATE RECORD PERIOD 1951 TO 2017


WEATHER ITEM   OBSERVED TIME   RECORD YEAR NORMAL DEPARTURE LAST
                VALUE   (LST)  VALUE       VALUE  FROM      YEAR
                                                  NORMAL
..................................................................
TEMPERATURE (F)
 YESTERDAY
  MAXIMUM         64    310 PM  77    1982  51     13       66
  MINIMUM         49   1227 AM  19    1965  35     14       44
  AVERAGE         57                        43     14       55

PRECIPITATION (IN)
  YESTERDAY        0.05          2.10 1967   0.12  -0.07     0.00
  MONTH TO DATE    0.23                      0.23   0.00     0.00
  SINCE SEP 1      5.62                      7.19  -1.57     6.86
  SINCE JAN 1     45.36                     33.40  11.96    30.41

SNOWFALL (IN)
  YESTERDAY        0.0           7.2  1954   0.1   -0.1      0.0
  MONTH TO DATE    T                         0.2   -0.2      0.0
  SINCE SEP 1      T                         1.2   -1.2      1.0
  SINCE JUL 1      T                         1.2   -1.2      1.0
  SNOW DEPTH       0

DEGREE DAYS
 HEATING
  YESTERDAY        8                        22    -14       10
  MONTH TO DATE   33                        44    -11       36
  SINCE SEP 1    510                       753   -243      638
  SINCE JUL 1    591                       816   -225      647

 COOLING
  YESTERDAY        0                         0      0        0
  MONTH TO DATE    0                         0      0        0
  SINCE SEP 1     78                        33     45       52
  SINCE JAN 1    349                       381    -32      563
..................................................................


WIND (MPH)
  HIGHEST WIND SPEED    15   HIGHEST WIND DIRECTION     S (200)
  HIGHEST GUST SPEED    20   HIGHEST GUST DIRECTION     S (190)
  AVERAGE WIND SPEED     8.8


SKY COVER
  AVERAGE SKY COVER 0.7


WEATHER CONDITIONS
 THE FOLLOWING WEATHER WAS RECORDED YESTERDAY.
  LIGHT RAIN
  FOG


RELATIVE HUMIDITY (PERCENT)
 HIGHEST    93           200 AM
 LOWEST     56           300 PM
 AVERAGE    75

..........................................................


THE BINGHAMTON NY CLIMATE NORMALS FOR TODAY
                         NORMAL    RECORD    YEAR
 MAXIMUM TEMPERATURE (F)   50        75      1982
 MINIMUM TEMPERATURE (F)   35        15      1951


SUNRISE AND SUNSET
NOVEMBER  3 2017......SUNRISE   740 AM EDT   SUNSET   555 PM EDT
NOVEMBER  4 2017......SUNRISE   741 AM EDT   SUNSET   553 PM EDT


-  INDICATES NEGATIVE NUMBERS.
R  INDICATES RECORD WAS SET OR TIED.
MM INDICATES DATA IS MISSING.
T  INDICATES TRACE AMOUNT.




$$
