524
CDUS41 KBGM 160627
CLIBGM


CLIMATE REPORT
NATIONAL WEATHER SERVICE BINGHAMTON NY
223 AM EDT SUN APR 16 2017


...................................

...THE BINGHAMTON NY CLIMATE SUMMARY FOR APRIL 15 2017...

CLIMATE NORMAL PERIOD 1981 TO 2010
CLIMATE RECORD PERIOD 1951 TO 2017


WEATHER ITEM   OBSERVED TIME   RECORD YEAR NORMAL DEPARTURE LAST
                VALUE   (LST)  VALUE       VALUE  FROM      YEAR
                                                  NORMAL
..................................................................
TEMPERATURE (F)
 YESTERDAY
  MAXIMUM         69   1244 PM  83    1994  54     15       62
  MINIMUM         42    337 AM  21    1957  36      6       31
  AVERAGE         56                        45     11       47

PRECIPITATION (IN)
  YESTERDAY        0.02          1.95 1983   0.12  -0.10     0.00
  MONTH TO DATE    2.50                      1.77   0.73     2.21
  SINCE MAR 1      8.10                      4.76   3.34     3.61
  SINCE JAN 1     14.37                      9.52   4.85     8.92

SNOWFALL (IN)
  YESTERDAY        0.0           1.9  2007   0.1   -0.1      0.0
  MONTH TO DATE    2.1                       2.9   -0.8      9.3
  SINCE MAR 1     41.7                      18.0   23.7     10.3
  SINCE JUL 1    135.2                      81.9   53.3     32.0
  SNOW DEPTH       0

DEGREE DAYS
 HEATING
  YESTERDAY        9                        20    -11       18
  MONTH TO DATE  269                       346    -77      451
  SINCE MAR 1   1381                      1343     38     1222
  SINCE JUL 1   5994                      6542   -548     5580

 COOLING
  YESTERDAY        0                         0      0        0
  MONTH TO DATE    1                         0      1        0
  SINCE MAR 1      1                         0      1        0
  SINCE JAN 1      1                         0      1        0
..................................................................


WIND (MPH)
  HIGHEST WIND SPEED    20   HIGHEST WIND DIRECTION    SW (230)
  HIGHEST GUST SPEED    27   HIGHEST GUST DIRECTION    SW (210)
  AVERAGE WIND SPEED     9.2


SKY COVER
  AVERAGE SKY COVER 0.3


WEATHER CONDITIONS
 THE FOLLOWING WEATHER WAS RECORDED YESTERDAY.
  LIGHT RAIN


RELATIVE HUMIDITY (PERCENT)
 HIGHEST    67           800 PM
 LOWEST     31          1200 AM
 AVERAGE    49

..........................................................


THE BINGHAMTON NY CLIMATE NORMALS FOR TODAY
                         NORMAL    RECORD    YEAR
 MAXIMUM TEMPERATURE (F)   55        85      2002
 MINIMUM TEMPERATURE (F)   36        19      2014


SUNRISE AND SUNSET
APRIL 16 2017.........SUNRISE   621 AM EDT   SUNSET   747 PM EDT
APRIL 17 2017.........SUNRISE   620 AM EDT   SUNSET   748 PM EDT


-  INDICATES NEGATIVE NUMBERS.
R  INDICATES RECORD WAS SET OR TIED.
MM INDICATES DATA IS MISSING.
T  INDICATES TRACE AMOUNT.

$$
