000
CDUS41 KBGM 060547
CLIBGM


CLIMATE REPORT
NATIONAL WEATHER SERVICE BINGHAMTON NY
147 AM EDT SUN AUG 6 2017


...................................

...THE BINGHAMTON NY CLIMATE SUMMARY FOR AUGUST 5 2017...

CLIMATE NORMAL PERIOD 1981 TO 2010
CLIMATE RECORD PERIOD 1951 TO 2017


WEATHER ITEM   OBSERVED TIME   RECORD YEAR NORMAL DEPARTURE LAST
                VALUE   (LST)  VALUE       VALUE  FROM      YEAR
                                                  NORMAL
..................................................................
TEMPERATURE (F)
 YESTERDAY
  MAXIMUM         66    250 PM  94    1955  78    -12       79
  MINIMUM         55   1159 PM  44    1972  60     -5       62
                                      1951
  AVERAGE         61                        69     -8       71

PRECIPITATION (IN)
  YESTERDAY        0.06          1.36 1960   0.11  -0.05     0.00
  MONTH TO DATE    0.54                      0.58  -0.04     0.54
  SINCE JUN 1     13.21                      8.59   4.62     6.47
  SINCE JAN 1     37.66                     23.34  14.32    18.86

SNOWFALL (IN)
  YESTERDAY        0.0           0.0  2002   0.0    0.0      0.0
                                      2001
                                      2000
  MONTH TO DATE    0.0                       0.0    0.0      0.0
  SINCE JUN 1      T                         0.0    0.0      0.0
  SINCE JUL 1      0.0                       0.0    0.0      0.0
  SNOW DEPTH       0

DEGREE DAYS
 HEATING
  YESTERDAY        4                         1      3        0
  MONTH TO DATE    4                         5     -1        0
  SINCE JUN 1    107                       120    -13       72
  SINCE JUL 1     12                        29    -17        3

 COOLING
  YESTERDAY        0                         4     -4        6
  MONTH TO DATE   26                        20      6       24
  SINCE JUN 1    206                       232    -26      304
  SINCE JAN 1    227                       255    -28      350
..................................................................


WIND (MPH)
  HIGHEST WIND SPEED    20   HIGHEST WIND DIRECTION     W (260)
  HIGHEST GUST SPEED    24   HIGHEST GUST DIRECTION     W (270)
  AVERAGE WIND SPEED     9.8


SKY COVER
  AVERAGE SKY COVER 0.7


WEATHER CONDITIONS
 THE FOLLOWING WEATHER WAS RECORDED YESTERDAY.
  LIGHT RAIN
  FOG


RELATIVE HUMIDITY (PERCENT)
 HIGHEST   100           200 AM
 LOWEST     63          1200 PM
 AVERAGE    82

..........................................................


THE BINGHAMTON NY CLIMATE NORMALS FOR TODAY
                         NORMAL    RECORD    YEAR
 MAXIMUM TEMPERATURE (F)   78        88      2001
                                             1962
                                             1955
 MINIMUM TEMPERATURE (F)   59        45      1957


SUNRISE AND SUNSET
AUGUST  6 2017........SUNRISE   602 AM EDT   SUNSET   817 PM EDT
AUGUST  7 2017........SUNRISE   603 AM EDT   SUNSET   815 PM EDT


-  INDICATES NEGATIVE NUMBERS.
R  INDICATES RECORD WAS SET OR TIED.
MM INDICATES DATA IS MISSING.
T  INDICATES TRACE AMOUNT.




$$
