000
CDUS41 KBGM 020525
CLIBGM


CLIMATE REPORT
NATIONAL WEATHER SERVICE BINGHAMTON NY
1223 AM EST TUE JAN 2 2018


...................................

...THE BINGHAMTON NY CLIMATE SUMMARY FOR JANUARY 1 2018...

CLIMATE NORMAL PERIOD 1981 TO 2010
CLIMATE RECORD PERIOD 1951 TO 2018


WEATHER ITEM   OBSERVED TIME   RECORD YEAR NORMAL DEPARTURE LAST
                VALUE   (LST)  VALUE       VALUE  FROM      YEAR
                                                  NORMAL
..................................................................
TEMPERATURE (F)
 YESTERDAY
  MAXIMUM         10    421 PM  56    1973  29    -19       35
  MINIMUM         -7R   643 AM  -3    1957  17    -24       27
  AVERAGE          2                        23    -21       31

PRECIPITATION (IN)
  YESTERDAY        0.01          1.08 2003   0.08  -0.07     0.01
  MONTH TO DATE    0.01                      0.08  -0.07     0.01
  SINCE DEC 1      1.42                      2.91  -1.49     3.60
  SINCE JAN 1      0.01                      0.08  -0.07     0.01

SNOWFALL (IN)
  YESTERDAY        0.3          11.5  1961   0.7   -0.4       T
  MONTH TO DATE    0.3                       0.7   -0.4       T
  SINCE DEC 1     11.6                      18.5   -6.9     29.8
  SINCE JUL 1     13.4                      25.3  -11.9     58.4
  SNOW DEPTH       4

DEGREE DAYS
 HEATING
  YESTERDAY       63                        42     21       34
  MONTH TO DATE   63                        42     21       34
  SINCE DEC 1   1335                      1212    123     1210
  SINCE JUL 1   2733                      2787    -54     2559

 COOLING
  YESTERDAY        0                         0      0        0
  MONTH TO DATE    0                         0      0        0
  SINCE DEC 1      0                         0      0        0
  SINCE JAN 1      0                         0      0        0
..................................................................


WIND (MPH)
  HIGHEST WIND SPEED    18   HIGHEST WIND DIRECTION     W (270)
  HIGHEST GUST SPEED    28   HIGHEST GUST DIRECTION     W (280)
  AVERAGE WIND SPEED     9.0


SKY COVER
  AVERAGE SKY COVER 0.7


WEATHER CONDITIONS
 THE FOLLOWING WEATHER WAS RECORDED YESTERDAY.
  LIGHT SNOW
  FOG
  HAZE


RELATIVE HUMIDITY (PERCENT)
 HIGHEST    88          1100 PM
 LOWEST     55           100 PM
 AVERAGE    72

..........................................................


THE BINGHAMTON NY CLIMATE NORMALS FOR TODAY
                         NORMAL    RECORD    YEAR
 MAXIMUM TEMPERATURE (F)   29        55      2000
 MINIMUM TEMPERATURE (F)   17        -8      1968


SUNRISE AND SUNSET
JANUARY  2 2018.......SUNRISE   733 AM EST   SUNSET   443 PM EST
JANUARY  3 2018.......SUNRISE   733 AM EST   SUNSET   444 PM EST


-  INDICATES NEGATIVE NUMBERS.
R  INDICATES RECORD WAS SET OR TIED.
MM INDICATES DATA IS MISSING.
T  INDICATES TRACE AMOUNT.




$$
