000
CDUS41 KBGM 072123
CLIBGM


CLIMATE REPORT
NATIONAL WEATHER SERVICE BINGHAMTON NY
523 PM EDT SUN MAY 7 2017


...................................

...THE BINGHAMTON NY CLIMATE SUMMARY FOR MAY 7 2017...
VALID AS OF 0500 PM LOCAL TIME.

CLIMATE NORMAL PERIOD 1981 TO 2010
CLIMATE RECORD PERIOD 1951 TO 2017


WEATHER ITEM   OBSERVED TIME   RECORD YEAR NORMAL DEPARTURE LAST
                VALUE   (LST)  VALUE       VALUE  FROM      YEAR
                                                  NORMAL
..................................................................
TEMPERATURE (F)
 TODAY
  MAXIMUM         42   1253 AM  89    1982  63    -21       60
  MINIMUM         38    255 PM  26    1966  43     -5       44
  AVERAGE         40                        53    -13       52

PRECIPITATION (IN)
  TODAY            0.10          0.91 1967   0.11  -0.01      T
  MONTH TO DATE    2.95                      0.76   2.19     1.13
  SINCE MAR 1     14.16                      7.18   6.98     5.36
  SINCE JAN 1     20.43                     11.94   8.49    10.67

SNOWFALL (IN)
  TODAY            0.0           T    1997   0.0    0.0      0.0
  MONTH TO DATE    0.0                       0.1   -0.1      0.0
  SINCE MAR 1     41.7                      19.5   22.2     10.3
  SINCE JUL 1    135.2                      83.4   51.8     32.0
  SNOW DEPTH       0

DEGREE DAYS
 HEATING
  TODAY           25                        12     13       13
  MONTH TO DATE  111                        93     18      120
  SINCE MAR 1   1658                      1693    -35     1570
  SINCE JUL 1   6271                      6892   -621     5928

 COOLING
  TODAY            0                         0      0        0
  MONTH TO DATE    0                         0      0        0
  SINCE MAR 1      4                         4      0        0
  SINCE JAN 1      4                         4      0        0
..................................................................


WIND (MPH)
  HIGHEST WIND SPEED    15   HIGHEST WIND DIRECTION     W (290)
  HIGHEST GUST SPEED    20   HIGHEST GUST DIRECTION     W (270)
  AVERAGE WIND SPEED     9.5


SKY COVER
  AVERAGE SKY COVER 1.0


WEATHER CONDITIONS
 THE FOLLOWING WEATHER WAS RECORDED TODAY.
  LIGHT RAIN
  FOG


RELATIVE HUMIDITY (PERCENT)
 HIGHEST    93           200 AM
 LOWEST     85           700 AM
 AVERAGE    89

..........................................................


THE BINGHAMTON NY CLIMATE NORMALS FOR TOMORROW
                         NORMAL    RECORD    YEAR
 MAXIMUM TEMPERATURE (F)   63        85      2015
 MINIMUM TEMPERATURE (F)   44        26      1956


SUNRISE AND SUNSET
MAY  7 2017...........SUNRISE   551 AM EDT   SUNSET   810 PM EDT
MAY  8 2017...........SUNRISE   550 AM EDT   SUNSET   811 PM EDT


-  INDICATES NEGATIVE NUMBERS.
R  INDICATES RECORD WAS SET OR TIED.
MM INDICATES DATA IS MISSING.
T  INDICATES TRACE AMOUNT.




$$
