000
CDUS41 KBGM 100226
CLIBGM


CLIMATE REPORT
NATIONAL WEATHER SERVICE BINGHAMTON NY
1026 PM EDT MON MAY 9 2016


...................................

...THE BINGHAMTON NY CLIMATE SUMMARY FOR MAY 9 2016...
VALID AS OF 1000 PM LOCAL TIME.

CLIMATE NORMAL PERIOD 1981 TO 2010
CLIMATE RECORD PERIOD 1951 TO 2016


WEATHER ITEM   OBSERVED TIME   RECORD YEAR NORMAL DEPARTURE LAST
                VALUE   (LST)  VALUE       VALUE  FROM      YEAR
                                                  NORMAL
..................................................................
TEMPERATURE (F)
 TODAY
  MAXIMUM         58    356 PM  87    2000  64     -6       80
  MINIMUM         39    456 AM  27    1966  44     -5       61
  AVERAGE         49                        54     -5       71

PRECIPITATION (IN)
  TODAY            0.00          0.82 1968   0.11  -0.11     0.00
  MONTH TO DATE    1.29                      0.98   0.31     0.21
  SINCE MAR 1      5.52                      7.40  -1.88     6.41
  SINCE JAN 1     10.83                     12.16  -1.33    10.35

SNOWFALL (IN)
  TODAY            0.0           3.4  1966   0.0    0.0      0.0
  MONTH TO DATE    0.0                       0.1   -0.1      0.0
  SINCE MAR 1     10.3                      19.5   -9.2     17.6
  SINCE JUL 1     32.0                      83.4  -51.4     93.4
  SNOW DEPTH       0

DEGREE DAYS
 HEATING
  TODAY           16                        12      4        0
  MONTH TO DATE  154                       117     37       29
  SINCE MAR 1   1604                      1717   -113     1802
  SINCE JUL 1   5962                      6916   -954     7334

 COOLING
  TODAY            0                         0      0        6
  MONTH TO DATE    0                         0      0       16
  SINCE MAR 1      0                         4     -4       16
  SINCE JAN 1      0                         4     -4       16
..................................................................


WIND (MPH)
  HIGHEST WIND SPEED    18   HIGHEST WIND DIRECTION     N (360)
  HIGHEST GUST SPEED    25   HIGHEST GUST DIRECTION     N (350)
  AVERAGE WIND SPEED     8.7


SKY COVER
  AVERAGE SKY COVER 0.1


WEATHER CONDITIONS
 THE FOLLOWING WEATHER WAS RECORDED TODAY.
  NO SIGNIFICANT WEATHER WAS OBSERVED.


RELATIVE HUMIDITY (PERCENT)
 HIGHEST    85           400 AM
 LOWEST     36           400 PM
 AVERAGE    61

..........................................................


THE BINGHAMTON NY CLIMATE NORMALS FOR TOMORROW
                         NORMAL    RECORD    YEAR
 MAXIMUM TEMPERATURE (F)   64        84      2015
                                             1979
                                             1953
 MINIMUM TEMPERATURE (F)   44        25      1966


SUNRISE AND SUNSET
MAY  9 2016...........SUNRISE   549 AM EDT   SUNSET   812 PM EDT
MAY 10 2016...........SUNRISE   548 AM EDT   SUNSET   814 PM EDT


-  INDICATES NEGATIVE NUMBERS.
R  INDICATES RECORD WAS SET OR TIED.
MM INDICATES DATA IS MISSING.
T  INDICATES TRACE AMOUNT.




$$
