000
CDUS41 KBGM 120218
CLIBGM


CLIMATE REPORT
NATIONAL WEATHER SERVICE BINGHAMTON NY
1018 PM EDT SAT OCT 11 2014


...................................

...THE BINGHAMTON NY CLIMATE SUMMARY FOR OCTOBER 11 2014...
VALID AS OF 1000 PM LOCAL TIME.

CLIMATE NORMAL PERIOD 1981 TO 2010
CLIMATE RECORD PERIOD 1951 TO 2014


WEATHER ITEM   OBSERVED TIME   RECORD YEAR NORMAL DEPARTURE LAST
                VALUE   (LST)  VALUE       VALUE  FROM      YEAR
                                                  NORMAL
..................................................................
TEMPERATURE (F)
 TODAY
  MAXIMUM         57    230 PM  77    1961  59     -2       69
  MINIMUM         42    713 AM  25    1993  41      1       51
  AVERAGE         50                        50      0       60

PRECIPITATION (IN)
  TODAY            0.00          3.50 1962   0.11  -0.11     0.00
  MONTH TO DATE    0.49                      1.24  -0.75     1.65
  SINCE SEP 1      2.40                      4.87  -2.47     4.56
  SINCE JAN 1     31.43                     31.08   0.35    34.85

SNOWFALL (IN)
  TODAY            0.0           T    1988   0.0    0.0      0.0
  MONTH TO DATE    0.0                       0.1   -0.1      0.0
  SINCE SEP 1      0.0                       0.1   -0.1      0.0
  SINCE JUL 1      T                         0.1   -0.1      0.0
  SNOW DEPTH       0

DEGREE DAYS
 HEATING
  TODAY           15                        15      0        5
  MONTH TO DATE  127                       147    -20       59
  SINCE SEP 1    288                       341    -53      300
  SINCE JUL 1    354                       404    -50      351

 COOLING
  TODAY            0                         0      0        0
  MONTH TO DATE    0                         0      0       12
  SINCE SEP 1     38                        31      7       53
  SINCE JAN 1    340                       379    -39      480
..................................................................


WIND (MPH)
  HIGHEST WIND SPEED    15   HIGHEST WIND DIRECTION     N (340)
  HIGHEST GUST SPEED    21   HIGHEST GUST DIRECTION     N (350)
  AVERAGE WIND SPEED     6.5


SKY COVER
  AVERAGE SKY COVER 0.2


WEATHER CONDITIONS
 THE FOLLOWING WEATHER WAS RECORDED TODAY.
  NO SIGNIFICANT WEATHER WAS OBSERVED.


RELATIVE HUMIDITY (PERCENT)
 HIGHEST    89           200 AM
 LOWEST     51           300 PM
 AVERAGE    70

..........................................................


THE BINGHAMTON NY CLIMATE NORMALS FOR TOMORROW
                         NORMAL    RECORD    YEAR
 MAXIMUM TEMPERATURE (F)   58        82      1954
 MINIMUM TEMPERATURE (F)   41        27      1996
                                             1987


SUNRISE AND SUNSET
OCTOBER 11 2014.......SUNRISE   712 AM EDT   SUNSET   629 PM EDT
OCTOBER 12 2014.......SUNRISE   713 AM EDT   SUNSET   627 PM EDT


-  INDICATES NEGATIVE NUMBERS.
R  INDICATES RECORD WAS SET OR TIED.
MM INDICATES DATA IS MISSING.
T  INDICATES TRACE AMOUNT.




$$
