045
CDUS41 KBGM 150638
CLIBGM


CLIMATE REPORT
NATIONAL WEATHER SERVICE BINGHAMTON NY
237 AM EDT SUN OCT 15 2017


...................................

...THE BINGHAMTON NY CLIMATE SUMMARY FOR OCTOBER 14 2017...

CLIMATE NORMAL PERIOD 1981 TO 2010
CLIMATE RECORD PERIOD 1951 TO 2017


WEATHER ITEM   OBSERVED TIME   RECORD YEAR NORMAL DEPARTURE LAST
                VALUE   (LST)  VALUE       VALUE  FROM      YEAR
                                                  NORMAL
..................................................................
TEMPERATURE (F)
 YESTERDAY
  MAXIMUM         62    155 PM  80    1954  58      4       54
  MINIMUM         54   1221 AM  24    1993  41     13       34
  AVERAGE         58                        49      9       44

PRECIPITATION (IN)
  YESTERDAY        0.00          2.05 1995   0.11  -0.11     0.00
  MONTH TO DATE    0.97                      1.56  -0.59     0.56
  SINCE SEP 1      2.23                      5.19  -2.96     1.59
  SINCE JAN 1     41.97                     31.40  10.57    25.14

SNOWFALL (IN)
  YESTERDAY        0.0           0.2  1980   0.0    0.0      0.0
  MONTH TO DATE    0.0                       0.1   -0.1      0.0
  SINCE SEP 1      0.0                       0.1   -0.1      0.0
  SINCE JUL 1      0.0                       0.1   -0.1      0.0
  SNOW DEPTH       0

DEGREE DAYS
 HEATING
  YESTERDAY        7                        16     -9       21
  MONTH TO DATE   88                       194   -106      178
  SINCE SEP 1    243                       388   -145      292
  SINCE JUL 1    324                       451   -127      301

 COOLING
  YESTERDAY        0                         0      0        0
  MONTH TO DATE    9                         0      9        0
  SINCE SEP 1     78                        31     47       48
  SINCE JAN 1    349                       379    -30      559
..................................................................


WIND (MPH)
  HIGHEST WIND SPEED    12   HIGHEST WIND DIRECTION    SW (210)
  HIGHEST GUST SPEED    17   HIGHEST GUST DIRECTION    SW (220)
  AVERAGE WIND SPEED     5.4


SKY COVER
  AVERAGE SKY COVER 0.9


WEATHER CONDITIONS
 THE FOLLOWING WEATHER WAS RECORDED YESTERDAY.
  NO SIGNIFICANT WEATHER WAS OBSERVED.


RELATIVE HUMIDITY (PERCENT)
 HIGHEST   100          1000 PM
 LOWEST     78           100 PM
 AVERAGE    89

..........................................................


THE BINGHAMTON NY CLIMATE NORMALS FOR TODAY
                         NORMAL    RECORD    YEAR
 MAXIMUM TEMPERATURE (F)   57        78      1956
 MINIMUM TEMPERATURE (F)   40        28      1999
                                             1996


SUNRISE AND SUNSET
OCTOBER 15 2017.......SUNRISE   717 AM EDT   SUNSET   622 PM EDT
OCTOBER 16 2017.......SUNRISE   718 AM EDT   SUNSET   620 PM EDT


-  INDICATES NEGATIVE NUMBERS.
R  INDICATES RECORD WAS SET OR TIED.
MM INDICATES DATA IS MISSING.
T  INDICATES TRACE AMOUNT.




$$
