000
CDUS41 KBGM 190219
CLIBGM


CLIMATE REPORT
NATIONAL WEATHER SERVICE BINGHAMTON NY
1018 PM EDT WED MAR 18 2015


...................................

...THE BINGHAMTON NY CLIMATE SUMMARY FOR MARCH 18 2015...
VALID AS OF 1000 PM LOCAL TIME.

CLIMATE NORMAL PERIOD 1981 TO 2010
CLIMATE RECORD PERIOD 1951 TO 2015


WEATHER ITEM   OBSERVED TIME   RECORD YEAR NORMAL DEPARTURE LAST
                VALUE   (LST)  VALUE       VALUE  FROM      YEAR
                                                  NORMAL
..................................................................
TEMPERATURE (F)
 TODAY
  MAXIMUM         27    219 PM  74    2012  42    -15       42
  MINIMUM         18    729 AM  -4    1967  25     -7       18
  AVERAGE         23                        33    -10       30

PRECIPITATION (IN)
  TODAY            0.11          0.74 1977   0.10   0.01     0.00
  MONTH TO DATE    1.15                      1.63  -0.48     1.05
  SINCE MAR 1      1.15                      1.63  -0.48     1.05
  SINCE JAN 1      5.09                      6.39  -1.30     6.74

SNOWFALL (IN)
  TODAY            2.9           5.5  1977   0.5    2.4      0.0
  MONTH TO DATE   10.2                      10.3   -0.1      1.0
  SINCE MAR 1     10.2                      10.3   -0.1      1.0
  SINCE JUL 1     86.0                      74.2   11.8     83.5
  SNOW DEPTH       7

DEGREE DAYS
 HEATING
  TODAY           42                        32     10       35
  MONTH TO DATE  670                       621     49      750
  SINCE MAR 1    670                       621     49      750
  SINCE JUL 1   6202                      5820    382     6221

 COOLING
  TODAY            0                         0      0        0
  MONTH TO DATE    0                         0      0        0
  SINCE MAR 1      0                         0      0        0
  SINCE JAN 1      0                         0      0        0
..................................................................


WIND (MPH)
  HIGHEST WIND SPEED    24   HIGHEST WIND DIRECTION     N (340)
  HIGHEST GUST SPEED    34   HIGHEST GUST DIRECTION     N (340)
  AVERAGE WIND SPEED    13.0


SKY COVER
  AVERAGE SKY COVER 0.9


WEATHER CONDITIONS
 THE FOLLOWING WEATHER WAS RECORDED TODAY.
  HEAVY SNOW
  SNOW
  LIGHT SNOW
  FOG
  FOG W/VISIBILITY <= 1/4 MILE


RELATIVE HUMIDITY (PERCENT)
 HIGHEST    91          1200 PM
 LOWEST     52           800 PM
 AVERAGE    72

..........................................................


THE BINGHAMTON NY CLIMATE NORMALS FOR TOMORROW
                         NORMAL    RECORD    YEAR
 MAXIMUM TEMPERATURE (F)   42        73      2012
 MINIMUM TEMPERATURE (F)   25        -7      1993


SUNRISE AND SUNSET
MARCH 18 2015.........SUNRISE   711 AM EDT   SUNSET   714 PM EDT
MARCH 19 2015.........SUNRISE   709 AM EDT   SUNSET   715 PM EDT


-  INDICATES NEGATIVE NUMBERS.
R  INDICATES RECORD WAS SET OR TIED.
MM INDICATES DATA IS MISSING.
T  INDICATES TRACE AMOUNT.

$$
