000
CDUS41 KBGM 050622
CLIBGM


CLIMATE REPORT
NATIONAL WEATHER SERVICE BINGHAMTON NY
120 AM EST THU MAR 5 2015


...................................

...THE BINGHAMTON NY CLIMATE SUMMARY FOR MARCH 4 2015...

CLIMATE NORMAL PERIOD 1981 TO 2010
CLIMATE RECORD PERIOD 1951 TO 2015


WEATHER ITEM   OBSERVED TIME   RECORD YEAR NORMAL DEPARTURE LAST
                VALUE   (LST)  VALUE       VALUE  FROM      YEAR
                                                  NORMAL
..................................................................
TEMPERATURE (F)
 YESTERDAY
  MAXIMUM         38    204 PM  64    1974  37      1       19
  MINIMUM         27   1212 AM  -3    2014  21      6       -3
  AVERAGE         33                        29      4        8

PRECIPITATION (IN)
  YESTERDAY        0.00          1.23 1971   0.09  -0.09     0.01
  MONTH TO DATE    0.72                      0.34   0.38     0.03
  SINCE MAR 1      0.72                      0.34   0.38     0.03
  SINCE JAN 1      4.66                      5.10  -0.44     5.72

SNOWFALL (IN)
  YESTERDAY        0.0          15.7  1971   0.6   -0.6       T
  MONTH TO DATE    5.6                       2.5    3.1      0.3
  SINCE MAR 1      5.6                       2.5    3.1      0.3
  SINCE JUL 1     81.4                      66.4   15.0     82.8
  SNOW DEPTH      21

DEGREE DAYS
 HEATING
  YESTERDAY       32                        36     -4       57
  MONTH TO DATE  171                       147     24      205
  SINCE MAR 1    171                       147     24      205
  SINCE JUL 1   5703                      5346    357     5676

 COOLING
  YESTERDAY        0                         0      0        0
  MONTH TO DATE    0                         0      0        0
  SINCE MAR 1      0                         0      0        0
  SINCE JAN 1      0                         0      0        0
..................................................................


WIND (MPH)
  HIGHEST WIND SPEED    15   HIGHEST WIND DIRECTION     W (280)
  HIGHEST GUST SPEED    20   HIGHEST GUST DIRECTION     W (280)
  AVERAGE WIND SPEED     7.6


SKY COVER
  AVERAGE SKY COVER 0.9


WEATHER CONDITIONS
 THE FOLLOWING WEATHER WAS RECORDED YESTERDAY.
  FOG
  FOG W/VISIBILITY <= 1/4 MILE


RELATIVE HUMIDITY (PERCENT)
 HIGHEST   100           300 AM
 LOWEST     69           900 PM
 AVERAGE    85

..........................................................


THE BINGHAMTON NY CLIMATE NORMALS FOR TODAY
                         NORMAL    RECORD    YEAR
 MAXIMUM TEMPERATURE (F)   37        67      1976
 MINIMUM TEMPERATURE (F)   21         4      1978


SUNRISE AND SUNSET
MARCH  5 2015.........SUNRISE   633 AM EST   SUNSET   558 PM EST
MARCH  6 2015.........SUNRISE   631 AM EST   SUNSET   600 PM EST


-  INDICATES NEGATIVE NUMBERS.
R  INDICATES RECORD WAS SET OR TIED.
MM INDICATES DATA IS MISSING.
T  INDICATES TRACE AMOUNT.




$$
