000
CDUS41 KBGM 220612
CLIBGM


CLIMATE REPORT
NATIONAL WEATHER SERVICE BINGHAMTON NY
211 AM EDT FRI AUG 22 2014


...................................

...THE BINGHAMTON NY CLIMATE SUMMARY FOR AUGUST 21 2014...

CLIMATE NORMAL PERIOD 1981 TO 2010
CLIMATE RECORD PERIOD 1951 TO 2014


WEATHER ITEM   OBSERVED TIME   RECORD YEAR NORMAL DEPARTURE LAST
                VALUE   (LST)  VALUE       VALUE  FROM      YEAR
                                                  NORMAL
..................................................................
TEMPERATURE (F)
 YESTERDAY
  MAXIMUM         78    153 PM  89    1955  76      2       82
  MINIMUM         63   1121 PM  43    1992  58      5       59
  AVERAGE         71                        67      4       71

PRECIPITATION (IN)
  YESTERDAY        0.85R         0.72 2004   0.12   0.73     0.00
  MONTH TO DATE    4.80                      2.36   2.44     3.84
  SINCE JUN 1     13.01                     10.37   2.64    15.60
  SINCE JAN 1     28.37                     25.12   3.25    28.76

SNOWFALL (IN)
  YESTERDAY        0.0           0.0  2002   0.0    0.0      0.0
                                      2001
                                      2000
  MONTH TO DATE    0.0                       0.0    0.0      0.0
  SINCE JUN 1      T                         0.0    0.0      0.0
  SINCE JUL 1      T                         0.0    0.0      0.0
  SNOW DEPTH       0

DEGREE DAYS
 HEATING
  YESTERDAY        0                         1     -1        0
  MONTH TO DATE   29                        21      8       34
  SINCE JUN 1     99                       136    -37      135
  SINCE JUL 1     54                        45      9       48

 COOLING
  YESTERDAY        6                         3      3        6
  MONTH TO DATE   52                        82    -30       31
  SINCE JUN 1    260                       294    -34      334
  SINCE JAN 1    285                       317    -32      377
..................................................................


WIND (MPH)
  HIGHEST WIND SPEED    21   HIGHEST WIND DIRECTION     N (340)
  HIGHEST GUST SPEED    29   HIGHEST GUST DIRECTION     N (350)
  AVERAGE WIND SPEED     5.9


SKY COVER
  AVERAGE SKY COVER 0.7


WEATHER CONDITIONS
 THE FOLLOWING WEATHER WAS RECORDED YESTERDAY.
  THUNDERSTORM
  HEAVY RAIN
  LIGHT RAIN
  FOG


RELATIVE HUMIDITY (PERCENT)
 HIGHEST   100           300 AM
 LOWEST     74          1100 AM
 AVERAGE    87

..........................................................


THE BINGHAMTON NY CLIMATE NORMALS FOR TODAY
                         NORMAL    RECORD    YEAR
 MAXIMUM TEMPERATURE (F)   76        87      1955
 MINIMUM TEMPERATURE (F)   58        42      1982


SUNRISE AND SUNSET
AUGUST 22 2014........SUNRISE   619 AM EDT   SUNSET   754 PM EDT
AUGUST 23 2014........SUNRISE   620 AM EDT   SUNSET   752 PM EDT


-  INDICATES NEGATIVE NUMBERS.
R  INDICATES RECORD WAS SET OR TIED.
MM INDICATES DATA IS MISSING.
T  INDICATES TRACE AMOUNT.




$$
