000
CDUS41 KBGM 220557
CLIBGM


CLIMATE REPORT
NATIONAL WEATHER SERVICE BINGHAMTON NY
157 AM EDT TUE JUL 22 2014


...................................

...THE BINGHAMTON NY CLIMATE SUMMARY FOR JULY 21 2014...

CLIMATE NORMAL PERIOD 1981 TO 2010
CLIMATE RECORD PERIOD 1951 TO 2014


WEATHER ITEM   OBSERVED TIME   RECORD YEAR NORMAL DEPARTURE LAST
                VALUE   (LST)  VALUE       VALUE  FROM      YEAR
                                                  NORMAL
..................................................................
TEMPERATURE (F)
 YESTERDAY
  MAXIMUM         81    403 PM  95    2011  78      3       81
  MINIMUM         61    432 AM  44    1965  60      1       60
  AVERAGE         71                        69      2       71

PRECIPITATION (IN)
  YESTERDAY        0.00          2.17 1952   0.12  -0.12     0.00
  MONTH TO DATE    3.00                      2.53   0.47     4.29
  SINCE JUN 1      7.37                      6.84   0.53     9.53
  SINCE JAN 1     22.73                     21.59   1.14    22.69

SNOWFALL (IN)
  YESTERDAY        0.0           0.0  2002   0.0    0.0      0.0
                                      2000
                                      2001
  MONTH TO DATE    0.0                       0.0    0.0      0.0
  SINCE JUN 1      0.0                       0.0    0.0      0.0
  SINCE JUL 1      0.0                       0.0    0.0      0.0
  SNOW DEPTH       0

DEGREE DAYS
 HEATING
  YESTERDAY        0                         1     -1        0
  MONTH TO DATE    8                        21    -13        0
  SINCE JUN 1     53                       112    -59       87
  SINCE JUL 1      8                        21    -13        0

 COOLING
  YESTERDAY        6                         5      1        6
  MONTH TO DATE   94                        96     -2      203
  SINCE JUN 1    179                       170      9      286
  SINCE JAN 1    204                       193     11      329
..................................................................


WIND (MPH)
  HIGHEST WIND SPEED    10   HIGHEST WIND DIRECTION     W (260)
  HIGHEST GUST SPEED    16   HIGHEST GUST DIRECTION    SW (240)
  AVERAGE WIND SPEED     5.7


SKY COVER
  AVERAGE SKY COVER 0.6


WEATHER CONDITIONS
 THE FOLLOWING WEATHER WAS RECORDED YESTERDAY.
  NO SIGNIFICANT WEATHER WAS OBSERVED.


RELATIVE HUMIDITY (PERCENT)
 HIGHEST    90           500 AM
 LOWEST     54           400 PM
 AVERAGE    72

..........................................................


THE BINGHAMTON NY CLIMATE NORMALS FOR TODAY
                         NORMAL    RECORD    YEAR
 MAXIMUM TEMPERATURE (F)   78        95      1955
 MINIMUM TEMPERATURE (F)   60        49      1970


SUNRISE AND SUNSET
JULY 22 2014..........SUNRISE   547 AM EDT   SUNSET   833 PM EDT
JULY 23 2014..........SUNRISE   548 AM EDT   SUNSET   832 PM EDT


-  INDICATES NEGATIVE NUMBERS.
R  INDICATES RECORD WAS SET OR TIED.
MM INDICATES DATA IS MISSING.
T  INDICATES TRACE AMOUNT.




$$
