000
CDUS41 KBGM 090559
CLIBGM


CLIMATE REPORT
NATIONAL WEATHER SERVICE BINGHAMTON NY
158 AM EDT MON MAY 9 2016


...................................

...THE BINGHAMTON NY CLIMATE SUMMARY FOR MAY 8 2016...

CLIMATE NORMAL PERIOD 1981 TO 2010
CLIMATE RECORD PERIOD 1951 TO 2016


WEATHER ITEM   OBSERVED TIME   RECORD YEAR NORMAL DEPARTURE LAST
                VALUE   (LST)  VALUE       VALUE  FROM      YEAR
                                                  NORMAL
..................................................................
TEMPERATURE (F)
 YESTERDAY
  MAXIMUM         54    306 PM  85    2015  63     -9       85
  MINIMUM         40   1014 PM  26    1956  44     -4       60
  AVERAGE         47                        53     -6       73

PRECIPITATION (IN)
  YESTERDAY        0.16          0.80 1972   0.11   0.05     0.00
  MONTH TO DATE    1.29                      0.87   0.42     0.21
  SINCE MAR 1      5.52                      7.29  -1.77     6.41
  SINCE JAN 1     10.83                     12.05  -1.22    10.35

SNOWFALL (IN)
  YESTERDAY        0.0           1.4  1989   0.0    0.0      0.0
  MONTH TO DATE    0.0                       0.1   -0.1      0.0
  SINCE MAR 1     10.3                      19.5   -9.2     17.6
  SINCE JUL 1     32.0                      83.4  -51.4     93.4
  SNOW DEPTH       0

DEGREE DAYS
 HEATING
  YESTERDAY       18                        12      6        0
  MONTH TO DATE  138                       105     33       29
  SINCE MAR 1   1588                      1705   -117     1802
  SINCE JUL 1   5946                      6904   -958     7334

 COOLING
  YESTERDAY        0                         0      0        8
  MONTH TO DATE    0                         0      0       10
  SINCE MAR 1      0                         4     -4       10
  SINCE JAN 1      0                         4     -4       10
..................................................................


WIND (MPH)
  HIGHEST WIND SPEED    24   HIGHEST WIND DIRECTION     N (340)
  HIGHEST GUST SPEED    33   HIGHEST GUST DIRECTION     N (350)
  AVERAGE WIND SPEED    11.4


SKY COVER
  AVERAGE SKY COVER 0.8


WEATHER CONDITIONS
 THE FOLLOWING WEATHER WAS RECORDED YESTERDAY.
  LIGHT RAIN
  FOG


RELATIVE HUMIDITY (PERCENT)
 HIGHEST    93           300 AM
 LOWEST     38           200 PM
 AVERAGE    66

..........................................................


THE BINGHAMTON NY CLIMATE NORMALS FOR TODAY
                         NORMAL    RECORD    YEAR
 MAXIMUM TEMPERATURE (F)   64        87      2000
 MINIMUM TEMPERATURE (F)   44        27      1966


SUNRISE AND SUNSET
MAY  9 2016...........SUNRISE   549 AM EDT   SUNSET   812 PM EDT
MAY 10 2016...........SUNRISE   548 AM EDT   SUNSET   814 PM EDT


-  INDICATES NEGATIVE NUMBERS.
R  INDICATES RECORD WAS SET OR TIED.
MM INDICATES DATA IS MISSING.
T  INDICATES TRACE AMOUNT.




$$
