602
CDUS41 KBGM 210218
CLIBGM


CLIMATE REPORT
NATIONAL WEATHER SERVICE BINGHAMTON NY
1017 PM EDT THU JUL 20 2017


...................................

...THE BINGHAMTON NY CLIMATE SUMMARY FOR JULY 20 2017...
VALID AS OF 1000 PM LOCAL TIME.

CLIMATE NORMAL PERIOD 1981 TO 2010
CLIMATE RECORD PERIOD 1951 TO 2017


WEATHER ITEM   OBSERVED TIME   RECORD YEAR NORMAL DEPARTURE LAST
                VALUE   (LST)  VALUE       VALUE  FROM      YEAR
                                                  NORMAL
..................................................................
TEMPERATURE (F)
 TODAY
  MAXIMUM         82    146 PM  93    1991  78      4       81
  MINIMUM         66    530 AM  47    1965  60      6       52
  AVERAGE         74                        69      5       67

PRECIPITATION (IN)
  TODAY            0.22          1.59 2008   0.12   0.10     0.00
  MONTH TO DATE    3.35                      2.41   0.94     0.62
  SINCE JUN 1      9.09                      6.72   2.37     3.66
  SINCE JAN 1     33.54                     21.47  12.07    16.05

SNOWFALL (IN)
  TODAY            0.0           0.0  2002   0.0    0.0      0.0
                                      2000
                                      2001
  MONTH TO DATE    0.0                       0.0    0.0      0.0
  SINCE JUN 1      T                         0.0    0.0      0.0
  SINCE JUL 1      0.0                       0.0    0.0      0.0
  SNOW DEPTH       0

DEGREE DAYS
 HEATING
  TODAY            0                         1     -1        0
  MONTH TO DATE    1                        20    -19        3
  SINCE JUN 1     96                       111    -15       72
  SINCE JUL 1      1                        20    -19        3

 COOLING
  TODAY            9                         5      4        2
  MONTH TO DATE   81                        91    -10      118
  SINCE JUN 1    154                       165    -11      181
  SINCE JAN 1    175                       188    -13      227
..................................................................


WIND (MPH)
  HIGHEST WIND SPEED    17   HIGHEST WIND DIRECTION     N (360)
  HIGHEST GUST SPEED    21   HIGHEST GUST DIRECTION     N (350)
  AVERAGE WIND SPEED     6.0


SKY COVER
  AVERAGE SKY COVER 0.2


WEATHER CONDITIONS
 THE FOLLOWING WEATHER WAS RECORDED TODAY.
  THUNDERSTORM
  HEAVY RAIN
  RAIN
  LIGHT RAIN
  FOG


RELATIVE HUMIDITY (PERCENT)
 HIGHEST   100           300 AM
 LOWEST     62           200 PM
 AVERAGE    81

..........................................................


THE BINGHAMTON NY CLIMATE NORMALS FOR TOMORROW
                         NORMAL    RECORD    YEAR
 MAXIMUM TEMPERATURE (F)   78        95      2011
 MINIMUM TEMPERATURE (F)   60        44      1965


SUNRISE AND SUNSET
JULY 20 2017..........SUNRISE   546 AM EDT   SUNSET   835 PM EDT
JULY 21 2017..........SUNRISE   546 AM EDT   SUNSET   834 PM EDT


-  INDICATES NEGATIVE NUMBERS.
R  INDICATES RECORD WAS SET OR TIED.
MM INDICATES DATA IS MISSING.
T  INDICATES TRACE AMOUNT.




$$
