000
CDUS41 KBGM 282120
CLIBGM


CLIMATE REPORT
NATIONAL WEATHER SERVICE BINGHAMTON NY
518 PM EDT TUE OCT 28 2014


...................................

...THE BINGHAMTON NY CLIMATE SUMMARY FOR OCTOBER 28 2014...
VALID TODAY AS OF 0500 PM LOCAL TIME.

CLIMATE NORMAL PERIOD 1981 TO 2010
CLIMATE RECORD PERIOD 1951 TO 2014


WEATHER ITEM   OBSERVED TIME   RECORD YEAR NORMAL DEPARTURE LAST
                VALUE   (LST)  VALUE       VALUE  FROM      YEAR
                                                  NORMAL
..................................................................
TEMPERATURE (F)
 TODAY
  MAXIMUM         72    347 PM  77    1984  53     19       49
  MINIMUM         49    132 AM  17    1976  37     12       33
  AVERAGE         61                        45     16       41

PRECIPITATION (IN)
  TODAY            0.00          1.62 2009   0.11  -0.11     0.00
  MONTH TO DATE    3.29                      3.02   0.27     2.21
  SINCE SEP 1      5.20                      6.65  -1.45     5.12
  SINCE JAN 1     34.23                     32.86   1.37    35.41

SNOWFALL (IN)
  TODAY            0.0           1.9  2008   0.1   -0.1      0.0
  MONTH TO DATE    T                         0.8   -0.8       T
  SINCE SEP 1      T                         0.8   -0.8       T
  SINCE JUL 1      T                         0.8   -0.8       T
  SNOW DEPTH       0

DEGREE DAYS
 HEATING
  TODAY            4                        20    -16       24
  MONTH TO DATE  362                       451    -89      334
  SINCE SEP 1    523                       645   -122      575
  SINCE JUL 1    589                       708   -119      626

 COOLING
  TODAY            0                         0      0        0
  MONTH TO DATE    1                         0      1       12
  SINCE SEP 1     39                        31      8       53
  SINCE JAN 1    341                       379    -38      480
..................................................................


WIND (MPH)
  HIGHEST WIND SPEED    18   HIGHEST WIND DIRECTION    SW (220)
  HIGHEST GUST SPEED    27   HIGHEST GUST DIRECTION    SW (210)
  AVERAGE WIND SPEED     8.4


SKY COVER
  AVERAGE SKY COVER 0.0


WEATHER CONDITIONS
 THE FOLLOWING WEATHER WAS RECORDED TODAY.
  NO SIGNIFICANT WEATHER WAS OBSERVED.


RELATIVE HUMIDITY (PERCENT)
 HIGHEST    56           100 AM
 LOWEST     46           400 AM
 AVERAGE    51

..........................................................


THE BINGHAMTON NY CLIMATE NORMALS FOR TOMORROW
                         NORMAL    RECORD    YEAR
 MAXIMUM TEMPERATURE (F)   52        70      1989
                                             1982
 MINIMUM TEMPERATURE (F)   37        22      1965


SUNRISE AND SUNSET
OCTOBER 28 2014.......SUNRISE   732 AM EDT   SUNSET   603 PM EDT
OCTOBER 29 2014.......SUNRISE   733 AM EDT   SUNSET   601 PM EDT


-  INDICATES NEGATIVE NUMBERS.
R  INDICATES RECORD WAS SET OR TIED.
MM INDICATES DATA IS MISSING.
T  INDICATES TRACE AMOUNT.

$$
