000
CDUS41 KBGM 300613
CLIBGM


CLIMATE REPORT
NATIONAL WEATHER SERVICE BINGHAMTON NY
211 AM EDT TUE SEP 30 2014


...................................

...THE BINGHAMTON NY CLIMATE SUMMARY FOR SEPTEMBER 29 2014...

CLIMATE NORMAL PERIOD 1981 TO 2010
CLIMATE RECORD PERIOD 1951 TO 2014


WEATHER ITEM   OBSERVED TIME   RECORD YEAR NORMAL DEPARTURE LAST
                VALUE   (LST)  VALUE       VALUE  FROM      YEAR
                                                  NORMAL
..................................................................
TEMPERATURE (F)
 YESTERDAY
  MAXIMUM         74    235 PM  79    1954  63     11       67
  MINIMUM         56    413 AM  27    2000  46     10       47
  AVERAGE         65                        54     11       57

PRECIPITATION (IN)
  YESTERDAY        0.00          1.66 2011   0.12  -0.12     0.00
  MONTH TO DATE    1.77                      3.50  -1.73     2.91
  SINCE SEP 1      1.77                      3.50  -1.73     2.91
  SINCE JAN 1     30.80                     29.71   1.09    33.20

SNOWFALL (IN)
  YESTERDAY        0.0           T    1970   0.0    0.0      0.0
  MONTH TO DATE    0.0                       0.0    0.0      0.0
  SINCE SEP 1      0.0                       0.0    0.0      0.0
  SINCE JUL 1      T                         0.0    0.0      0.0
  SNOW DEPTH       0

DEGREE DAYS
 HEATING
  YESTERDAY        0                        11    -11        8
  MONTH TO DATE  159                       183    -24      236
  SINCE SEP 1    159                       183    -24      236
  SINCE JUL 1    225                       246    -21      287

 COOLING
  YESTERDAY        0                         0      0        0
  MONTH TO DATE   38                        29      9       41
  SINCE SEP 1     38                        29      9       41
  SINCE JAN 1    340                       377    -37      468
..................................................................


WIND (MPH)
  HIGHEST WIND SPEED     9   HIGHEST WIND DIRECTION     S (160)
  HIGHEST GUST SPEED    13   HIGHEST GUST DIRECTION     S (170)
  AVERAGE WIND SPEED     3.1


SKY COVER
  AVERAGE SKY COVER 0.1


WEATHER CONDITIONS
 THE FOLLOWING WEATHER WAS RECORDED YESTERDAY.
  FOG


RELATIVE HUMIDITY (PERCENT)
 HIGHEST    93           300 AM
 LOWEST     53           400 PM
 AVERAGE    73

..........................................................


THE BINGHAMTON NY CLIMATE NORMALS FOR TODAY
                         NORMAL    RECORD    YEAR
 MAXIMUM TEMPERATURE (F)   63        85      1953
 MINIMUM TEMPERATURE (F)   45        29      1991


SUNRISE AND SUNSET
SEPTEMBER 30 2014.....SUNRISE   700 AM EDT   SUNSET   647 PM EDT
OCTOBER  1 2014.......SUNRISE   701 AM EDT   SUNSET   645 PM EDT


-  INDICATES NEGATIVE NUMBERS.
R  INDICATES RECORD WAS SET OR TIED.
MM INDICATES DATA IS MISSING.
T  INDICATES TRACE AMOUNT.

$$
