000
CDUS41 KBGM 180641
CLIBGM


CLIMATE REPORT
NATIONAL WEATHER SERVICE BINGHAMTON NY
141 AM EST SUN FEB 18 2018


...................................

...THE BINGHAMTON NY CLIMATE SUMMARY FOR FEBRUARY 17 2018...

CLIMATE NORMAL PERIOD 1981 TO 2010
CLIMATE RECORD PERIOD 1951 TO 2018


WEATHER ITEM   OBSERVED TIME   RECORD YEAR NORMAL DEPARTURE LAST
                VALUE   (LST)  VALUE       VALUE  FROM      YEAR
                                                  NORMAL
..................................................................
TEMPERATURE (F)
 YESTERDAY
  MAXIMUM         31    335 PM  55    2011  33     -2       32
                                      1981
  MINIMUM         17    737 AM -15    1979  18     -1       17
  AVERAGE         24                        25     -1       25

PRECIPITATION (IN)
  YESTERDAY        0.12          1.05 1954   0.08   0.04      T
  MONTH TO DATE    1.85                      1.37   0.48     1.85
  SINCE DEC 1      6.06                      6.65  -0.59     9.23
  SINCE JAN 1      4.65                      3.82   0.83     5.64

SNOWFALL (IN)
  YESTERDAY        0.9          12.8  2003   0.6    0.3      0.3
  MONTH TO DATE   14.5                      10.3    4.2     22.9
  SINCE DEC 1     40.7                      50.3   -9.6     64.7
  SINCE JUL 1     42.5                      57.1  -14.6     93.3
  SNOW DEPTH       0

DEGREE DAYS
 HEATING
  YESTERDAY       41                        40      1       40
  MONTH TO DATE  661                       702    -41      675
  SINCE DEC 1   3283                      3199     84     3008
  SINCE JUL 1   4681                      4774    -93     4357

 COOLING
  YESTERDAY        0                         0      0        0
  MONTH TO DATE    0                         0      0        0
  SINCE DEC 1      0                         0      0        0
  SINCE JAN 1      0                         0      0        0
..................................................................


WIND (MPH)
  HIGHEST WIND SPEED    18   HIGHEST WIND DIRECTION     S (170)
  HIGHEST GUST SPEED    27   HIGHEST GUST DIRECTION     S (190)
  AVERAGE WIND SPEED     7.8


SKY COVER
  AVERAGE SKY COVER 0.5


WEATHER CONDITIONS
 THE FOLLOWING WEATHER WAS RECORDED YESTERDAY.
  LIGHT SNOW
  FOG
  HAZE


RELATIVE HUMIDITY (PERCENT)
 HIGHEST    92           800 PM
 LOWEST     43           200 PM
 AVERAGE    68

..........................................................


THE BINGHAMTON NY CLIMATE NORMALS FOR TODAY
                         NORMAL    RECORD    YEAR
 MAXIMUM TEMPERATURE (F)   33        58      2011
 MINIMUM TEMPERATURE (F)   18       -15      1979


SUNRISE AND SUNSET
FEBRUARY 18 2018......SUNRISE   656 AM EST   SUNSET   540 PM EST
FEBRUARY 19 2018......SUNRISE   654 AM EST   SUNSET   542 PM EST


-  INDICATES NEGATIVE NUMBERS.
R  INDICATES RECORD WAS SET OR TIED.
MM INDICATES DATA IS MISSING.
T  INDICATES TRACE AMOUNT.




$$
