575
CDUS41 KBGM 302118
CLIBGM


CLIMATE REPORT
NATIONAL WEATHER SERVICE BINGHAMTON NY
518 PM EDT MON MAY 30 2016


...................................

...THE BINGHAMTON NY CLIMATE SUMMARY FOR MAY 30 2016...
VALID TODAY AS OF 0500 PM LOCAL TIME.

CLIMATE NORMAL PERIOD 1981 TO 2010
CLIMATE RECORD PERIOD 1951 TO 2016


WEATHER ITEM   OBSERVED TIME   RECORD YEAR NORMAL DEPARTURE LAST
                VALUE   (LST)  VALUE       VALUE  FROM      YEAR
                                                  NORMAL
..................................................................
TEMPERATURE (F)
 TODAY
  MAXIMUM         81    130 PM  88    2006  70     11       82
                                      1987
  MINIMUM         60    558 AM  35    1961  51      9       65
  AVERAGE         71                        60     11       74

PRECIPITATION (IN)
  TODAY            0.01          0.82 1992   0.13  -0.12     0.10
  MONTH TO DATE    2.85                      3.44  -0.59     3.12
  SINCE MAR 1      7.08                      9.86  -2.78     9.32
  SINCE JAN 1     12.39                     14.62  -2.23    13.26

SNOWFALL (IN)
  TODAY            0.0           0.0  2002   0.0    0.0      0.0
                                      2001
  MONTH TO DATE    T                         0.1   -0.1      0.0
  SINCE MAR 1     10.3                      19.5   -9.2     17.6
  SINCE JUL 1     32.0                      83.4  -51.4     93.4
  SNOW DEPTH       0

DEGREE DAYS
 HEATING
  TODAY            0                         6     -6        0
  MONTH TO DATE  321                       299     22      148
  SINCE MAR 1   1771                      1899   -128     1921
  SINCE JUL 1   6129                      7098   -969     7453

 COOLING
  TODAY            6                         1      5        9
  MONTH TO DATE   43                        18     25       73
  SINCE MAR 1     43                        22     21       73
  SINCE JAN 1     43                        22     21       73
..................................................................


WIND (MPH)
  HIGHEST WIND SPEED    17   HIGHEST WIND DIRECTION    SW (240)
  HIGHEST GUST SPEED    23   HIGHEST GUST DIRECTION     W (250)
  AVERAGE WIND SPEED     6.7


SKY COVER
  AVERAGE SKY COVER 0.2


WEATHER CONDITIONS
 THE FOLLOWING WEATHER WAS RECORDED TODAY.
  THUNDERSTORM
  LIGHT RAIN
  FOG


RELATIVE HUMIDITY (PERCENT)
 HIGHEST    93           200 AM
 LOWEST     56          1200 PM
 AVERAGE    75

..........................................................


THE BINGHAMTON NY CLIMATE NORMALS FOR TOMORROW
                         NORMAL    RECORD    YEAR
 MAXIMUM TEMPERATURE (F)   70        87      2013
                                             2011
 MINIMUM TEMPERATURE (F)   51        37      2009
                                             2001
                                             1961


SUNRISE AND SUNSET
MAY 30 2016...........SUNRISE   531 AM EDT   SUNSET   833 PM EDT
MAY 31 2016...........SUNRISE   530 AM EDT   SUNSET   833 PM EDT


-  INDICATES NEGATIVE NUMBERS.
R  INDICATES RECORD WAS SET OR TIED.
MM INDICATES DATA IS MISSING.
T  INDICATES TRACE AMOUNT.

$$
