000
CDUS41 KBGM 180220
CLIBGM


CLIMATE REPORT
NATIONAL WEATHER SERVICE BINGHAMTON NY
1020 PM EDT WED SEP 17 2014


...................................

...THE BINGHAMTON NY CLIMATE SUMMARY FOR SEPTEMBER 17 2014...
VALID AS OF 1000 PM LOCAL TIME.

CLIMATE NORMAL PERIOD 1981 TO 2010
CLIMATE RECORD PERIOD 1951 TO 2014


WEATHER ITEM   OBSERVED TIME   RECORD YEAR NORMAL DEPARTURE LAST
                VALUE   (LST)  VALUE       VALUE  FROM      YEAR
                                                  NORMAL
..................................................................
TEMPERATURE (F)
 TODAY
  MAXIMUM         64    345 PM  84    1972  68     -4       61
  MINIMUM         44    557 AM  35    1959  50     -6       36
  AVERAGE         54                        59     -5       49

PRECIPITATION (IN)
  TODAY            0.00          2.92 2004   0.12  -0.12     0.00
  MONTH TO DATE    1.73                      2.00  -0.27     2.36
  SINCE SEP 1      1.73                      2.00  -0.27     2.36
  SINCE JAN 1     30.76                     28.21   2.55    32.65

SNOWFALL (IN)
  TODAY            0.0           0.0  2002   0.0    0.0      0.0
                                      2001
                                      2000
  MONTH TO DATE    0.0                       0.0    0.0      0.0
  SINCE SEP 1      0.0                       0.0    0.0      0.0
  SINCE JUL 1      T                         0.0    0.0      0.0
  SNOW DEPTH       0

DEGREE DAYS
 HEATING
  TODAY           11                         7      4       16
  MONTH TO DATE   84                        76      8      121
  SINCE SEP 1     84                        76      8      121
  SINCE JUL 1    150                       139     11      172

 COOLING
  TODAY            0                         1     -1        0
  MONTH TO DATE   38                        24     14       41
  SINCE SEP 1     38                        24     14       41
  SINCE JAN 1    340                       372    -32      468
..................................................................


WIND (MPH)
  HIGHEST WIND SPEED    12   HIGHEST WIND DIRECTION     W (260)
  HIGHEST GUST SPEED    16   HIGHEST GUST DIRECTION     W (280)
  AVERAGE WIND SPEED     4.6


SKY COVER
  AVERAGE SKY COVER 0.4


WEATHER CONDITIONS
 THE FOLLOWING WEATHER WAS RECORDED TODAY.
  FOG


RELATIVE HUMIDITY (PERCENT)
 HIGHEST   100           300 AM
 LOWEST     46           300 PM
 AVERAGE    73

..........................................................


THE BINGHAMTON NY CLIMATE NORMALS FOR TOMORROW
                         NORMAL    RECORD    YEAR
 MAXIMUM TEMPERATURE (F)   68        83      1955
 MINIMUM TEMPERATURE (F)   50        35      1990


SUNRISE AND SUNSET
SEPTEMBER 17 2014.....SUNRISE   646 AM EDT   SUNSET   710 PM EDT
SEPTEMBER 18 2014.....SUNRISE   647 AM EDT   SUNSET   708 PM EDT


-  INDICATES NEGATIVE NUMBERS.
R  INDICATES RECORD WAS SET OR TIED.
MM INDICATES DATA IS MISSING.
T  INDICATES TRACE AMOUNT.




$$
