000
CDUS41 KBGM 012218
CLIBGM


CLIMATE REPORT
NATIONAL WEATHER SERVICE BINGHAMTON NY
518 PM EST SUN FEB 1 2015


...................................

...THE BINGHAMTON NY CLIMATE SUMMARY FOR FEBRUARY 1 2015...
VALID TODAY AS OF 0500 PM LOCAL TIME.

CLIMATE NORMAL PERIOD 1981 TO 2010
CLIMATE RECORD PERIOD 1951 TO 2015


WEATHER ITEM   OBSERVED TIME   RECORD YEAR NORMAL DEPARTURE LAST
                VALUE   (LST)  VALUE       VALUE  FROM      YEAR
                                                  NORMAL
..................................................................
TEMPERATURE (F)
 TODAY
  MAXIMUM         24    234 PM  58    1989  29     -5       38
  MINIMUM         11   1219 AM -10    1961  16     -5       26
  AVERAGE         18                        23     -5       32

PRECIPITATION (IN)
  TODAY            0.04          1.14 2008   0.08  -0.04     0.02
  MONTH TO DATE    0.04                      0.08  -0.04     0.02
  SINCE DEC 1      5.27                      5.36  -0.09     6.40
  SINCE JAN 1      1.97                      2.53  -0.56     2.96

SNOWFALL (IN)
  TODAY            0.2           4.3  2011   0.6   -0.4       T
  MONTH TO DATE    0.2                       0.6   -0.4       T
  SINCE DEC 1     29.4                      40.6  -11.2     48.2
  SINCE JUL 1     43.1                      47.4   -4.3     56.4
  SNOW DEPTH       8

DEGREE DAYS
 HEATING
  TODAY           47                        42      5       33
  MONTH TO DATE   47                        42      5       33
  SINCE DEC 1   2576                      2539     37     2652
  SINCE JUL 1   4111                      4114     -3     4243

 COOLING
  TODAY            0                         0      0        0
  MONTH TO DATE    0                         0      0        0
  SINCE DEC 1      0                         0      0        0
  SINCE JAN 1      0                         0      0        0
..................................................................


WIND (MPH)
  HIGHEST WIND SPEED    10   HIGHEST WIND DIRECTION     W (260)
  HIGHEST GUST SPEED    13   HIGHEST GUST DIRECTION    SW (240)
  AVERAGE WIND SPEED     6.4


SKY COVER
  AVERAGE SKY COVER 1.0


WEATHER CONDITIONS
 THE FOLLOWING WEATHER WAS RECORDED TODAY.
  LIGHT SNOW
  FOG
  HAZE


RELATIVE HUMIDITY (PERCENT)
 HIGHEST    92          1000 AM
 LOWEST     73           200 AM
 AVERAGE    83

..........................................................


THE BINGHAMTON NY CLIMATE NORMALS FOR TOMORROW
                         NORMAL    RECORD    YEAR
 MAXIMUM TEMPERATURE (F)   30        51      1973
 MINIMUM TEMPERATURE (F)   16       -15      1961


SUNRISE AND SUNSET
FEBRUARY  1 2015......SUNRISE   717 AM EST   SUNSET   518 PM EST
FEBRUARY  2 2015......SUNRISE   716 AM EST   SUNSET   519 PM EST


-  INDICATES NEGATIVE NUMBERS.
R  INDICATES RECORD WAS SET OR TIED.
MM INDICATES DATA IS MISSING.
T  INDICATES TRACE AMOUNT.




$$
