000
CDUS41 KBGM 290559
CLIBGM


CLIMATE REPORT
NATIONAL WEATHER SERVICE BINGHAMTON NY
158 AM EDT THU SEP 29 2016


...................................

...THE BINGHAMTON NY CLIMATE SUMMARY FOR SEPTEMBER 28 2016...

CLIMATE NORMAL PERIOD 1981 TO 2010
CLIMATE RECORD PERIOD 1951 TO 2016


WEATHER ITEM   OBSERVED TIME   RECORD YEAR NORMAL DEPARTURE LAST
                VALUE   (LST)  VALUE       VALUE  FROM      YEAR
                                                  NORMAL
..................................................................
TEMPERATURE (F)
 YESTERDAY
  MAXIMUM         68   1158 AM  79    1959  64      4       72
  MINIMUM         44    541 AM  30    1989  46     -2       54
  AVERAGE         56                        55      1       63

PRECIPITATION (IN)
  YESTERDAY        0.00          1.63 2006   0.13  -0.13      T
  MONTH TO DATE    0.76                      3.38  -2.62     0.50
  SINCE SEP 1      0.76                      3.38  -2.62     0.50
  SINCE JAN 1     24.31                     29.59  -5.28    32.02

SNOWFALL (IN)
  YESTERDAY        0.0           T    2007   0.0    0.0      0.0
  MONTH TO DATE    0.0                       0.0    0.0      0.0
  SINCE SEP 1      0.0                       0.0    0.0      0.0
  SINCE JUL 1      0.0                       0.0    0.0       T
  SNOW DEPTH       0

DEGREE DAYS
 HEATING
  YESTERDAY        9                        11     -2        2
  MONTH TO DATE   88                       172    -84       73
  SINCE SEP 1     88                       172    -84       73
  SINCE JUL 1     97                       235   -138      122

 COOLING
  YESTERDAY        0                         0      0        0
  MONTH TO DATE   48                        29     19       99
  SINCE SEP 1     48                        29     19       99
  SINCE JAN 1    559                       377    182      441
..................................................................


WIND (MPH)
  HIGHEST WIND SPEED    22   HIGHEST WIND DIRECTION    SE (130)
  HIGHEST GUST SPEED    27   HIGHEST GUST DIRECTION    SE (120)
  AVERAGE WIND SPEED     9.8


SKY COVER
  AVERAGE SKY COVER 0.3


WEATHER CONDITIONS
 THE FOLLOWING WEATHER WAS RECORDED YESTERDAY.
  NO SIGNIFICANT WEATHER WAS OBSERVED.


RELATIVE HUMIDITY (PERCENT)
 HIGHEST   100           600 AM
 LOWEST     52          1100 AM
 AVERAGE    76

..........................................................


THE BINGHAMTON NY CLIMATE NORMALS FOR TODAY
                         NORMAL    RECORD    YEAR
 MAXIMUM TEMPERATURE (F)   63        79      1954
 MINIMUM TEMPERATURE (F)   46        27      2000


SUNRISE AND SUNSET
SEPTEMBER 29 2016.....SUNRISE   659 AM EDT   SUNSET   648 PM EDT
SEPTEMBER 30 2016.....SUNRISE   700 AM EDT   SUNSET   646 PM EDT


-  INDICATES NEGATIVE NUMBERS.
R  INDICATES RECORD WAS SET OR TIED.
MM INDICATES DATA IS MISSING.
T  INDICATES TRACE AMOUNT.




$$
