000
CDUS41 KBGM 010545
CLIBGM


CLIMATE REPORT
NATIONAL WEATHER SERVICE BINGHAMTON NY
1244 AM EST WED MAR 1 2017


...................................

...THE BINGHAMTON NY CLIMATE SUMMARY FOR FEBRUARY 28 2017...

CLIMATE NORMAL PERIOD 1981 TO 2010
CLIMATE RECORD PERIOD 1951 TO 2017


WEATHER ITEM   OBSERVED TIME   RECORD YEAR NORMAL DEPARTURE LAST
                VALUE   (LST)  VALUE       VALUE  FROM      YEAR
                                                  NORMAL
..................................................................
TEMPERATURE (F)
 YESTERDAY
  MAXIMUM         58R   308 PM  57    2016  36     22       57
  MINIMUM         34    718 AM  -4    2014  20     14       29
  AVERAGE         46                        28     18       43

PRECIPITATION (IN)
  YESTERDAY        0.01          1.42 1958   0.09  -0.08     0.00
  MONTH TO DATE    2.47                      2.31   0.16     3.97
  SINCE DEC 1      9.85                      7.59   2.26     8.89
  SINCE JAN 1      6.26                      4.76   1.50     5.28

SNOWFALL (IN)
  YESTERDAY        0.0           6.1  1958   0.6   -0.6      0.0
  MONTH TO DATE   23.1                      17.1    6.0      8.2
  SINCE DEC 1     64.9                      57.1    7.8     20.6
  SINCE JUL 1     93.5                      63.9   29.6     21.7
  SNOW DEPTH       0

DEGREE DAYS
 HEATING
  YESTERDAY       19                        37    -18       22
  MONTH TO DATE  931                      1127   -196     1054
  SINCE DEC 1   3264                      3624   -360     3062
  SINCE JUL 1   4613                      5199   -586     4332

 COOLING
  YESTERDAY        0                         0      0        0
  MONTH TO DATE    0                         0      0        0
  SINCE DEC 1      0                         0      0        0
  SINCE JAN 1      0                         0      0        0
..................................................................


WIND (MPH)
  HIGHEST WIND SPEED    17   HIGHEST WIND DIRECTION     S (200)
  HIGHEST GUST SPEED    26   HIGHEST GUST DIRECTION     S (190)
  AVERAGE WIND SPEED     8.0


SKY COVER
  AVERAGE SKY COVER 0.7


WEATHER CONDITIONS
 THE FOLLOWING WEATHER WAS RECORDED YESTERDAY.
  LIGHT RAIN


RELATIVE HUMIDITY (PERCENT)
 HIGHEST    89           400 AM
 LOWEST     36           200 PM
 AVERAGE    63

..........................................................


THE BINGHAMTON NY CLIMATE NORMALS FOR TODAY
                         NORMAL    RECORD    YEAR
 MAXIMUM TEMPERATURE (F)   36        60      1972
 MINIMUM TEMPERATURE (F)   20        -5      1980


SUNRISE AND SUNSET
MARCH  1 2017.........SUNRISE   639 AM EST   SUNSET   554 PM EST
MARCH  2 2017.........SUNRISE   637 AM EST   SUNSET   555 PM EST


-  INDICATES NEGATIVE NUMBERS.
R  INDICATES RECORD WAS SET OR TIED.
MM INDICATES DATA IS MISSING.
T  INDICATES TRACE AMOUNT.




$$
