000
CDUS41 KBGM 170644
CLIBGM


CLIMATE REPORT
NATIONAL WEATHER SERVICE BINGHAMTON NY
244 AM EDT WED SEP 17 2014


...................................

...THE BINGHAMTON NY CLIMATE SUMMARY FOR SEPTEMBER 16 2014...

CLIMATE NORMAL PERIOD 1981 TO 2010
CLIMATE RECORD PERIOD 1951 TO 2014


WEATHER ITEM   OBSERVED TIME   RECORD YEAR NORMAL DEPARTURE LAST
                VALUE   (LST)  VALUE       VALUE  FROM      YEAR
                                                  NORMAL
..................................................................
TEMPERATURE (F)
 YESTERDAY
  MAXIMUM         62    335 PM  90    1991  68     -6       60
  MINIMUM         47   1059 PM  35    1988  51     -4       40
                                      1964
  AVERAGE         55                        60     -5       50

PRECIPITATION (IN)
  YESTERDAY        0.44          3.45 1999   0.13   0.31     0.03
  MONTH TO DATE    1.73                      1.88  -0.15     2.36
  SINCE SEP 1      1.73                      1.88  -0.15     2.36
  SINCE JAN 1     30.76                     28.09   2.67    32.65

SNOWFALL (IN)
  YESTERDAY       MM             0.0  2002   0.0   MM        0.0
                                      2001
                                      2000
  MONTH TO DATE    0.0                       0.0    0.0      0.0
  SINCE SEP 1      0.0                       0.0    0.0      0.0
  SINCE JUL 1      T                         0.0    0.0      0.0
  SNOW DEPTH       0

DEGREE DAYS
 HEATING
  YESTERDAY       10                         6      4       15
  MONTH TO DATE   73                        69      4      105
  SINCE SEP 1     73                        69      4      105
  SINCE JUL 1    139                       132      7      156

 COOLING
  YESTERDAY        0                         1     -1        0
  MONTH TO DATE   38                        23     15       41
  SINCE SEP 1     38                        23     15       41
  SINCE JAN 1    340                       371    -31      468
..................................................................


WIND (MPH)
  HIGHEST WIND SPEED    14   HIGHEST WIND DIRECTION     W (270)
  HIGHEST GUST SPEED    18   HIGHEST GUST DIRECTION     W (270)
  AVERAGE WIND SPEED     5.2


SKY COVER
  AVERAGE SKY COVER 0.7


WEATHER CONDITIONS
 THE FOLLOWING WEATHER WAS RECORDED YESTERDAY.
  RAIN
  LIGHT RAIN
  FOG
  FOG W/VISIBILITY <= 1/4 MILE


RELATIVE HUMIDITY (PERCENT)
 HIGHEST   100           200 AM
 LOWEST     60           300 PM
 AVERAGE    80

..........................................................


THE BINGHAMTON NY CLIMATE NORMALS FOR TODAY
                         NORMAL    RECORD    YEAR
 MAXIMUM TEMPERATURE (F)   68        84      1972
 MINIMUM TEMPERATURE (F)   50        35      1959


SUNRISE AND SUNSET
SEPTEMBER 17 2014.....SUNRISE   646 AM EDT   SUNSET   710 PM EDT
SEPTEMBER 18 2014.....SUNRISE   647 AM EDT   SUNSET   708 PM EDT


-  INDICATES NEGATIVE NUMBERS.
R  INDICATES RECORD WAS SET OR TIED.
MM INDICATES DATA IS MISSING.
T  INDICATES TRACE AMOUNT.




$$
