000
CDUS41 KBGM 142121
CLIBGM


CLIMATE REPORT
NATIONAL WEATHER SERVICE BINGHAMTON NY
520 PM EDT MON APR 14 2014


...................................

...THE BINGHAMTON NY CLIMATE SUMMARY FOR APRIL 14 2014...
VALID TODAY AS OF 0500 PM LOCAL TIME.

CLIMATE NORMAL PERIOD 1981 TO 2010
CLIMATE RECORD PERIOD 1951 TO 2014


WEATHER ITEM   OBSERVED TIME   RECORD YEAR NORMAL DEPARTURE LAST
                VALUE   (LST)  VALUE       VALUE  FROM      YEAR
                                                  NORMAL
..................................................................
TEMPERATURE (F)
 TODAY
  MAXIMUM         74   1223 PM  79    1968  54     20       46
  MINIMUM         61    554 AM  22    1957  35     26       33
  AVERAGE         68                        44     24       40

PRECIPITATION (IN)
  TODAY            0.00          0.61 2002   0.12  -0.12     0.02
  MONTH TO DATE    0.89                      1.65  -0.76     1.67
  SINCE MAR 1      3.57                      4.64  -1.07     3.57
  SINCE JAN 1      9.26                      9.40  -0.14     8.12

SNOWFALL (IN)
  TODAY            0.0           1.4  1962   0.2   -0.2       T
  MONTH TO DATE    T                         2.8   -2.8      0.9
  SINCE MAR 1      1.9                      17.9  -16.0     15.3
  SINCE JUL 1     84.4                      81.8    2.6     69.1
  SNOW DEPTH       0

DEGREE DAYS
 HEATING
  TODAY            0                        21    -21       25
  MONTH TO DATE  267                       326    -59      349
  SINCE MAR 1   1467                      1323    144     1420
  SINCE JUL 1   6938                      6522    416     6304

 COOLING
  TODAY            3                         0      3        0
  MONTH TO DATE    4                         0      4        0
  SINCE MAR 1      4                         0      4        0
  SINCE JAN 1      4                         0      4        0
..................................................................


WIND (MPH)
  HIGHEST WIND SPEED    25   HIGHEST WIND DIRECTION    SW (210)
  HIGHEST GUST SPEED    39   HIGHEST GUST DIRECTION    SW (210)
  AVERAGE WIND SPEED    13.0


SKY COVER
  AVERAGE SKY COVER 0.1


WEATHER CONDITIONS
 THE FOLLOWING WEATHER WAS RECORDED TODAY.
  NO SIGNIFICANT WEATHER WAS OBSERVED.


RELATIVE HUMIDITY (PERCENT)
 HIGHEST    72           600 AM
 LOWEST     44           300 PM
 AVERAGE    58

..........................................................


THE BINGHAMTON NY CLIMATE NORMALS FOR TOMORROW
                         NORMAL    RECORD    YEAR
 MAXIMUM TEMPERATURE (F)   54        83      1994
 MINIMUM TEMPERATURE (F)   36        21      1957


SUNRISE AND SUNSET
APRIL 14 2014.........SUNRISE   625 AM EDT   SUNSET   744 PM EDT
APRIL 15 2014.........SUNRISE   623 AM EDT   SUNSET   745 PM EDT


-  INDICATES NEGATIVE NUMBERS.
R  INDICATES RECORD WAS SET OR TIED.
MM INDICATES DATA IS MISSING.
T  INDICATES TRACE AMOUNT.




$$
