000
CDUS41 KBGM 230606
CLIBGM


CLIMATE REPORT
NATIONAL WEATHER SERVICE BINGHAMTON NY
105 AM EST FRI JAN 23 2015


...................................

...THE BINGHAMTON NY CLIMATE SUMMARY FOR JANUARY 22 2015...

CLIMATE NORMAL PERIOD 1981 TO 2010
CLIMATE RECORD PERIOD 1951 TO 2015


WEATHER ITEM   OBSERVED TIME   RECORD YEAR NORMAL DEPARTURE LAST
                VALUE   (LST)  VALUE       VALUE  FROM      YEAR
                                                  NORMAL
..................................................................
TEMPERATURE (F)
 YESTERDAY
  MAXIMUM         27    312 PM  58    1959  29     -2        3
  MINIMUM         15   1052 PM -13    2005  15      0      -11
  AVERAGE         21                        22     -1       -4

PRECIPITATION (IN)
  YESTERDAY        0.01          0.63 1987   0.08  -0.07      T
  MONTH TO DATE    1.56                      1.75  -0.19     2.85
  SINCE DEC 1      4.86                      4.58   0.28     6.29
  SINCE JAN 1      1.56                      1.75  -0.19     2.85

SNOWFALL (IN)
  YESTERDAY        0.2          10.9  1987   0.7   -0.5       T
  MONTH TO DATE   11.1                      16.0   -4.9     20.7
  SINCE DEC 1     24.2                      33.8   -9.6     45.7
  SINCE JUL 1     37.9                      40.6   -2.7     53.9
  SNOW DEPTH       3

DEGREE DAYS
 HEATING
  YESTERDAY       44                        43      1       69
  MONTH TO DATE 1026                       940     86      987
  SINCE DEC 1   2095                      2110    -15     2135
  SINCE JUL 1   3630                      3685    -55     3726

 COOLING
  YESTERDAY        0                         0      0        0
  MONTH TO DATE    0                         0      0        0
  SINCE DEC 1      0                         0      0        0
  SINCE JAN 1      0                         0      0        0
..................................................................


WIND (MPH)
  HIGHEST WIND SPEED    14   HIGHEST WIND DIRECTION     N (340)
  HIGHEST GUST SPEED    17   HIGHEST GUST DIRECTION    NW (320)
  AVERAGE WIND SPEED     5.8


SKY COVER
  AVERAGE SKY COVER 0.6


WEATHER CONDITIONS
 THE FOLLOWING WEATHER WAS RECORDED YESTERDAY.
  LIGHT SNOW
  FOG


RELATIVE HUMIDITY (PERCENT)
 HIGHEST   100           300 AM
 LOWEST     57           200 PM
 AVERAGE    79

..........................................................


THE BINGHAMTON NY CLIMATE NORMALS FOR TODAY
                         NORMAL    RECORD    YEAR
 MAXIMUM TEMPERATURE (F)   29        56      1967
 MINIMUM TEMPERATURE (F)   15       -13      1976


SUNRISE AND SUNSET
JANUARY 23 2015.......SUNRISE   725 AM EST   SUNSET   507 PM EST
JANUARY 24 2015.......SUNRISE   725 AM EST   SUNSET   508 PM EST


-  INDICATES NEGATIVE NUMBERS.
R  INDICATES RECORD WAS SET OR TIED.
MM INDICATES DATA IS MISSING.
T  INDICATES TRACE AMOUNT.

$$
