000
CDUS41 KBGM 140549
CLIBGM


CLIMATE REPORT
NATIONAL WEATHER SERVICE BINGHAMTON NY
1249 AM EST TUE NOV 14 2017


...................................

...THE BINGHAMTON NY CLIMATE SUMMARY FOR NOVEMBER 13 2017...

CLIMATE NORMAL PERIOD 1981 TO 2010
CLIMATE RECORD PERIOD 1951 TO 2017


WEATHER ITEM   OBSERVED TIME   RECORD YEAR NORMAL DEPARTURE LAST
                VALUE   (LST)  VALUE       VALUE  FROM      YEAR
                                                  NORMAL
..................................................................
TEMPERATURE (F)
 YESTERDAY
  MAXIMUM         44    318 PM  65    1964  46     -2       56
  MINIMUM         31    814 AM  14    1986  32     -1       32
  AVERAGE         38                        39     -1       44

PRECIPITATION (IN)
  YESTERDAY        0.03          0.63 1970   0.10  -0.07     0.00
  MONTH TO DATE    1.01                      1.40  -0.39     0.27
  SINCE SEP 1      6.40                      8.36  -1.96     7.13
  SINCE JAN 1     46.14                     34.57  11.57    30.68

SNOWFALL (IN)
  YESTERDAY        0.1           4.0  1995   0.2   -0.1      0.0
  MONTH TO DATE    1.1                       1.6   -0.5      0.0
  SINCE SEP 1      1.1                       2.6   -1.5      1.0
  SINCE JUL 1      1.1                       2.6   -1.5      1.0
  SNOW DEPTH       0

DEGREE DAYS
 HEATING
  YESTERDAY       27                        26      1       21
  MONTH TO DATE  348                       308     40      281
  SINCE SEP 1    825                      1017   -192      883
  SINCE JUL 1    906                      1080   -174      892

 COOLING
  YESTERDAY        0                         0      0        0
  MONTH TO DATE    0                         0      0        0
  SINCE SEP 1     78                        33     45       52
  SINCE JAN 1    349                       381    -32      563
..................................................................


WIND (MPH)
  HIGHEST WIND SPEED    10   HIGHEST WIND DIRECTION     N (340)
  HIGHEST GUST SPEED    13   HIGHEST GUST DIRECTION     N (360)
  AVERAGE WIND SPEED     4.7


SKY COVER
  AVERAGE SKY COVER 0.9


WEATHER CONDITIONS
 THE FOLLOWING WEATHER WAS RECORDED YESTERDAY.
  LIGHT RAIN
  LIGHT SNOW
  FOG


RELATIVE HUMIDITY (PERCENT)
 HIGHEST    92           500 AM
 LOWEST     57           100 PM
 AVERAGE    75

..........................................................


THE BINGHAMTON NY CLIMATE NORMALS FOR TODAY
                         NORMAL    RECORD    YEAR
 MAXIMUM TEMPERATURE (F)   46        66      1989
 MINIMUM TEMPERATURE (F)   32        12      1986


SUNRISE AND SUNSET
NOVEMBER 14 2017......SUNRISE   653 AM EST   SUNSET   443 PM EST
NOVEMBER 15 2017......SUNRISE   655 AM EST   SUNSET   442 PM EST


-  INDICATES NEGATIVE NUMBERS.
R  INDICATES RECORD WAS SET OR TIED.
MM INDICATES DATA IS MISSING.
T  INDICATES TRACE AMOUNT.




$$
