908
CDUS41 KBGM 240245
CLIBGM


CLIMATE REPORT
NATIONAL WEATHER SERVICE BINGHAMTON NY
1044 PM EDT FRI JUN 23 2017


...................................

...THE BINGHAMTON NY CLIMATE SUMMARY FOR JUNE 23 2017...
VALID AS OF 1000 PM LOCAL TIME.

CLIMATE NORMAL PERIOD 1981 TO 2010
CLIMATE RECORD PERIOD 1951 TO 2017


WEATHER ITEM   OBSERVED TIME   RECORD YEAR NORMAL DEPARTURE LAST
                VALUE   (LST)  VALUE       VALUE  FROM      YEAR
                                                  NORMAL
..................................................................
TEMPERATURE (F)
 TODAY
  MAXIMUM         75    145 PM  89    1975  76     -1       76
  MINIMUM         67    515 AM  39    1992  57     10       54
  AVERAGE         71                        66      5       65

PRECIPITATION (IN)
  TODAY            0.02          2.12 2001   0.15  -0.13     0.00
  MONTH TO DATE    4.82                      3.33   1.49     1.84
  SINCE JUN 1      4.82                      3.33   1.49     1.84
  SINCE JAN 1     29.27                     18.08  11.19    14.23

SNOWFALL (IN)
  TODAY            0.0           0.0  2002   0.0    0.0      0.0
                                      2001
  MONTH TO DATE    0.0                       0.0    0.0      0.0
  SINCE JUN 1      0.0                       0.0    0.0      0.0
  SINCE JUL 1    135.2                      83.4   51.8     32.0
  SNOW DEPTH       0

DEGREE DAYS
 HEATING
  TODAY            0                         2     -2        0
  MONTH TO DATE   75                        81     -6       69
  SINCE JUN 1     75                        81     -6       69
  SINCE JUL 1   6591                      7185   -594     6198

 COOLING
  TODAY            6                         3      3        0
  MONTH TO DATE   58                        50      8       36
  SINCE JUN 1     58                        50      8       36
  SINCE JAN 1     79                        73      6       82
..................................................................


WIND (MPH)
  HIGHEST WIND SPEED    12   HIGHEST WIND DIRECTION    SW (230)
  HIGHEST GUST SPEED    MM   HIGHEST GUST DIRECTION    MM
  AVERAGE WIND SPEED     8.2


SKY COVER
  AVERAGE SKY COVER 0.7


WEATHER CONDITIONS
 THE FOLLOWING WEATHER WAS RECORDED TODAY.
  LIGHT RAIN


RELATIVE HUMIDITY (PERCENT)
 HIGHEST    97          1100 AM
 LOWEST     79           800 AM
 AVERAGE    88

..........................................................


THE BINGHAMTON NY CLIMATE NORMALS FOR TOMORROW
                         NORMAL    RECORD    YEAR
 MAXIMUM TEMPERATURE (F)   76        88      1975
 MINIMUM TEMPERATURE (F)   58        43      1979


SUNRISE AND SUNSET
JUNE 23 2017..........SUNRISE   528 AM EDT   SUNSET   844 PM EDT
JUNE 24 2017..........SUNRISE   529 AM EDT   SUNSET   844 PM EDT


-  INDICATES NEGATIVE NUMBERS.
R  INDICATES RECORD WAS SET OR TIED.
MM INDICATES DATA IS MISSING.
T  INDICATES TRACE AMOUNT.




$$
