662
CDUS41 KBGM 120531
CLIBGM


CLIMATE REPORT
NATIONAL WEATHER SERVICE BINGHAMTON NY
1230 AM EST TUE DEC 12 2017


...................................

...THE BINGHAMTON NY CLIMATE SUMMARY FOR DECEMBER 11 2017...

CLIMATE NORMAL PERIOD 1981 TO 2010
CLIMATE RECORD PERIOD 1951 TO 2017


WEATHER ITEM   OBSERVED TIME   RECORD YEAR NORMAL DEPARTURE LAST
                VALUE   (LST)  VALUE       VALUE  FROM      YEAR
                                                  NORMAL
..................................................................
TEMPERATURE (F)
 YESTERDAY
  MAXIMUM         29    206 PM  60    1979  35     -6       23
  MINIMUM         23    653 AM  -6    1988  23      0       15
  AVERAGE         26                        29     -3       19

PRECIPITATION (IN)
  YESTERDAY        T             1.38 1952   0.10  -0.10     0.21
  MONTH TO DATE    0.32                      1.13  -0.81     1.54
  SINCE DEC 1      0.32                      1.13  -0.81     1.54
  SINCE JAN 1     47.21                     37.60   9.61    34.06

SNOWFALL (IN)
  YESTERDAY        T             4.1  1992   0.6   -0.6      3.0
  MONTH TO DATE    T                         5.6   -5.6     14.7
  SINCE DEC 1      T                         5.6   -5.6     14.7
  SINCE JUL 1      1.8                      12.4  -10.6     43.3
  SNOW DEPTH       T

DEGREE DAYS
 HEATING
  YESTERDAY       39                        36      3       46
  MONTH TO DATE  366                       380    -14      390
  SINCE DEC 1    366                       380    -14      390
  SINCE JUL 1   1764                      1955   -191     1739

 COOLING
  YESTERDAY        0                         0      0        0
  MONTH TO DATE    0                         0      0        0
  SINCE DEC 1      0                         0      0        0
  SINCE JAN 1    349                       381    -32      563
..................................................................


WIND (MPH)
  HIGHEST WIND SPEED    15   HIGHEST WIND DIRECTION     S (160)
  HIGHEST GUST SPEED    22   HIGHEST GUST DIRECTION    SE (150)
  AVERAGE WIND SPEED     8.1


SKY COVER
  AVERAGE SKY COVER 1.0


WEATHER CONDITIONS
 THE FOLLOWING WEATHER WAS RECORDED YESTERDAY.
  LIGHT SNOW
  FOG


RELATIVE HUMIDITY (PERCENT)
 HIGHEST    88           700 AM
 LOWEST     63          1200 AM
 AVERAGE    76

..........................................................


THE BINGHAMTON NY CLIMATE NORMALS FOR TODAY
                         NORMAL    RECORD    YEAR
 MAXIMUM TEMPERATURE (F)   34        58      1979
 MINIMUM TEMPERATURE (F)   22       -11      1988


SUNRISE AND SUNSET
DECEMBER 12 2017......SUNRISE   724 AM EST   SUNSET   432 PM EST
DECEMBER 13 2017......SUNRISE   724 AM EST   SUNSET   432 PM EST


-  INDICATES NEGATIVE NUMBERS.
R  INDICATES RECORD WAS SET OR TIED.
MM INDICATES DATA IS MISSING.
T  INDICATES TRACE AMOUNT.

$$
