000
CDUS41 KBGM 220709
CLIBGM


CLIMATE REPORT
NATIONAL WEATHER SERVICE BINGHAMTON NY
309 AM EDT WED MAR 22 2017


...................................

...THE BINGHAMTON NY CLIMATE SUMMARY FOR MARCH 21 2017...

CLIMATE NORMAL PERIOD 1981 TO 2010
CLIMATE RECORD PERIOD 1951 TO 2017


WEATHER ITEM   OBSERVED TIME   RECORD YEAR NORMAL DEPARTURE LAST
                VALUE   (LST)  VALUE       VALUE  FROM      YEAR
                                                  NORMAL
..................................................................
TEMPERATURE (F)
 YESTERDAY
  MAXIMUM         48    226 PM  74    2012  43      5       36
  MINIMUM         31   1159 PM   3    1988  26      5       23
  AVERAGE         40                        34      6       30

PRECIPITATION (IN)
  YESTERDAY        0.00          1.27 1998   0.10  -0.10     0.02
  MONTH TO DATE    2.84                      1.93   0.91     0.97
  SINCE MAR 1      2.84                      1.93   0.91     0.97
  SINCE JAN 1      9.11                      6.69   2.42     6.28

SNOWFALL (IN)
  YESTERDAY        0.0           5.1  1998   0.4   -0.4      0.4
  MONTH TO DATE   39.1                      11.6   27.5      1.0
  SINCE MAR 1     39.1                      11.6   27.5      1.0
  SINCE JUL 1    132.6                      75.5   57.1     22.7
  SNOW DEPTH      12

DEGREE DAYS
 HEATING
  YESTERDAY       25                        31     -6       35
  MONTH TO DATE  811                       714     97      557
  SINCE MAR 1    811                       714     97      557
  SINCE JUL 1   5424                      5913   -489     4915

 COOLING
  YESTERDAY        0                         0      0        0
  MONTH TO DATE    0                         0      0        0
  SINCE MAR 1      0                         0      0        0
  SINCE JAN 1      0                         0      0        0
..................................................................


WIND (MPH)
  HIGHEST WIND SPEED    20   HIGHEST WIND DIRECTION    NW (330)
  HIGHEST GUST SPEED    27   HIGHEST GUST DIRECTION    NW (320)
  AVERAGE WIND SPEED     7.0


SKY COVER
  AVERAGE SKY COVER 0.6


WEATHER CONDITIONS
 THE FOLLOWING WEATHER WAS RECORDED YESTERDAY.
  NO SIGNIFICANT WEATHER WAS OBSERVED.


RELATIVE HUMIDITY (PERCENT)
 HIGHEST    75           700 AM
 LOWEST     28           300 PM
 AVERAGE    52

..........................................................


THE BINGHAMTON NY CLIMATE NORMALS FOR TODAY
                         NORMAL    RECORD    YEAR
 MAXIMUM TEMPERATURE (F)   43        76      2012
 MINIMUM TEMPERATURE (F)   27         7      1988


SUNRISE AND SUNSET
MARCH 22 2017.........SUNRISE   703 AM EDT   SUNSET   719 PM EDT
MARCH 23 2017.........SUNRISE   702 AM EDT   SUNSET   720 PM EDT


-  INDICATES NEGATIVE NUMBERS.
R  INDICATES RECORD WAS SET OR TIED.
MM INDICATES DATA IS MISSING.
T  INDICATES TRACE AMOUNT.




$$
