000
CDUS41 KBGM 172225
CLIBGM


CLIMATE REPORT
NATIONAL WEATHER SERVICE BINGHAMTON NY
523 PM EST WED JAN 17 2018


...................................

...THE BINGHAMTON NY CLIMATE SUMMARY FOR JANUARY 17 2018...
VALID TODAY AS OF 0500 PM LOCAL TIME.

CLIMATE NORMAL PERIOD 1981 TO 2010
CLIMATE RECORD PERIOD 1951 TO 2018


WEATHER ITEM   OBSERVED TIME   RECORD YEAR NORMAL DEPARTURE LAST
                VALUE   (LST)  VALUE       VALUE  FROM      YEAR
                                                  NORMAL
..................................................................
TEMPERATURE (F)
 TODAY
  MAXIMUM         24    501 AM  53    1990  28     -4       34
  MINIMUM         12   1016 AM -12    1982  15     -3       29
                                      1965
  AVERAGE         18                        22     -4       32

PRECIPITATION (IN)
  TODAY            0.05          0.70 1978   0.08  -0.03     0.51
  MONTH TO DATE    2.18                      1.35   0.83     2.17
  SINCE DEC 1      3.59                      4.18  -0.59     5.76
  SINCE JAN 1      2.18                      1.35   0.83     2.17

SNOWFALL (IN)
  TODAY            1.4           7.1  1978   0.8    0.6      0.0
  MONTH TO DATE   13.2                      12.4    0.8      1.1
  SINCE DEC 1     24.5                      30.2   -5.7     30.9
  SINCE JUL 1     26.3                      37.0  -10.7     59.5
  SNOW DEPTH       8

DEGREE DAYS
 HEATING
  TODAY           47                        43      4       33
  MONTH TO DATE  823                       725     98      684
  SINCE DEC 1   2095                      1895    200     1860
  SINCE JUL 1   3493                      3470     23     3209

 COOLING
  TODAY            0                         0      0        0
  MONTH TO DATE    0                         0      0        0
  SINCE DEC 1      0                         0      0        0
  SINCE JAN 1      0                         0      0        0
..................................................................


WIND (MPH)
  HIGHEST WIND SPEED    16   HIGHEST WIND DIRECTION    NW (330)
  HIGHEST GUST SPEED    21   HIGHEST GUST DIRECTION    NW (320)
  AVERAGE WIND SPEED     6.0


SKY COVER
  AVERAGE SKY COVER 0.9


WEATHER CONDITIONS
 THE FOLLOWING WEATHER WAS RECORDED TODAY.
  SNOW
  LIGHT SNOW
  FOG
  HAZE


RELATIVE HUMIDITY (PERCENT)
 HIGHEST    92          1200 AM
 LOWEST     67           200 PM
 AVERAGE    80

..........................................................


THE BINGHAMTON NY CLIMATE NORMALS FOR TOMORROW
                         NORMAL    RECORD    YEAR
 MAXIMUM TEMPERATURE (F)   28        54      1973
 MINIMUM TEMPERATURE (F)   15       -11      1982
                                             1976


SUNRISE AND SUNSET
JANUARY 17 2018.......SUNRISE   729 AM EST   SUNSET   459 PM EST
JANUARY 18 2018.......SUNRISE   728 AM EST   SUNSET   501 PM EST


-  INDICATES NEGATIVE NUMBERS.
R  INDICATES RECORD WAS SET OR TIED.
MM INDICATES DATA IS MISSING.
T  INDICATES TRACE AMOUNT.




$$
