000
CDUS41 KBGM 142217
CLIBGM


CLIMATE REPORT
NATIONAL WEATHER SERVICE BINGHAMTON NY
517 PM EST SUN JAN 14 2018


...................................

...THE BINGHAMTON NY CLIMATE SUMMARY FOR JANUARY 14 2018...
VALID TODAY AS OF 0500 PM LOCAL TIME.

CLIMATE NORMAL PERIOD 1981 TO 2010
CLIMATE RECORD PERIOD 1951 TO 2018


WEATHER ITEM   OBSERVED TIME   RECORD YEAR NORMAL DEPARTURE LAST
                VALUE   (LST)  VALUE       VALUE  FROM      YEAR
                                                  NORMAL
..................................................................
TEMPERATURE (F)
 TODAY
  MAXIMUM         11    352 PM  62    1995  28    -17       25
  MINIMUM          0    752 AM -12    1957  16    -16       16
  AVERAGE          6                        22    -16       21

PRECIPITATION (IN)
  TODAY            T             1.20 1958   0.08  -0.08      T
  MONTH TO DATE    1.81                      1.12   0.69     1.65
  SINCE DEC 1      3.22                      3.95  -0.73     5.24
  SINCE JAN 1      1.81                      1.12   0.69     1.65

SNOWFALL (IN)
  TODAY            0.1           9.7  1999   0.8   -0.7       T
  MONTH TO DATE    8.9                      10.1   -1.2      1.0
  SINCE DEC 1     20.2                      27.9   -7.7     30.8
  SINCE JUL 1     22.0                      34.7  -12.7     59.4
  SNOW DEPTH       5

DEGREE DAYS
 HEATING
  TODAY           59                        43     16       44
  MONTH TO DATE  676                       596     80      570
  SINCE DEC 1   1948                      1766    182     1746
  SINCE JUL 1   3346                      3341      5     3095

 COOLING
  TODAY            0                         0      0        0
  MONTH TO DATE    0                         0      0        0
  SINCE DEC 1      0                         0      0        0
  SINCE JAN 1      0                         0      0        0
..................................................................


WIND (MPH)
  HIGHEST WIND SPEED    15   HIGHEST WIND DIRECTION    NW (330)
  HIGHEST GUST SPEED    20   HIGHEST GUST DIRECTION    NW (320)
  AVERAGE WIND SPEED     8.2


SKY COVER
  AVERAGE SKY COVER 0.5


WEATHER CONDITIONS
 THE FOLLOWING WEATHER WAS RECORDED TODAY.
  LIGHT SNOW
  FOG
  HAZE


RELATIVE HUMIDITY (PERCENT)
 HIGHEST    87           700 AM
 LOWEST     63           200 PM
 AVERAGE    75

..........................................................


THE BINGHAMTON NY CLIMATE NORMALS FOR TOMORROW
                         NORMAL    RECORD    YEAR
 MAXIMUM TEMPERATURE (F)   28        59      1995
 MINIMUM TEMPERATURE (F)   15       -20      1957


SUNRISE AND SUNSET
JANUARY 14 2018.......SUNRISE   730 AM EST   SUNSET   456 PM EST
JANUARY 15 2018.......SUNRISE   730 AM EST   SUNSET   457 PM EST


-  INDICATES NEGATIVE NUMBERS.
R  INDICATES RECORD WAS SET OR TIED.
MM INDICATES DATA IS MISSING.
T  INDICATES TRACE AMOUNT.




$$
