000
CDUS41 KBGM 142218
CLIBGM


CLIMATE REPORT
NATIONAL WEATHER SERVICE BINGHAMTON NY
518 PM EST TUE NOV 14 2017


...................................

...THE BINGHAMTON NY CLIMATE SUMMARY FOR NOVEMBER 14 2017...
VALID TODAY AS OF 0500 PM LOCAL TIME.

CLIMATE NORMAL PERIOD 1981 TO 2010
CLIMATE RECORD PERIOD 1951 TO 2017


WEATHER ITEM   OBSERVED TIME   RECORD YEAR NORMAL DEPARTURE LAST
                VALUE   (LST)  VALUE       VALUE  FROM      YEAR
                                                  NORMAL
..................................................................
TEMPERATURE (F)
 TODAY
  MAXIMUM         38    310 PM  66    1989  46     -8       54
  MINIMUM         35    912 AM  12    1986  32      3       34
  AVERAGE         37                        39     -2       44

PRECIPITATION (IN)
  TODAY            0.00          1.54 1972   0.11  -0.11     0.00
  MONTH TO DATE    1.01                      1.51  -0.50     0.27
  SINCE SEP 1      6.40                      8.47  -2.07     7.13
  SINCE JAN 1     46.14                     34.68  11.46    30.68

SNOWFALL (IN)
  TODAY            0.0          10.8  1995   0.1   -0.1      0.0
  MONTH TO DATE    1.1                       1.7   -0.6      0.0
  SINCE SEP 1      1.1                       2.7   -1.6      1.0
  SINCE JUL 1      1.1                       2.7   -1.6      1.0
  SNOW DEPTH       0

DEGREE DAYS
 HEATING
  TODAY           28                        26      2       21
  MONTH TO DATE  376                       334     42      302
  SINCE SEP 1    853                      1043   -190      904
  SINCE JUL 1    934                      1106   -172      913

 COOLING
  TODAY            0                         0      0        0
  MONTH TO DATE    0                         0      0        0
  SINCE SEP 1     78                        33     45       52
  SINCE JAN 1    349                       381    -32      563
..................................................................


WIND (MPH)
  HIGHEST WIND SPEED     8   HIGHEST WIND DIRECTION     N (350)
  HIGHEST GUST SPEED    11   HIGHEST GUST DIRECTION     N (350)
  AVERAGE WIND SPEED     4.6


SKY COVER
  AVERAGE SKY COVER 1.0


WEATHER CONDITIONS
 THE FOLLOWING WEATHER WAS RECORDED TODAY.
  FOG


RELATIVE HUMIDITY (PERCENT)
 HIGHEST    92          1200 AM
 LOWEST     76           200 PM
 AVERAGE    84

..........................................................


THE BINGHAMTON NY CLIMATE NORMALS FOR TOMORROW
                         NORMAL    RECORD    YEAR
 MAXIMUM TEMPERATURE (F)   45        69      1956
 MINIMUM TEMPERATURE (F)   32        14      1967


SUNRISE AND SUNSET
NOVEMBER 14 2017......SUNRISE   653 AM EST   SUNSET   443 PM EST
NOVEMBER 15 2017......SUNRISE   655 AM EST   SUNSET   442 PM EST


-  INDICATES NEGATIVE NUMBERS.
R  INDICATES RECORD WAS SET OR TIED.
MM INDICATES DATA IS MISSING.
T  INDICATES TRACE AMOUNT.




$$
