000
CDUS41 KBGM 250538
CLIBGM


CLIMATE REPORT
NATIONAL WEATHER SERVICE BINGHAMTON NY
137 AM EDT WED MAR 25 2015


...................................

...THE BINGHAMTON NY CLIMATE SUMMARY FOR MARCH 24 2015...

CLIMATE NORMAL PERIOD 1981 TO 2010
CLIMATE RECORD PERIOD 1951 TO 2015


WEATHER ITEM   OBSERVED TIME   RECORD YEAR NORMAL DEPARTURE LAST
                VALUE   (LST)  VALUE       VALUE  FROM      YEAR
                                                  NORMAL
..................................................................
TEMPERATURE (F)
 YESTERDAY
  MAXIMUM         34    543 PM  67    1987  44    -10       23
  MINIMUM         10R   625 AM  10    2014  27    -17       10
  AVERAGE         22                        36    -14       17

PRECIPITATION (IN)
  YESTERDAY        0.00          1.05 1989   0.10  -0.10     0.02
  MONTH TO DATE    1.35                      2.24  -0.89     1.11
  SINCE MAR 1      1.35                      2.24  -0.89     1.11
  SINCE JAN 1      5.29                      7.00  -1.71     6.80

SNOWFALL (IN)
  YESTERDAY        0.0           3.4  1966   0.3   -0.3      0.2
  MONTH TO DATE   13.3                      12.7    0.6      1.4
  SINCE MAR 1     13.3                      12.7    0.6      1.4
  SINCE JUL 1     89.1                      76.6   12.5     83.9
  SNOW DEPTH       7

DEGREE DAYS
 HEATING
  YESTERDAY       43                        29     14       48
  MONTH TO DATE  920                       803    117      964
  SINCE MAR 1    920                       803    117      964
  SINCE JUL 1   6452                      6002    450     6435

 COOLING
  YESTERDAY        0                         0      0        0
  MONTH TO DATE    0                         0      0        0
  SINCE MAR 1      0                         0      0        0
  SINCE JAN 1      0                         0      0        0
..................................................................


WIND (MPH)
  HIGHEST WIND SPEED     9   HIGHEST WIND DIRECTION     N (10)
  HIGHEST GUST SPEED    14   HIGHEST GUST DIRECTION     N (10)
  AVERAGE WIND SPEED     4.3


SKY COVER
  AVERAGE SKY COVER 0.0


WEATHER CONDITIONS
 THE FOLLOWING WEATHER WAS RECORDED YESTERDAY.
  NO SIGNIFICANT WEATHER WAS OBSERVED.


RELATIVE HUMIDITY (PERCENT)
 HIGHEST    63           300 AM
 LOWEST     39           300 PM
 AVERAGE    51

..........................................................


THE BINGHAMTON NY CLIMATE NORMALS FOR TODAY
                         NORMAL    RECORD    YEAR
 MAXIMUM TEMPERATURE (F)   45        72      1988
 MINIMUM TEMPERATURE (F)   28         4      1956


SUNRISE AND SUNSET
MARCH 25 2015.........SUNRISE   659 AM EDT   SUNSET   722 PM EDT
MARCH 26 2015.........SUNRISE   657 AM EDT   SUNSET   723 PM EDT


-  INDICATES NEGATIVE NUMBERS.
R  INDICATES RECORD WAS SET OR TIED.
MM INDICATES DATA IS MISSING.
T  INDICATES TRACE AMOUNT.




$$
