000
CDUS41 KBGM 250546
CLIBGM


CLIMATE REPORT
NATIONAL WEATHER SERVICE BINGHAMTON NY
1245 AM EST THU DEC 25 2014


...................................

...THE BINGHAMTON NY CLIMATE SUMMARY FOR DECEMBER 24 2014...

CLIMATE NORMAL PERIOD 1981 TO 2010
CLIMATE RECORD PERIOD 1951 TO 2014


WEATHER ITEM   OBSERVED TIME   RECORD YEAR NORMAL DEPARTURE LAST
                VALUE   (LST)  VALUE       VALUE  FROM      YEAR
                                                  NORMAL
..................................................................
TEMPERATURE (F)
 YESTERDAY
  MAXIMUM         55R  1159 PM  51    1965  31     24       29
  MINIMUM         41    138 AM -11    1989  19     22       10
  AVERAGE         48                        25     23       20

PRECIPITATION (IN)
  YESTERDAY        0.60          0.70 1978   0.08   0.52     0.05
  MONTH TO DATE    2.94                      2.26   0.68     2.19
  SINCE DEC 1      2.94                      2.26   0.68     2.19
  SINCE JAN 1     39.27                     38.73   0.54    41.70

SNOWFALL (IN)
  YESTERDAY        0.0           6.1  1978   0.6   -0.6      1.0
  MONTH TO DATE   11.6                      13.3   -1.7     17.2
  SINCE DEC 1     11.6                      13.3   -1.7     17.2
  SINCE JUL 1     25.3                      20.1    5.2     25.4
  SNOW DEPTH       0

DEGREE DAYS
 HEATING
  YESTERDAY       17                        40    -23       45
  MONTH TO DATE  839                       881    -42      866
  SINCE DEC 1    839                       881    -42      866
  SINCE JUL 1   2374                      2456    -82     2457

 COOLING
  YESTERDAY        0                         0      0        0
  MONTH TO DATE    0                         0      0        0
  SINCE DEC 1      0                         0      0        0
  SINCE JAN 1    341                       381    -40      480
..................................................................


WIND (MPH)
  HIGHEST WIND SPEED    17   HIGHEST WIND DIRECTION     S (180)
  HIGHEST GUST SPEED    24   HIGHEST GUST DIRECTION     S (160)
  AVERAGE WIND SPEED    12.5


SKY COVER
  AVERAGE SKY COVER 1.0


WEATHER CONDITIONS
 THE FOLLOWING WEATHER WAS RECORDED YESTERDAY.
  RAIN
  LIGHT RAIN
  FOG
  FOG W/VISIBILITY <= 1/4 MILE


RELATIVE HUMIDITY (PERCENT)
 HIGHEST   100           600 AM
 LOWEST     93          1200 AM
 AVERAGE    97

..........................................................


THE BINGHAMTON NY CLIMATE NORMALS FOR TODAY
                         NORMAL    RECORD    YEAR
 MAXIMUM TEMPERATURE (F)   31        58      1964
 MINIMUM TEMPERATURE (F)   18       -18      1980


SUNRISE AND SUNSET
DECEMBER 25 2014......SUNRISE   731 AM EST   SUNSET   437 PM EST
DECEMBER 26 2014......SUNRISE   731 AM EST   SUNSET   438 PM EST


-  INDICATES NEGATIVE NUMBERS.
R  INDICATES RECORD WAS SET OR TIED.
MM INDICATES DATA IS MISSING.
T  INDICATES TRACE AMOUNT.




$$
