000
CDUS41 KBGM 310231
CLIBGM


CLIMATE REPORT
NATIONAL WEATHER SERVICE BINGHAMTON NY
1031 PM EDT SUN AUG 30 2015


...................................

...THE BINGHAMTON NY CLIMATE SUMMARY FOR AUGUST 30 2015...
VALID AS OF 1000 PM LOCAL TIME.

CLIMATE NORMAL PERIOD 1981 TO 2010
CLIMATE RECORD PERIOD 1951 TO 2015


WEATHER ITEM   OBSERVED TIME   RECORD YEAR NORMAL DEPARTURE LAST
                VALUE   (LST)  VALUE       VALUE  FROM      YEAR
                                                  NORMAL
..................................................................
TEMPERATURE (F)
 TODAY
  MAXIMUM         79    500 PM  93    1953  74      5       71
  MINIMUM         60    511 AM  37    1965  56      4       55
  AVERAGE         70                        65      5       63

PRECIPITATION (IN)
  TODAY            T             2.30 1970   0.11  -0.11     0.00
  MONTH TO DATE    3.08                      3.34  -0.26     5.06
  SINCE JUN 1     17.97                     11.35   6.62    13.27
  SINCE JAN 1     31.52                     26.10   5.42    28.63

SNOWFALL (IN)
  TODAY            0.0           T    1992   0.0    0.0      0.0
  MONTH TO DATE    0.0                       0.0    0.0      0.0
  SINCE JUN 1      T                         0.0    0.0       T
  SINCE JUL 1      T                         0.0    0.0       T
  SNOW DEPTH       0

DEGREE DAYS
 HEATING
  TODAY            0                         2     -2        2
  MONTH TO DATE   25                        37    -12       41
  SINCE JUN 1    126                       152    -26      111
  SINCE JUL 1     49                        61    -12       66

 COOLING
  TODAY            5                         2      3        0
  MONTH TO DATE   91                       107    -16       64
  SINCE JUN 1    260                       319    -59      272
  SINCE JAN 1    333                       342     -9      297
..................................................................


WIND (MPH)
  HIGHEST WIND SPEED     9   HIGHEST WIND DIRECTION    SW (210)
  HIGHEST GUST SPEED    13   HIGHEST GUST DIRECTION    NW (300)
  AVERAGE WIND SPEED     3.1


SKY COVER
  AVERAGE SKY COVER 0.6


WEATHER CONDITIONS
 THE FOLLOWING WEATHER WAS RECORDED TODAY.
  FOG


RELATIVE HUMIDITY (PERCENT)
 HIGHEST    93           200 AM
 LOWEST     58           300 PM
 AVERAGE    76

..........................................................


THE BINGHAMTON NY CLIMATE NORMALS FOR TOMORROW
                         NORMAL    RECORD    YEAR
 MAXIMUM TEMPERATURE (F)   74        90      1953
 MINIMUM TEMPERATURE (F)   56        42      1976
                                             1965


SUNRISE AND SUNSET
AUGUST 30 2015........SUNRISE   627 AM EDT   SUNSET   742 PM EDT
AUGUST 31 2015........SUNRISE   628 AM EDT   SUNSET   740 PM EDT


-  INDICATES NEGATIVE NUMBERS.
R  INDICATES RECORD WAS SET OR TIED.
MM INDICATES DATA IS MISSING.
T  INDICATES TRACE AMOUNT.




$$
