000
CDUS41 KBGM 242229
CLIBGM


CLIMATE REPORT
NATIONAL WEATHER SERVICE BINGHAMTON NY
528 PM EST MON NOV 24 2014


...................................

...THE BINGHAMTON NY CLIMATE SUMMARY FOR NOVEMBER 24 2014...
VALID TODAY AS OF 0500 PM LOCAL TIME.

CLIMATE NORMAL PERIOD 1981 TO 2010
CLIMATE RECORD PERIOD 1951 TO 2014


WEATHER ITEM   OBSERVED TIME   RECORD YEAR NORMAL DEPARTURE LAST
                VALUE   (LST)  VALUE       VALUE  FROM      YEAR
                                                  NORMAL
..................................................................
TEMPERATURE (F)
 TODAY
  MAXIMUM         66R   250 PM  63    1979  41     25       21
  MINIMUM         46    145 AM   9    1956  29     17       13
  AVERAGE         56                        35     21       17

PRECIPITATION (IN)
  TODAY            0.28          0.85 1961   0.11   0.17     0.05
  MONTH TO DATE    1.56                      2.64  -1.08     1.87
  SINCE SEP 1      6.76                      9.60  -2.84     7.59
  SINCE JAN 1     35.79                     35.81  -0.02    37.88

SNOWFALL (IN)
  TODAY            0.0           3.4  2008   0.3   -0.3      1.5
  MONTH TO DATE    3.2                       3.9   -0.7      4.1
  SINCE SEP 1      3.2                       4.9   -1.7      4.1
  SINCE JUL 1      3.2                       4.9   -1.7      4.1
  SNOW DEPTH       0

DEGREE DAYS
 HEATING
  TODAY            9                        30    -21       48
  MONTH TO DATE  674                       616     58      656
  SINCE SEP 1   1258                      1325    -67     1289
  SINCE JUL 1   1324                      1388    -64     1340

 COOLING
  TODAY            0                         0      0        0
  MONTH TO DATE    0                         0      0        0
  SINCE SEP 1     39                        33      6       53
  SINCE JAN 1    341                       381    -40      480
..................................................................


WIND (MPH)
  HIGHEST WIND SPEED    26   HIGHEST WIND DIRECTION     S (200)
  HIGHEST GUST SPEED    40   HIGHEST GUST DIRECTION     S (190)
  AVERAGE WIND SPEED    15.8


SKY COVER
  AVERAGE SKY COVER 0.7


WEATHER CONDITIONS
 THE FOLLOWING WEATHER WAS RECORDED TODAY.
  RAIN
  LIGHT RAIN
  FOG


RELATIVE HUMIDITY (PERCENT)
 HIGHEST   100           300 AM
 LOWEST     56           400 PM
 AVERAGE    78

..........................................................


THE BINGHAMTON NY CLIMATE NORMALS FOR TOMORROW
                         NORMAL    RECORD    YEAR
 MAXIMUM TEMPERATURE (F)   41        60      2001
                                             1979
 MINIMUM TEMPERATURE (F)   28         9      2005


SUNRISE AND SUNSET
NOVEMBER 24 2014......SUNRISE   705 AM EST   SUNSET   436 PM EST
NOVEMBER 25 2014......SUNRISE   706 AM EST   SUNSET   435 PM EST


-  INDICATES NEGATIVE NUMBERS.
R  INDICATES RECORD WAS SET OR TIED.
MM INDICATES DATA IS MISSING.
T  INDICATES TRACE AMOUNT.




$$
