000
CDUS41 KBGM 160810
CLIBGM


CLIMATE REPORT
NATIONAL WEATHER SERVICE BINGHAMTON NY
410 AM EDT MON OCT 16 2017


...................................

...THE BINGHAMTON NY CLIMATE SUMMARY FOR OCTOBER 15 2017...

CLIMATE NORMAL PERIOD 1981 TO 2010
CLIMATE RECORD PERIOD 1951 TO 2017


WEATHER ITEM   OBSERVED TIME   RECORD YEAR NORMAL DEPARTURE LAST
                VALUE   (LST)  VALUE       VALUE  FROM      YEAR
                                                  NORMAL
..................................................................
TEMPERATURE (F)
 YESTERDAY
  MAXIMUM         74    211 PM  78    1956  57     17       61
  MINIMUM         51   1159 PM  28    1999  40     11       31
                                      1996
  AVERAGE         63                        49     14       46

PRECIPITATION (IN)
  YESTERDAY        0.40          3.38 1955   0.11   0.29     0.00
  MONTH TO DATE    1.37                      1.67  -0.30     0.56
  SINCE SEP 1      2.63                      5.30  -2.67     1.59
  SINCE JAN 1     42.37                     31.51  10.86    25.14

SNOWFALL (IN)
  YESTERDAY        0.0           T    1995   0.1   -0.1      0.0
  MONTH TO DATE    0.0                       0.2   -0.2      0.0
  SINCE SEP 1      0.0                       0.2   -0.2      0.0
  SINCE JUL 1      0.0                       0.2   -0.2      0.0
  SNOW DEPTH       0

DEGREE DAYS
 HEATING
  YESTERDAY        2                        16    -14       19
  MONTH TO DATE   90                       210   -120      197
  SINCE SEP 1    245                       404   -159      311
  SINCE JUL 1    326                       467   -141      320

 COOLING
  YESTERDAY        0                         0      0        0
  MONTH TO DATE    9                         0      9        0
  SINCE SEP 1     78                        31     47       48
  SINCE JAN 1    349                       379    -30      559
..................................................................


WIND (MPH)
  HIGHEST WIND SPEED    22   HIGHEST WIND DIRECTION     S (200)
  HIGHEST GUST SPEED    32   HIGHEST GUST DIRECTION     S (200)
  AVERAGE WIND SPEED    12.3


SKY COVER
  AVERAGE SKY COVER 0.8


WEATHER CONDITIONS
 THE FOLLOWING WEATHER WAS RECORDED YESTERDAY.
  HEAVY RAIN
  RAIN
  LIGHT RAIN
  FOG


RELATIVE HUMIDITY (PERCENT)
 HIGHEST   100          1200 AM
 LOWEST     64           200 PM
 AVERAGE    82

..........................................................


THE BINGHAMTON NY CLIMATE NORMALS FOR TODAY
                         NORMAL    RECORD    YEAR
 MAXIMUM TEMPERATURE (F)   57        79      1956
 MINIMUM TEMPERATURE (F)   40        30      2009


SUNRISE AND SUNSET
OCTOBER 16 2017.......SUNRISE   718 AM EDT   SUNSET   620 PM EDT
OCTOBER 17 2017.......SUNRISE   719 AM EDT   SUNSET   619 PM EDT


-  INDICATES NEGATIVE NUMBERS.
R  INDICATES RECORD WAS SET OR TIED.
MM INDICATES DATA IS MISSING.
T  INDICATES TRACE AMOUNT.




$$
