000
CDUS41 KBGM 210320
CLIBGM


CLIMATE REPORT
NATIONAL WEATHER SERVICE BINGHAMTON NY
1020 PM EST SAT DEC 20 2014


...................................

...THE BINGHAMTON NY CLIMATE SUMMARY FOR DECEMBER 20 2014...
VALID AS OF 1000 PM LOCAL TIME.

CLIMATE NORMAL PERIOD 1981 TO 2010
CLIMATE RECORD PERIOD 1951 TO 2014


WEATHER ITEM   OBSERVED TIME   RECORD YEAR NORMAL DEPARTURE LAST
                VALUE   (LST)  VALUE       VALUE  FROM      YEAR
                                                  NORMAL
..................................................................
TEMPERATURE (F)
 TODAY
  MAXIMUM         26    441 PM  58    1957  32     -6       46
  MINIMUM         24    926 AM  -6    2004  20      4       38
                                      1955
  AVERAGE         25                        26     -1       42

PRECIPITATION (IN)
  TODAY            T             0.81 1957   0.09  -0.09     0.12
  MONTH TO DATE    2.20                      1.92   0.28     1.46
  SINCE DEC 1      2.20                      1.92   0.28     1.46
  SINCE JAN 1     38.53                     38.39   0.14    40.97

SNOWFALL (IN)
  TODAY            T             5.7  1975   0.6   -0.6      0.0
  MONTH TO DATE   11.6                      10.8    0.8     16.2
  SINCE DEC 1     11.6                      10.8    0.8     16.2
  SINCE JUL 1     25.3                      17.6    7.7     24.4
  SNOW DEPTH       T

DEGREE DAYS
 HEATING
  TODAY           40                        39      1       23
  MONTH TO DATE  722                       722      0      764
  SINCE DEC 1    722                       722      0      764
  SINCE JUL 1   2257                      2297    -40     2355

 COOLING
  TODAY            0                         0      0        0
  MONTH TO DATE    0                         0      0        0
  SINCE DEC 1      0                         0      0        0
  SINCE JAN 1    341                       381    -40      480
..................................................................


WIND (MPH)
  HIGHEST WIND SPEED    13   HIGHEST WIND DIRECTION     N (340)
  HIGHEST GUST SPEED    16   HIGHEST GUST DIRECTION     N (20)
  AVERAGE WIND SPEED     5.1


SKY COVER
  AVERAGE SKY COVER 1.0


WEATHER CONDITIONS
 THE FOLLOWING WEATHER WAS RECORDED TODAY.
  LIGHT SNOW
  FOG
  HAZE


RELATIVE HUMIDITY (PERCENT)
 HIGHEST    88          1200 AM
 LOWEST     75          1100 AM
 AVERAGE    82

..........................................................


THE BINGHAMTON NY CLIMATE NORMALS FOR TOMORROW
                         NORMAL    RECORD    YEAR
 MAXIMUM TEMPERATURE (F)   32        53      2013
 MINIMUM TEMPERATURE (F)   20        -8      1962


SUNRISE AND SUNSET
DECEMBER 20 2014......SUNRISE   729 AM EST   SUNSET   434 PM EST
DECEMBER 21 2014......SUNRISE   729 AM EST   SUNSET   435 PM EST


-  INDICATES NEGATIVE NUMBERS.
R  INDICATES RECORD WAS SET OR TIED.
MM INDICATES DATA IS MISSING.
T  INDICATES TRACE AMOUNT.




$$
