000
CDUS41 KBGM 012119
CLIBGM


CLIMATE REPORT
NATIONAL WEATHER SERVICE BINGHAMTON NY
518 PM EDT FRI AUG 1 2014


...................................

...THE BINGHAMTON NY CLIMATE SUMMARY FOR AUGUST 1 2014...
VALID TODAY AS OF 0500 PM LOCAL TIME.

CLIMATE NORMAL PERIOD 1981 TO 2010
CLIMATE RECORD PERIOD 1951 TO 2014


WEATHER ITEM   OBSERVED TIME   RECORD YEAR NORMAL DEPARTURE LAST
                VALUE   (LST)  VALUE       VALUE  FROM      YEAR
                                                  NORMAL
..................................................................
TEMPERATURE (F)
 TODAY
  MAXIMUM         81    346 PM  94    1955  78      3       75
  MINIMUM         60    530 AM  49    1998  60      0       60
  AVERAGE         71                        69      2       68

PRECIPITATION (IN)
  TODAY            0.00          1.11 2003   0.12  -0.12     0.20
  MONTH TO DATE    0.00                      0.12  -0.12     0.20
  SINCE JUN 1      8.21                      8.13   0.08    11.96
  SINCE JAN 1     23.57                     22.88   0.69    25.12

SNOWFALL (IN)
  TODAY            0.0           0.0  2002   0.0    0.0      0.0
                                      2001
                                      2000
  MONTH TO DATE    0.0                       0.0    0.0      0.0
  SINCE JUN 1      T                         0.0    0.0      0.0
  SINCE JUL 1      T                         0.0    0.0      0.0
  SNOW DEPTH       0

DEGREE DAYS
 HEATING
  TODAY            0                         1     -1        0
  MONTH TO DATE    0                         1     -1        0
  SINCE JUN 1     70                       116    -46      101
  SINCE JUL 1     25                        25      0       14

 COOLING
  TODAY            6                         4      2        3
  MONTH TO DATE    6                         4      2        3
  SINCE JUN 1    214                       216     -2      306
  SINCE JAN 1    239                       239      0      349
..................................................................


WIND (MPH)
  HIGHEST WIND SPEED    13   HIGHEST WIND DIRECTION     W (260)
  HIGHEST GUST SPEED    16   HIGHEST GUST DIRECTION     W (270)
  AVERAGE WIND SPEED     5.6


SKY COVER
  AVERAGE SKY COVER 0.1


WEATHER CONDITIONS
 THE FOLLOWING WEATHER WAS RECORDED TODAY.
  FOG


RELATIVE HUMIDITY (PERCENT)
 HIGHEST    90           300 AM
 LOWEST     45           300 PM
 AVERAGE    68

..........................................................


THE BINGHAMTON NY CLIMATE NORMALS FOR TOMORROW
                         NORMAL    RECORD    YEAR
 MAXIMUM TEMPERATURE (F)   78        91      2002
 MINIMUM TEMPERATURE (F)   60        47      1976


SUNRISE AND SUNSET
AUGUST  1 2014........SUNRISE   557 AM EDT   SUNSET   823 PM EDT
AUGUST  2 2014........SUNRISE   558 AM EDT   SUNSET   822 PM EDT


-  INDICATES NEGATIVE NUMBERS.
R  INDICATES RECORD WAS SET OR TIED.
MM INDICATES DATA IS MISSING.
T  INDICATES TRACE AMOUNT.




$$
