000
CDUS41 KBGM 160439
CLIBGM


CLIMATE REPORT
NATIONAL WEATHER SERVICE BINGHAMTON NY
1239 AM EDT SAT SEP 16 2017


...................................

...THE BINGHAMTON NY CLIMATE SUMMARY FOR SEPTEMBER 15 2017...

CLIMATE NORMAL PERIOD 1981 TO 2010
CLIMATE RECORD PERIOD 1951 TO 2017


WEATHER ITEM   OBSERVED TIME   RECORD YEAR NORMAL DEPARTURE LAST
                VALUE   (LST)  VALUE       VALUE  FROM      YEAR
                                                  NORMAL
..................................................................
TEMPERATURE (F)
 YESTERDAY
  MAXIMUM         77        MM  82    1958  69      8       67
  MINIMUM         59        MM  36    2013  51      8       45
  AVERAGE         68                        60      8       56

PRECIPITATION (IN)
  YESTERDAY        0.20          1.05 2003   0.12   0.08     0.00
  MONTH TO DATE    1.16                      1.75  -0.59     0.14
  SINCE SEP 1      1.16                      1.75  -0.59     0.14
  SINCE JAN 1     40.90                     27.96  12.94    23.69

SNOWFALL (IN)
  YESTERDAY        0.0           0.0  2002   0.0    0.0      0.0
                                      2001
                                      2000
  MONTH TO DATE    0.0                       0.0    0.0      0.0
  SINCE SEP 1      0.0                       0.0    0.0      0.0
  SINCE JUL 1      0.0                       0.0    0.0      0.0
  SNOW DEPTH       0

DEGREE DAYS
 HEATING
  YESTERDAY        0                         6     -6        9
  MONTH TO DATE  114                        63     51       28
  SINCE SEP 1    114                        63     51       28
  SINCE JUL 1    195                       126     69       37

 COOLING
  YESTERDAY        3                         1      2        0
  MONTH TO DATE    3                        22    -19       37
  SINCE SEP 1      3                        22    -19       37
  SINCE JAN 1    274                       370    -96      548
..................................................................


WIND (MPH)
  HIGHEST WIND SPEED     8   HIGHEST WIND DIRECTION     N (360)
  HIGHEST GUST SPEED    MM   HIGHEST GUST DIRECTION    MM
  AVERAGE WIND SPEED     5.5


SKY COVER
  AVERAGE SKY COVER 0.5


WEATHER CONDITIONS
 THE FOLLOWING WEATHER WAS RECORDED YESTERDAY.
  HEAVY RAIN
  RAIN
  LIGHT RAIN
  FOG


RELATIVE HUMIDITY (PERCENT)
 HIGHEST   100          1200 AM
 LOWEST     57           400 PM
 AVERAGE    79

..........................................................


THE BINGHAMTON NY CLIMATE NORMALS FOR TODAY
                         NORMAL    RECORD    YEAR
 MAXIMUM TEMPERATURE (F)   68        90      1991
 MINIMUM TEMPERATURE (F)   51        35      1988
                                             1964


SUNRISE AND SUNSET
SEPTEMBER 16 2017.....SUNRISE   645 AM EDT   SUNSET   711 PM EDT
SEPTEMBER 17 2017.....SUNRISE   646 AM EDT   SUNSET   710 PM EDT


-  INDICATES NEGATIVE NUMBERS.
R  INDICATES RECORD WAS SET OR TIED.
MM INDICATES DATA IS MISSING.
T  INDICATES TRACE AMOUNT.




$$
