000
CDUS41 KBGM 272220
CLIBGM


CLIMATE REPORT
NATIONAL WEATHER SERVICE BINGHAMTON NY
520 PM EST SUN NOV 27 2016


...................................

...THE BINGHAMTON NY CLIMATE SUMMARY FOR NOVEMBER 27 2016...
VALID TODAY AS OF 0500 PM LOCAL TIME.

CLIMATE NORMAL PERIOD 1981 TO 2010
CLIMATE RECORD PERIOD 1951 TO 2016


WEATHER ITEM   OBSERVED TIME   RECORD YEAR NORMAL DEPARTURE LAST
                VALUE   (LST)  VALUE       VALUE  FROM      YEAR
                                                  NORMAL
..................................................................
TEMPERATURE (F)
 TODAY
  MAXIMUM         37    401 PM  61    1984  40     -3       59
  MINIMUM         30    705 AM   8    1951  28      2       46
  AVERAGE         34                        34      0       53

PRECIPITATION (IN)
  TODAY            T             0.74 1959   0.10  -0.10     0.00
  MONTH TO DATE    1.87                      2.96  -1.09     2.56
  SINCE SEP 1      8.73                      9.92  -1.19     7.50
  SINCE JAN 1     32.28                     36.13  -3.85    39.02

SNOWFALL (IN)
  TODAY            T             5.4  1996   0.3   -0.3      0.0
  MONTH TO DATE   27.6                       4.8   22.8      0.8
  SINCE SEP 1     28.6                       5.8   22.8      1.1
  SINCE JUL 1     28.6                       5.8   22.8      1.1
  SNOW DEPTH       1

DEGREE DAYS
 HEATING
  TODAY           31                        31      0       12
  MONTH TO DATE  672                       708    -36      524
  SINCE SEP 1   1274                      1417   -143     1126
  SINCE JUL 1   1283                      1480   -197     1175

 COOLING
  TODAY            0                         0      0        0
  MONTH TO DATE    0                         0      0        0
  SINCE SEP 1     52                        33     19      101
  SINCE JAN 1    563                       381    182      443
..................................................................


WIND (MPH)
  HIGHEST WIND SPEED    14   HIGHEST WIND DIRECTION     W (290)
  HIGHEST GUST SPEED    20   HIGHEST GUST DIRECTION    NW (310)
  AVERAGE WIND SPEED     8.1


SKY COVER
  AVERAGE SKY COVER 0.9


WEATHER CONDITIONS
 THE FOLLOWING WEATHER WAS RECORDED TODAY.
  LIGHT SNOW
  FOG


RELATIVE HUMIDITY (PERCENT)
 HIGHEST   100          1200 AM
 LOWEST     64           400 PM
 AVERAGE    82

..........................................................


THE BINGHAMTON NY CLIMATE NORMALS FOR TOMORROW
                         NORMAL    RECORD    YEAR
 MAXIMUM TEMPERATURE (F)   40        70      1990
 MINIMUM TEMPERATURE (F)   27         6      1951


SUNRISE AND SUNSET
NOVEMBER 27 2016......SUNRISE   709 AM EST   SUNSET   434 PM EST
NOVEMBER 28 2016......SUNRISE   710 AM EST   SUNSET   434 PM EST


-  INDICATES NEGATIVE NUMBERS.
R  INDICATES RECORD WAS SET OR TIED.
MM INDICATES DATA IS MISSING.
T  INDICATES TRACE AMOUNT.




$$
