436
CDUS41 KBGM 250553
CLIBGM


CLIMATE REPORT
NATIONAL WEATHER SERVICE BINGHAMTON NY
153 AM EDT SUN JUN 25 2017


...................................

...THE BINGHAMTON NY CLIMATE SUMMARY FOR JUNE 24 2017...

CLIMATE NORMAL PERIOD 1981 TO 2010
CLIMATE RECORD PERIOD 1951 TO 2017


WEATHER ITEM   OBSERVED TIME   RECORD YEAR NORMAL DEPARTURE LAST
                VALUE   (LST)  VALUE       VALUE  FROM      YEAR
                                                  NORMAL
..................................................................
TEMPERATURE (F)
 YESTERDAY
  MAXIMUM         77    421 PM  88    1975  76      1       79
  MINIMUM         56   1036 PM  43    1979  58     -2       52
  AVERAGE         67                        67      0       66

PRECIPITATION (IN)
  YESTERDAY        0.18          0.93 1960   0.14   0.04     0.00
  MONTH TO DATE    5.00                      3.47   1.53     1.84
  SINCE JUN 1      5.00                      3.47   1.53     1.84
  SINCE JAN 1     29.45                     18.22  11.23    14.23

SNOWFALL (IN)
  YESTERDAY        0.0           0.0  2002   0.0    0.0      0.0
                                      2001
  MONTH TO DATE    0.0                       0.0    0.0      0.0
  SINCE JUN 1      0.0                       0.0    0.0      0.0
  SINCE JUL 1    135.2                      83.4   51.8     32.0
  SNOW DEPTH       0

DEGREE DAYS
 HEATING
  YESTERDAY        0                         2     -2        0
  MONTH TO DATE   75                        83     -8       69
  SINCE JUN 1     75                        83     -8       69
  SINCE JUL 1   6591                      7187   -596     6198

 COOLING
  YESTERDAY        2                         3     -1        1
  MONTH TO DATE   60                        53      7       37
  SINCE JUN 1     60                        53      7       37
  SINCE JAN 1     81                        76      5       83
..................................................................


WIND (MPH)
  HIGHEST WIND SPEED    26   HIGHEST WIND DIRECTION     W (260)
  HIGHEST GUST SPEED    34   HIGHEST GUST DIRECTION     W (260)
  AVERAGE WIND SPEED     8.4


SKY COVER
  AVERAGE SKY COVER 0.1


WEATHER CONDITIONS
 THE FOLLOWING WEATHER WAS RECORDED YESTERDAY.
  HEAVY RAIN
  RAIN
  LIGHT RAIN
  FOG


RELATIVE HUMIDITY (PERCENT)
 HIGHEST    97           700 AM
 LOWEST     43           200 PM
 AVERAGE    70

..........................................................


THE BINGHAMTON NY CLIMATE NORMALS FOR TODAY
                         NORMAL    RECORD    YEAR
 MAXIMUM TEMPERATURE (F)   76        93      1952
 MINIMUM TEMPERATURE (F)   58        43      1979


SUNRISE AND SUNSET
JUNE 25 2017..........SUNRISE   529 AM EDT   SUNSET   844 PM EDT
JUNE 26 2017..........SUNRISE   529 AM EDT   SUNSET   844 PM EDT


-  INDICATES NEGATIVE NUMBERS.
R  INDICATES RECORD WAS SET OR TIED.
MM INDICATES DATA IS MISSING.
T  INDICATES TRACE AMOUNT.




$$
