000
CDUS41 KBGM 140231
CLIBGM


CLIMATE REPORT
NATIONAL WEATHER SERVICE BINGHAMTON NY
1030 PM EDT SAT SEP 13 2014


...................................

...THE BINGHAMTON NY CLIMATE SUMMARY FOR SEPTEMBER 13 2014...
VALID AS OF 1000 PM LOCAL TIME.

CLIMATE NORMAL PERIOD 1981 TO 2010
CLIMATE RECORD PERIOD 1951 TO 2014


WEATHER ITEM   OBSERVED TIME   RECORD YEAR NORMAL DEPARTURE LAST
                VALUE   (LST)  VALUE       VALUE  FROM      YEAR
                                                  NORMAL
..................................................................
TEMPERATURE (F)
 TODAY
  MAXIMUM         60    424 PM  87    1952  70    -10       60
  MINIMUM         43    426 AM  37    1985  52     -9       47
                                      1964
  AVERAGE         52                        61     -9       54

PRECIPITATION (IN)
  TODAY            0.40          0.91 1965   0.12   0.28     0.40
  MONTH TO DATE    1.23                      1.51  -0.28     2.32
  SINCE SEP 1      1.23                      1.51  -0.28     2.32
  SINCE JAN 1     30.26                     27.72   2.54    32.61

SNOWFALL (IN)
  TODAY            0.0           0.0  2002   0.0    0.0      0.0
                                      2000
  MONTH TO DATE    0.0                       0.0    0.0      0.0
  SINCE SEP 1      0.0                       0.0    0.0      0.0
  SINCE JUL 1      T                         0.0    0.0      0.0
  SNOW DEPTH       0

DEGREE DAYS
 HEATING
  TODAY           13                         5      8       11
  MONTH TO DATE   41                        51    -10       58
  SINCE SEP 1     41                        51    -10       58
  SINCE JUL 1    107                       114     -7      109

 COOLING
  TODAY            0                         1     -1        0
  MONTH TO DATE   38                        20     18       41
  SINCE SEP 1     38                        20     18       41
  SINCE JAN 1    340                       368    -28      468
..................................................................


WIND (MPH)
  HIGHEST WIND SPEED    16   HIGHEST WIND DIRECTION    NW (300)
  HIGHEST GUST SPEED    26   HIGHEST GUST DIRECTION    NW (310)
  AVERAGE WIND SPEED     7.9


SKY COVER
  AVERAGE SKY COVER 0.5


WEATHER CONDITIONS
 THE FOLLOWING WEATHER WAS RECORDED TODAY.
  RAIN
  LIGHT RAIN
  FOG


RELATIVE HUMIDITY (PERCENT)
 HIGHEST   100           400 AM
 LOWEST     67           500 PM
 AVERAGE    84

..........................................................


THE BINGHAMTON NY CLIMATE NORMALS FOR TOMORROW
                         NORMAL    RECORD    YEAR
 MAXIMUM TEMPERATURE (F)   69        89      1952
 MINIMUM TEMPERATURE (F)   51        33      1963


SUNRISE AND SUNSET
SEPTEMBER 13 2014.....SUNRISE   642 AM EDT   SUNSET   717 PM EDT
SEPTEMBER 14 2014.....SUNRISE   643 AM EDT   SUNSET   715 PM EDT


-  INDICATES NEGATIVE NUMBERS.
R  INDICATES RECORD WAS SET OR TIED.
MM INDICATES DATA IS MISSING.
T  INDICATES TRACE AMOUNT.




$$
