000
CDUS41 KBGM 230536
CLIBGM


CLIMATE REPORT
NATIONAL WEATHER SERVICE BINGHAMTON NY
136 AM EDT MON MAR 23 2015


...................................

...THE BINGHAMTON NY CLIMATE SUMMARY FOR MARCH 22 2015...

CLIMATE NORMAL PERIOD 1981 TO 2010
CLIMATE RECORD PERIOD 1951 TO 2015


WEATHER ITEM   OBSERVED TIME   RECORD YEAR NORMAL DEPARTURE LAST
                VALUE   (LST)  VALUE       VALUE  FROM      YEAR
                                                  NORMAL
..................................................................
TEMPERATURE (F)
 YESTERDAY
  MAXIMUM         26   1224 AM  76    2012  43    -17       48
  MINIMUM         13   1159 PM   7    1988  27    -14       26
  AVERAGE         20                        35    -15       37

PRECIPITATION (IN)
  YESTERDAY        0.02          1.41 1977   0.11  -0.09      T
  MONTH TO DATE    1.34                      2.04  -0.70     1.08
  SINCE MAR 1      1.34                      2.04  -0.70     1.08
  SINCE JAN 1      5.28                      6.80  -1.52     6.77

SNOWFALL (IN)
  YESTERDAY        0.7           7.7  1999   0.4    0.3       T
  MONTH TO DATE   12.7                      12.0    0.7      1.1
  SINCE MAR 1     12.7                      12.0    0.7      1.1
  SINCE JUL 1     88.5                      75.9   12.6     83.6
  SNOW DEPTH       7

DEGREE DAYS
 HEATING
  YESTERDAY       45                        30     15       28
  MONTH TO DATE  830                       744     86      873
  SINCE MAR 1    830                       744     86      873
  SINCE JUL 1   6362                      5943    419     6344

 COOLING
  YESTERDAY        0                         0      0        0
  MONTH TO DATE    0                         0      0        0
  SINCE MAR 1      0                         0      0        0
  SINCE JAN 1      0                         0      0        0
..................................................................


WIND (MPH)
  HIGHEST WIND SPEED    22   HIGHEST WIND DIRECTION    NW (330)
  HIGHEST GUST SPEED    30   HIGHEST GUST DIRECTION    NW (320)
  AVERAGE WIND SPEED    11.5


SKY COVER
  AVERAGE SKY COVER 0.5


WEATHER CONDITIONS
 THE FOLLOWING WEATHER WAS RECORDED YESTERDAY.
  HEAVY SNOW
  SNOW
  LIGHT SNOW
  FOG
  FOG W/VISIBILITY <= 1/4 MILE


RELATIVE HUMIDITY (PERCENT)
 HIGHEST    84           300 AM
 LOWEST     47           500 PM
 AVERAGE    66

..........................................................


THE BINGHAMTON NY CLIMATE NORMALS FOR TODAY
                         NORMAL    RECORD    YEAR
 MAXIMUM TEMPERATURE (F)   44        71      2012
 MINIMUM TEMPERATURE (F)   27         9      1959


SUNRISE AND SUNSET
MARCH 23 2015.........SUNRISE   702 AM EDT   SUNSET   719 PM EDT
MARCH 24 2015.........SUNRISE   701 AM EDT   SUNSET   720 PM EDT


-  INDICATES NEGATIVE NUMBERS.
R  INDICATES RECORD WAS SET OR TIED.
MM INDICATES DATA IS MISSING.
T  INDICATES TRACE AMOUNT.




$$
