000
CDUS41 KBGM 100554
CLIBGM


CLIMATE REPORT
NATIONAL WEATHER SERVICE BINGHAMTON NY
153 AM EDT TUE OCT 10 2017


...................................

...THE BINGHAMTON NY CLIMATE SUMMARY FOR OCTOBER 9 2017...

CLIMATE NORMAL PERIOD 1981 TO 2010
CLIMATE RECORD PERIOD 1951 TO 2017


WEATHER ITEM   OBSERVED TIME   RECORD YEAR NORMAL DEPARTURE LAST
                VALUE   (LST)  VALUE       VALUE  FROM      YEAR
                                                  NORMAL
..................................................................
TEMPERATURE (F)
 YESTERDAY
  MAXIMUM         74    237 PM  79    2007  59     15       56
  MINIMUM         59   1159 PM  27    2001  42     17       39
  AVERAGE         67                        51     16       48

PRECIPITATION (IN)
  YESTERDAY        0.56          2.55 1976   0.11   0.45      T
  MONTH TO DATE    0.69                      1.01  -0.32     0.48
  SINCE SEP 1      1.95                      4.64  -2.69     1.51
  SINCE JAN 1     41.69                     30.85  10.84    25.06

SNOWFALL (IN)
  YESTERDAY        0.0           1.0  2000   0.1   -0.1      0.0
  MONTH TO DATE    0.0                       0.1   -0.1      0.0
  SINCE SEP 1      0.0                       0.1   -0.1      0.0
  SINCE JUL 1      0.0                       0.1   -0.1      0.0
  SNOW DEPTH       0

DEGREE DAYS
 HEATING
  YESTERDAY        0                        14    -14       17
  MONTH TO DATE   42                       117    -75       88
  SINCE SEP 1    197                       311   -114      202
  SINCE JUL 1    278                       374    -96      211

 COOLING
  YESTERDAY        2                         0      2        0
  MONTH TO DATE    9                         0      9        0
  SINCE SEP 1     78                        31     47       48
  SINCE JAN 1    349                       379    -30      559
..................................................................


WIND (MPH)
  HIGHEST WIND SPEED    21   HIGHEST WIND DIRECTION    NW (320)
  HIGHEST GUST SPEED    30   HIGHEST GUST DIRECTION    NW (330)
  AVERAGE WIND SPEED    10.0


SKY COVER
  AVERAGE SKY COVER 1.0


WEATHER CONDITIONS
 THE FOLLOWING WEATHER WAS RECORDED YESTERDAY.
  RAIN
  LIGHT RAIN
  FOG
  FOG W/VISIBILITY <= 1/4 MILE


RELATIVE HUMIDITY (PERCENT)
 HIGHEST   100           200 AM
 LOWEST     87           300 PM
 AVERAGE    94

..........................................................


THE BINGHAMTON NY CLIMATE NORMALS FOR TODAY
                         NORMAL    RECORD    YEAR
 MAXIMUM TEMPERATURE (F)   59        77      1961
 MINIMUM TEMPERATURE (F)   42        26      1980


SUNRISE AND SUNSET
OCTOBER 10 2017.......SUNRISE   711 AM EDT   SUNSET   630 PM EDT
OCTOBER 11 2017.......SUNRISE   712 AM EDT   SUNSET   628 PM EDT


-  INDICATES NEGATIVE NUMBERS.
R  INDICATES RECORD WAS SET OR TIED.
MM INDICATES DATA IS MISSING.
T  INDICATES TRACE AMOUNT.




$$
