000
CDUS41 KBGM 151224
CLIBGM


CLIMATE REPORT
NATIONAL WEATHER SERVICE BINGHAMTON NY
822 AM EDT TUE AUG 15 2017


...................................

...THE BINGHAMTON NY CLIMATE SUMMARY FOR AUGUST 13 2017...

CLIMATE NORMAL PERIOD 1981 TO 2010
CLIMATE RECORD PERIOD 1951 TO 2017


WEATHER ITEM   OBSERVED TIME   RECORD YEAR NORMAL DEPARTURE LAST
                VALUE   (LST)  VALUE       VALUE  FROM      YEAR
                                                  NORMAL
..................................................................
TEMPERATURE (F)
 YESTERDAY
  MAXIMUM         74    315 PM  91    1988  77     -3       89
  MINIMUM         58    407 AM  48    2006  59     -1       72
                                      1957
  AVERAGE         66                        68     -2       81

PRECIPITATION (IN)
  YESTERDAY        0.00          1.78 1955   0.11  -0.11     0.01
  MONTH TO DATE    1.15                      1.45  -0.30     3.17
  SINCE JUN 1     13.82                      9.46   4.36     9.10
  SINCE JAN 1     38.27                     24.21  14.06    21.49

SNOWFALL (IN)
  YESTERDAY        0.0           0.0  2002   0.0    0.0      0.0
                                      2001
                                      2000
  MONTH TO DATE    0.0                       0.0    0.0      0.0
  SINCE JUN 1      T                         0.0    0.0      0.0
  SINCE JUL 1      0.0                       0.0    0.0      0.0
  SNOW DEPTH       0

DEGREE DAYS
 HEATING
  YESTERDAY        0                         1     -1        0
  MONTH TO DATE   15                        13      2        0
  SINCE JUN 1    118                       128    -10       72
  SINCE JUL 1     23                        37    -14        3

 COOLING
  YESTERDAY        1                         4     -3       16
  MONTH TO DATE   36                        52    -16       93
  SINCE JUN 1    216                       264    -48      373
  SINCE JAN 1    237                       287    -50      419
..................................................................


WIND (MPH)
  HIGHEST WIND SPEED    MM   HIGHEST WIND DIRECTION     N (14)
  HIGHEST GUST SPEED    MM   HIGHEST GUST DIRECTION     N (18)
  AVERAGE WIND SPEED     6.3


SKY COVER
  AVERAGE SKY COVER  MM


WEATHER CONDITIONS
 THE FOLLOWING WEATHER WAS RECORDED YESTERDAY.
  NO SIGNIFICANT WEATHER WAS OBSERVED.


RELATIVE HUMIDITY (PERCENT)
 HIGHEST    MM
 LOWEST     MM
 AVERAGE    MM

..........................................................


THE BINGHAMTON NY CLIMATE NORMALS FOR TODAY
                         NORMAL    RECORD    YEAR
 MAXIMUM TEMPERATURE (F)   77        95      2002
 MINIMUM TEMPERATURE (F)   59        46      1964


SUNRISE AND SUNSET
AUGUST 14 2017........SUNRISE   611 AM EDT   SUNSET   806 PM EDT
AUGUST 15 2017........SUNRISE   612 AM EDT   SUNSET   804 PM EDT


-  INDICATES NEGATIVE NUMBERS.
R  INDICATES RECORD WAS SET OR TIED.
MM INDICATES DATA IS MISSING.
T  INDICATES TRACE AMOUNT.




$$
