000
CDUS41 KBGM 160607
CLIBGM


CLIMATE REPORT
NATIONAL WEATHER SERVICE BINGHAMTON NY
206 AM EDT TUE AUG 16 2016


...................................

...THE BINGHAMTON NY CLIMATE SUMMARY FOR AUGUST 15 2016...

CLIMATE NORMAL PERIOD 1981 TO 2010
CLIMATE RECORD PERIOD 1951 TO 2016


WEATHER ITEM   OBSERVED TIME   RECORD YEAR NORMAL DEPARTURE LAST
                VALUE   (LST)  VALUE       VALUE  FROM      YEAR
                                                  NORMAL
..................................................................
TEMPERATURE (F)
 YESTERDAY
  MAXIMUM         76    154 PM  92    1965  77     -1       81
                                      1959
  MINIMUM         66    648 AM  47    1964  59      7       63
                                      1963
  AVERAGE         71                        68      3       72

PRECIPITATION (IN)
  YESTERDAY        T             0.56 1976   0.11  -0.11     0.12
  MONTH TO DATE    3.46                      1.67   1.79     1.83
  SINCE JUN 1      9.39                      9.68  -0.29    16.72
  SINCE JAN 1     21.78                     24.43  -2.65    30.27

SNOWFALL (IN)
  YESTERDAY        0.0           0.0  2002   0.0    0.0      0.0
                                      2001
                                      2000
  MONTH TO DATE    0.0                       0.0    0.0      0.0
  SINCE JUN 1      0.0                       0.0    0.0       T
  SINCE JUL 1      0.0                       0.0    0.0       T
  SNOW DEPTH       0

DEGREE DAYS
 HEATING
  YESTERDAY        0                         1     -1        0
  MONTH TO DATE    0                        15    -15        9
  SINCE JUN 1     72                       130    -58      110
  SINCE JUL 1      3                        39    -36       33

 COOLING
  YESTERDAY        6                         4      2        7
  MONTH TO DATE  109                        60     49       36
  SINCE JUN 1    389                       272    117      205
  SINCE JAN 1    435                       295    140      278
..................................................................


WIND (MPH)
  HIGHEST WIND SPEED     9   HIGHEST WIND DIRECTION     W (280)
  HIGHEST GUST SPEED    12   HIGHEST GUST DIRECTION    NW (310)
  AVERAGE WIND SPEED     3.6


SKY COVER
  AVERAGE SKY COVER 0.2


WEATHER CONDITIONS
 THE FOLLOWING WEATHER WAS RECORDED YESTERDAY.
  LIGHT RAIN


RELATIVE HUMIDITY (PERCENT)
 HIGHEST   100           800 AM
 LOWEST     64           200 PM
 AVERAGE    82

..........................................................


THE BINGHAMTON NY CLIMATE NORMALS FOR TODAY
                         NORMAL    RECORD    YEAR
 MAXIMUM TEMPERATURE (F)   77        91      2002
 MINIMUM TEMPERATURE (F)   59        46      1972


SUNRISE AND SUNSET
AUGUST 16 2016........SUNRISE   613 AM EDT   SUNSET   802 PM EDT
AUGUST 17 2016........SUNRISE   614 AM EDT   SUNSET   801 PM EDT


-  INDICATES NEGATIVE NUMBERS.
R  INDICATES RECORD WAS SET OR TIED.
MM INDICATES DATA IS MISSING.
T  INDICATES TRACE AMOUNT.




$$
