000
CDUS41 KBGM 250554
CLIBGM


CLIMATE REPORT
NATIONAL WEATHER SERVICE BINGHAMTON NY
152 AM EDT TUE APR 25 2017


...................................

...THE BINGHAMTON NY CLIMATE SUMMARY FOR APRIL 24 2017...

CLIMATE NORMAL PERIOD 1981 TO 2010
CLIMATE RECORD PERIOD 1951 TO 2017


WEATHER ITEM   OBSERVED TIME   RECORD YEAR NORMAL DEPARTURE LAST
                VALUE   (LST)  VALUE       VALUE  FROM      YEAR
                                                  NORMAL
..................................................................
TEMPERATURE (F)
 YESTERDAY
  MAXIMUM         70    345 PM  82    1960  58     12       56
  MINIMUM         41    534 AM  26    1956  39      2       34
  AVERAGE         56                        48      8       45

PRECIPITATION (IN)
  YESTERDAY        0.00          1.74 1961   0.11  -0.11     0.00
  MONTH TO DATE    4.87                      2.76   2.11     2.31
  SINCE MAR 1     10.47                      5.75   4.72     3.71
  SINCE JAN 1     16.74                     10.51   6.23     9.02

SNOWFALL (IN)
  YESTERDAY        0.0           3.8  1967   0.1   -0.1      0.0
  MONTH TO DATE    2.1                       3.9   -1.8      9.3
  SINCE MAR 1     41.7                      19.0   22.7     10.3
  SINCE JUL 1    135.2                      82.9   52.3     32.0
  SNOW DEPTH       0

DEGREE DAYS
 HEATING
  YESTERDAY        9                        17     -8       20
  MONTH TO DATE  394                       510   -116      561
  SINCE MAR 1   1506                      1507     -1     1332
  SINCE JUL 1   6119                      6706   -587     5690

 COOLING
  YESTERDAY        0                         0      0        0
  MONTH TO DATE    4                         0      4        0
  SINCE MAR 1      4                         0      4        0
  SINCE JAN 1      4                         0      4        0
..................................................................


WIND (MPH)
  HIGHEST WIND SPEED    14   HIGHEST WIND DIRECTION     S (170)
  HIGHEST GUST SPEED    19   HIGHEST GUST DIRECTION     S (160)
  AVERAGE WIND SPEED     5.3


SKY COVER
  AVERAGE SKY COVER 0.1


WEATHER CONDITIONS
 THE FOLLOWING WEATHER WAS RECORDED YESTERDAY.
  NO SIGNIFICANT WEATHER WAS OBSERVED.


RELATIVE HUMIDITY (PERCENT)
 HIGHEST    70           600 AM
 LOWEST     23           300 PM
 AVERAGE    47

..........................................................


THE BINGHAMTON NY CLIMATE NORMALS FOR TODAY
                         NORMAL    RECORD    YEAR
 MAXIMUM TEMPERATURE (F)   58        85      2009
 MINIMUM TEMPERATURE (F)   39        25      1967


SUNRISE AND SUNSET
APRIL 25 2017.........SUNRISE   608 AM EDT   SUNSET   757 PM EDT
APRIL 26 2017.........SUNRISE   606 AM EDT   SUNSET   758 PM EDT


-  INDICATES NEGATIVE NUMBERS.
R  INDICATES RECORD WAS SET OR TIED.
MM INDICATES DATA IS MISSING.
T  INDICATES TRACE AMOUNT.




$$
