132
CDUS41 KBGM 190532
CLIBGM


CLIMATE REPORT
NATIONAL WEATHER SERVICE BINGHAMTON NY
1232 AM EST THU JAN 19 2017


...................................

...THE BINGHAMTON NY CLIMATE SUMMARY FOR JANUARY 18 2017...

CLIMATE NORMAL PERIOD 1981 TO 2010
CLIMATE RECORD PERIOD 1951 TO 2017


WEATHER ITEM   OBSERVED TIME   RECORD YEAR NORMAL DEPARTURE LAST
                VALUE   (LST)  VALUE       VALUE  FROM      YEAR
                                                  NORMAL
..................................................................
TEMPERATURE (F)
 YESTERDAY
  MAXIMUM         36    156 PM  54    1973  28      8       20
  MINIMUM         33   1159 PM -11    1982  15     18       10
                                      1976
  AVERAGE         35                        22     13       15

PRECIPITATION (IN)
  YESTERDAY        0.14          1.36 2006   0.08   0.06     0.01
  MONTH TO DATE    2.31                      1.43   0.88     1.28
  SINCE DEC 1      5.90                      4.26   1.64     4.89
  SINCE JAN 1      2.31                      1.43   0.88     1.28

SNOWFALL (IN)
  YESTERDAY        0.0           3.8  2009   0.7   -0.7      0.9
  MONTH TO DATE    1.1                      13.1  -12.0      7.5
  SINCE DEC 1     30.9                      30.9    0.0      9.7
  SINCE JUL 1     59.5                      37.7   21.8     10.8
  SNOW DEPTH       0

DEGREE DAYS
 HEATING
  YESTERDAY       30                        43    -13       50
  MONTH TO DATE  714                       768    -54      733
  SINCE DEC 1   1890                      1938    -48     1488
  SINCE JUL 1   3239                      3513   -274     2758

 COOLING
  YESTERDAY        0                         0      0        0
  MONTH TO DATE    0                         0      0        0
  SINCE DEC 1      0                         0      0        0
  SINCE JAN 1      0                         0      0        0
..................................................................


WIND (MPH)
  HIGHEST WIND SPEED     9   HIGHEST WIND DIRECTION    NW (320)
  HIGHEST GUST SPEED    13   HIGHEST GUST DIRECTION    NW (310)
  AVERAGE WIND SPEED     4.5


SKY COVER
  AVERAGE SKY COVER 1.0


WEATHER CONDITIONS
 THE FOLLOWING WEATHER WAS RECORDED YESTERDAY.
  LIGHT RAIN
  FOG
  FOG W/VISIBILITY <= 1/4 MILE


RELATIVE HUMIDITY (PERCENT)
 HIGHEST   100          1200 AM
 LOWEST     92           400 PM
 AVERAGE    96

..........................................................


THE BINGHAMTON NY CLIMATE NORMALS FOR TODAY
                         NORMAL    RECORD    YEAR
 MAXIMUM TEMPERATURE (F)   28        55      1996
 MINIMUM TEMPERATURE (F)   15       -15      1994


SUNRISE AND SUNSET
JANUARY 19 2017.......SUNRISE   728 AM EST   SUNSET   502 PM EST
JANUARY 20 2017.......SUNRISE   727 AM EST   SUNSET   503 PM EST


-  INDICATES NEGATIVE NUMBERS.
R  INDICATES RECORD WAS SET OR TIED.
MM INDICATES DATA IS MISSING.
T  INDICATES TRACE AMOUNT.




$$
