000
CDUS41 KBGM 230535
CLIBGM


CLIMATE REPORT
NATIONAL WEATHER SERVICE BINGHAMTON NY
135 AM EDT SAT MAY 23 2015


...................................

...THE BINGHAMTON NY CLIMATE SUMMARY FOR MAY 22 2015...

CLIMATE NORMAL PERIOD 1981 TO 2010
CLIMATE RECORD PERIOD 1951 TO 2015


WEATHER ITEM   OBSERVED TIME   RECORD YEAR NORMAL DEPARTURE LAST
                VALUE   (LST)  VALUE       VALUE  FROM      YEAR
                                                  NORMAL
..................................................................
TEMPERATURE (F)
 YESTERDAY
  MAXIMUM         61    242 PM  86    1975  67     -6       72
  MINIMUM         39   1156 PM  33    2002  48     -9       55
  AVERAGE         50                        58     -8       64

PRECIPITATION (IN)
  YESTERDAY        0.00          0.61 2001   0.13  -0.13     0.02
  MONTH TO DATE    2.93                      2.47   0.46     3.61
  SINCE MAR 1      9.13                      8.89   0.24     9.06
  SINCE JAN 1     13.07                     13.65  -0.58    14.75

SNOWFALL (IN)
  YESTERDAY        0.0           T    2014   0.0    0.0       T
  MONTH TO DATE    0.0                       0.1   -0.1       T
  SINCE MAR 1     17.6                      19.5   -1.9      2.9
  SINCE JUL 1     93.4                      83.4   10.0     85.4
  SNOW DEPTH       0

DEGREE DAYS
 HEATING
  YESTERDAY       15                         8      7        1
  MONTH TO DATE  127                       243   -116      178
  SINCE MAR 1   1900                      1843     57     1980
  SINCE JUL 1   7432                      7042    390     7451

 COOLING
  YESTERDAY        0                         1     -1        0
  MONTH TO DATE   42                        10     32       13
  SINCE MAR 1     42                        14     28       15
  SINCE JAN 1     42                        14     28       15
..................................................................


WIND (MPH)
  HIGHEST WIND SPEED    23   HIGHEST WIND DIRECTION     N (340)
  HIGHEST GUST SPEED    30   HIGHEST GUST DIRECTION     N (340)
  AVERAGE WIND SPEED    10.4


SKY COVER
  AVERAGE SKY COVER 0.2


WEATHER CONDITIONS
 THE FOLLOWING WEATHER WAS RECORDED YESTERDAY.
  NO SIGNIFICANT WEATHER WAS OBSERVED.


RELATIVE HUMIDITY (PERCENT)
 HIGHEST    83           300 AM
 LOWEST     39           100 PM
 AVERAGE    61

..........................................................


THE BINGHAMTON NY CLIMATE NORMALS FOR TODAY
                         NORMAL    RECORD    YEAR
 MAXIMUM TEMPERATURE (F)   68        87      1980
 MINIMUM TEMPERATURE (F)   48        31      1967


SUNRISE AND SUNSET
MAY 23 2015...........SUNRISE   536 AM EDT   SUNSET   826 PM EDT
MAY 24 2015...........SUNRISE   535 AM EDT   SUNSET   827 PM EDT


-  INDICATES NEGATIVE NUMBERS.
R  INDICATES RECORD WAS SET OR TIED.
MM INDICATES DATA IS MISSING.
T  INDICATES TRACE AMOUNT.




$$
