000
CDUS41 KBGM 240557
CLIBGM


CLIMATE REPORT
NATIONAL WEATHER SERVICE BINGHAMTON NY
157 AM EDT TUE MAR 24 2015


...................................

...THE BINGHAMTON NY CLIMATE SUMMARY FOR MARCH 23 2015...

CLIMATE NORMAL PERIOD 1981 TO 2010
CLIMATE RECORD PERIOD 1951 TO 2015


WEATHER ITEM   OBSERVED TIME   RECORD YEAR NORMAL DEPARTURE LAST
                VALUE   (LST)  VALUE       VALUE  FROM      YEAR
                                                  NORMAL
..................................................................
TEMPERATURE (F)
 YESTERDAY
  MAXIMUM         22    424 PM  71    2012  44    -22       30
  MINIMUM         13   1159 PM   9    1959  27    -14       13
  AVERAGE         18                        35    -17       22

PRECIPITATION (IN)
  YESTERDAY        0.01          0.74 1968   0.10  -0.09     0.01
  MONTH TO DATE    1.35                      2.14  -0.79     1.09
  SINCE MAR 1      1.35                      2.14  -0.79     1.09
  SINCE JAN 1      5.29                      6.90  -1.61     6.78

SNOWFALL (IN)
  YESTERDAY        0.6           7.3  2005   0.4    0.2      0.1
  MONTH TO DATE   13.3                      12.4    0.9      1.2
  SINCE MAR 1     13.3                      12.4    0.9      1.2
  SINCE JUL 1     89.1                      76.3   12.8     83.7
  SNOW DEPTH       7

DEGREE DAYS
 HEATING
  YESTERDAY       47                        30     17       43
  MONTH TO DATE  877                       774    103      916
  SINCE MAR 1    877                       774    103      916
  SINCE JUL 1   6409                      5973    436     6387

 COOLING
  YESTERDAY        0                         0      0        0
  MONTH TO DATE    0                         0      0        0
  SINCE MAR 1      0                         0      0        0
  SINCE JAN 1      0                         0      0        0
..................................................................


WIND (MPH)
  HIGHEST WIND SPEED    20   HIGHEST WIND DIRECTION     N (340)
  HIGHEST GUST SPEED    27   HIGHEST GUST DIRECTION    NW (320)
  AVERAGE WIND SPEED     9.4


SKY COVER
  AVERAGE SKY COVER 0.2


WEATHER CONDITIONS
 THE FOLLOWING WEATHER WAS RECORDED YESTERDAY.
  LIGHT SNOW
  FOG
  BLOWING SNOW


RELATIVE HUMIDITY (PERCENT)
 HIGHEST    88           200 AM
 LOWEST     41           500 PM
 AVERAGE    65

..........................................................


THE BINGHAMTON NY CLIMATE NORMALS FOR TODAY
                         NORMAL    RECORD    YEAR
 MAXIMUM TEMPERATURE (F)   44        67      1987
 MINIMUM TEMPERATURE (F)   27        10      2014


SUNRISE AND SUNSET
MARCH 24 2015.........SUNRISE   701 AM EDT   SUNSET   720 PM EDT
MARCH 25 2015.........SUNRISE   659 AM EDT   SUNSET   722 PM EDT


-  INDICATES NEGATIVE NUMBERS.
R  INDICATES RECORD WAS SET OR TIED.
MM INDICATES DATA IS MISSING.
T  INDICATES TRACE AMOUNT.




$$
