000
CDUS41 KBGM 170653
CLIBGM


CLIMATE REPORT
NATIONAL WEATHER SERVICE BINGHAMTON NY
253 AM EDT SAT JUN 17 2017


...................................

...THE BINGHAMTON NY CLIMATE SUMMARY FOR JUNE 16 2017...

CLIMATE NORMAL PERIOD 1981 TO 2010
CLIMATE RECORD PERIOD 1951 TO 2017


WEATHER ITEM   OBSERVED TIME   RECORD YEAR NORMAL DEPARTURE LAST
                VALUE   (LST)  VALUE       VALUE  FROM      YEAR
                                                  NORMAL
..................................................................
TEMPERATURE (F)
 YESTERDAY
  MAXIMUM         67    343 PM  89    1994  74     -7       75
                                      1983
  MINIMUM         55    818 AM  40    1964  56     -1       59
  AVERAGE         61                        65     -4       67

PRECIPITATION (IN)
  YESTERDAY        0.30          3.57 2001   0.15   0.15     0.04
  MONTH TO DATE    2.83                      2.31   0.52     1.80
  SINCE JUN 1      2.83                      2.31   0.52     1.80
  SINCE JAN 1     27.28                     17.06  10.22    14.19

SNOWFALL (IN)
  YESTERDAY        0.0           0.0  2002   0.0    0.0      0.0
                                      2001
  MONTH TO DATE    0.0                       0.0    0.0      0.0
  SINCE JUN 1      0.0                       0.0    0.0      0.0
  SINCE JUL 1    135.2                      83.4   51.8     32.0
  SNOW DEPTH       0

DEGREE DAYS
 HEATING
  YESTERDAY        4                         3      1        0
  MONTH TO DATE   75                        66      9       68
  SINCE JUN 1     75                        66      9       68
  SINCE JUL 1   6591                      7170   -579     6197

 COOLING
  YESTERDAY        0                         2     -2        2
  MONTH TO DATE   33                        29      4       12
  SINCE JUN 1     33                        29      4       12
  SINCE JAN 1     54                        52      2       58
..................................................................


WIND (MPH)
  HIGHEST WIND SPEED    15   HIGHEST WIND DIRECTION     S (170)
  HIGHEST GUST SPEED    22   HIGHEST GUST DIRECTION     S (170)
  AVERAGE WIND SPEED     7.6


SKY COVER
  AVERAGE SKY COVER 0.9


WEATHER CONDITIONS
 THE FOLLOWING WEATHER WAS RECORDED YESTERDAY.
  RAIN
  LIGHT RAIN
  FOG


RELATIVE HUMIDITY (PERCENT)
 HIGHEST   100           900 AM
 LOWEST     48           200 AM
 AVERAGE    74

..........................................................


THE BINGHAMTON NY CLIMATE NORMALS FOR TODAY
                         NORMAL    RECORD    YEAR
 MAXIMUM TEMPERATURE (F)   74        91      1952
 MINIMUM TEMPERATURE (F)   56        40      1980


SUNRISE AND SUNSET
JUNE 17 2017..........SUNRISE   527 AM EDT   SUNSET   843 PM EDT
JUNE 18 2017..........SUNRISE   527 AM EDT   SUNSET   843 PM EDT


-  INDICATES NEGATIVE NUMBERS.
R  INDICATES RECORD WAS SET OR TIED.
MM INDICATES DATA IS MISSING.
T  INDICATES TRACE AMOUNT.




$$
