000
CDUS41 KBGM 300732
CLIBGM


CLIMATE REPORT
NATIONAL WEATHER SERVICE BINGHAMTON NY
331 AM EDT THU JUL 30 2015


...................................

...THE BINGHAMTON NY CLIMATE SUMMARY FOR JULY 29 2015...

CLIMATE NORMAL PERIOD 1981 TO 2010
CLIMATE RECORD PERIOD 1951 TO 2015


WEATHER ITEM   OBSERVED TIME   RECORD YEAR NORMAL DEPARTURE LAST
                VALUE   (LST)  VALUE       VALUE  FROM      YEAR
                                                  NORMAL
..................................................................
TEMPERATURE (F)
 YESTERDAY
  MAXIMUM         85    337 PM  90    1959  78      7       64
  MINIMUM         63    515 AM  50    1987  60      3       53
                                      1978
  AVERAGE         74                        69      5       59

PRECIPITATION (IN)
  YESTERDAY        0.00          1.48 2000   0.12  -0.12     0.00
  MONTH TO DATE    4.86                      3.47   1.39     3.84
  SINCE JUN 1     14.60                      7.78   6.82     8.21
  SINCE JAN 1     28.15                     22.53   5.62    23.57

SNOWFALL (IN)
  YESTERDAY        0.0           0.0  2002   0.0    0.0      0.0
                                      2000
                                      2001
  MONTH TO DATE    T                         0.0    0.0       T
  SINCE JUN 1      T                         0.0    0.0       T
  SINCE JUL 1      T                         0.0    0.0       T
  SNOW DEPTH       0

DEGREE DAYS
 HEATING
  YESTERDAY        0                         1     -1        6
  MONTH TO DATE   24                        29     -5       21
  SINCE JUN 1    101                       120    -19       66
  SINCE JUL 1     24                        29     -5       21

 COOLING
  YESTERDAY        9                         4      5        0
  MONTH TO DATE  105                       133    -28      123
  SINCE JUN 1    155                       207    -52      208
  SINCE JAN 1    228                       230     -2      233
..................................................................


WIND (MPH)
  HIGHEST WIND SPEED    13   HIGHEST WIND DIRECTION    SW (220)
  HIGHEST GUST SPEED    14   HIGHEST GUST DIRECTION    SW (210)
  AVERAGE WIND SPEED     4.3


SKY COVER
  AVERAGE SKY COVER 0.1


WEATHER CONDITIONS
 THE FOLLOWING WEATHER WAS RECORDED YESTERDAY.
  NO SIGNIFICANT WEATHER WAS OBSERVED.


RELATIVE HUMIDITY (PERCENT)
 HIGHEST   100           400 AM
 LOWEST     48           300 PM
 AVERAGE    74

..........................................................


THE BINGHAMTON NY CLIMATE NORMALS FOR TODAY
                         NORMAL    RECORD    YEAR
 MAXIMUM TEMPERATURE (F)   78        90      1954
 MINIMUM TEMPERATURE (F)   60        47      1997
                                             1956


SUNRISE AND SUNSET
JULY 30 2015..........SUNRISE   555 AM EDT   SUNSET   826 PM EDT
JULY 31 2015..........SUNRISE   556 AM EDT   SUNSET   824 PM EDT


-  INDICATES NEGATIVE NUMBERS.
R  INDICATES RECORD WAS SET OR TIED.
MM INDICATES DATA IS MISSING.
T  INDICATES TRACE AMOUNT.

$$
