000
CDUS41 KBGM 230611
CLIBGM


CLIMATE REPORT
NATIONAL WEATHER SERVICE BINGHAMTON NY
211 AM EDT SUN APR 23 2017


...................................

...THE BINGHAMTON NY CLIMATE SUMMARY FOR APRIL 22 2017...

CLIMATE NORMAL PERIOD 1981 TO 2010
CLIMATE RECORD PERIOD 1951 TO 2017


WEATHER ITEM   OBSERVED TIME   RECORD YEAR NORMAL DEPARTURE LAST
                VALUE   (LST)  VALUE       VALUE  FROM      YEAR
                                                  NORMAL
..................................................................
TEMPERATURE (F)
 YESTERDAY
  MAXIMUM         46   1220 AM  83    1985  57    -11       65
  MINIMUM         37   1159 PM  22    1975  38     -1       51
  AVERAGE         42                        48     -6       58

PRECIPITATION (IN)
  YESTERDAY        T             1.17 2006   0.11  -0.11     0.10
  MONTH TO DATE    4.87                      2.54   2.33     2.31
  SINCE MAR 1     10.47                      5.53   4.94     3.71
  SINCE JAN 1     16.74                     10.29   6.45     9.02

SNOWFALL (IN)
  YESTERDAY        0.0           8.6  1993   0.1   -0.1      0.0
  MONTH TO DATE    2.1                       3.7   -1.6      9.3
  SINCE MAR 1     41.7                      18.8   22.9     10.3
  SINCE JUL 1    135.2                      82.7   52.5     32.0
  SNOW DEPTH       0

DEGREE DAYS
 HEATING
  YESTERDAY       23                        17      6        7
  MONTH TO DATE  369                       476   -107      521
  SINCE MAR 1   1481                      1473      8     1292
  SINCE JUL 1   6094                      6672   -578     5650

 COOLING
  YESTERDAY        0                         0      0        0
  MONTH TO DATE    4                         0      4        0
  SINCE MAR 1      4                         0      4        0
  SINCE JAN 1      4                         0      4        0
..................................................................


WIND (MPH)
  HIGHEST WIND SPEED    17   HIGHEST WIND DIRECTION     N (360)
  HIGHEST GUST SPEED    20   HIGHEST GUST DIRECTION     N (350)
  AVERAGE WIND SPEED     8.4


SKY COVER
  AVERAGE SKY COVER 0.8


WEATHER CONDITIONS
 THE FOLLOWING WEATHER WAS RECORDED YESTERDAY.
  LIGHT RAIN
  FOG


RELATIVE HUMIDITY (PERCENT)
 HIGHEST    93           500 AM
 LOWEST     65           200 PM
 AVERAGE    79

..........................................................


THE BINGHAMTON NY CLIMATE NORMALS FOR TODAY
                         NORMAL    RECORD    YEAR
 MAXIMUM TEMPERATURE (F)   58        85      1985
 MINIMUM TEMPERATURE (F)   39        24      1989


SUNRISE AND SUNSET
APRIL 23 2017.........SUNRISE   610 AM EDT   SUNSET   755 PM EDT
APRIL 24 2017.........SUNRISE   609 AM EDT   SUNSET   756 PM EDT


-  INDICATES NEGATIVE NUMBERS.
R  INDICATES RECORD WAS SET OR TIED.
MM INDICATES DATA IS MISSING.
T  INDICATES TRACE AMOUNT.




$$
