572
CDUS41 KBGM 112227
CLIBGM


CLIMATE REPORT
NATIONAL WEATHER SERVICE BINGHAMTON NY
527 PM EST MON DEC 11 2017


...................................

...THE BINGHAMTON NY CLIMATE SUMMARY FOR DECEMBER 10 2017...

CLIMATE NORMAL PERIOD 1981 TO 2010
CLIMATE RECORD PERIOD 1951 TO 2017


WEATHER ITEM   OBSERVED TIME   RECORD YEAR NORMAL DEPARTURE LAST
                VALUE   (LST)  VALUE       VALUE  FROM      YEAR
                                                  NORMAL
..................................................................
TEMPERATURE (F)
 YESTERDAY
  MAXIMUM         30    242 PM  64    1966  35     -5       23
  MINIMUM         20    321 AM   1    1995  23     -3       14
                                      1982
                                      1968
  AVERAGE         25                        29     -4       19

PRECIPITATION (IN)
  YESTERDAY        0.01          1.07 2004   0.10  -0.09     0.05
  MONTH TO DATE    0.32                      1.03  -0.71     1.33
  SINCE DEC 1      0.32                      1.03  -0.71     1.33
  SINCE JAN 1     47.21                     37.50   9.71    33.85

SNOWFALL (IN)
  YESTERDAY        T             7.9  1997   0.5   -0.5      1.6
  MONTH TO DATE    T                         5.0   -5.0     11.7
  SINCE DEC 1      T                         5.0   -5.0     11.7
  SINCE JUL 1      1.8                      11.8  -10.0     40.3
  SNOW DEPTH       T

DEGREE DAYS
 HEATING
  YESTERDAY       40                        36      4       46
  MONTH TO DATE  327                       344    -17      344
  SINCE DEC 1    327                       344    -17      344
  SINCE JUL 1   1725                      1919   -194     1693

 COOLING
  YESTERDAY        0                         0      0        0
  MONTH TO DATE    0                         0      0        0
  SINCE DEC 1      0                         0      0        0
  SINCE JAN 1    349                       381    -32      563
..................................................................


WIND (MPH)
  HIGHEST WIND SPEED    20   HIGHEST WIND DIRECTION     W (260)
  HIGHEST GUST SPEED    27   HIGHEST GUST DIRECTION     W (250)
  AVERAGE WIND SPEED    10.1


SKY COVER
  AVERAGE SKY COVER 0.9


WEATHER CONDITIONS
 THE FOLLOWING WEATHER WAS RECORDED YESTERDAY.
  LIGHT SNOW
  FOG


RELATIVE HUMIDITY (PERCENT)
 HIGHEST    88           800 AM
 LOWEST     63           600 PM
 AVERAGE    76

..........................................................


THE BINGHAMTON NY CLIMATE NORMALS FOR TODAY
                         NORMAL    RECORD    YEAR
 MAXIMUM TEMPERATURE (F)   35        60      1979
 MINIMUM TEMPERATURE (F)   23        -6      1988


SUNRISE AND SUNSET
DECEMBER 11 2017......SUNRISE   723 AM EST   SUNSET   432 PM EST
DECEMBER 12 2017......SUNRISE   724 AM EST   SUNSET   432 PM EST


-  INDICATES NEGATIVE NUMBERS.
R  INDICATES RECORD WAS SET OR TIED.
MM INDICATES DATA IS MISSING.
T  INDICATES TRACE AMOUNT.




$$
