000
CDUS41 KBGM 092118
CLIBGM


CLIMATE REPORT
NATIONAL WEATHER SERVICE BINGHAMTON NY
517 PM EDT WED AUG 9 2017


...................................

...THE BINGHAMTON NY CLIMATE SUMMARY FOR AUGUST 9 2017...
VALID TODAY AS OF 0500 PM LOCAL TIME.

CLIMATE NORMAL PERIOD 1981 TO 2010
CLIMATE RECORD PERIOD 1951 TO 2017


WEATHER ITEM   OBSERVED TIME   RECORD YEAR NORMAL DEPARTURE LAST
                VALUE   (LST)  VALUE       VALUE  FROM      YEAR
                                                  NORMAL
..................................................................
TEMPERATURE (F)
 TODAY
  MAXIMUM         77    313 PM  95    2001  78     -1       82
  MINIMUM         54    525 AM  46    1989  59     -5       55
  AVERAGE         66                        68     -2       69

PRECIPITATION (IN)
  TODAY            0.00          1.46 1991   0.12  -0.12      T
  MONTH TO DATE    0.54                      1.03  -0.49     0.72
  SINCE JUN 1     13.21                      9.04   4.17     6.65
  SINCE JAN 1     37.66                     23.79  13.87    19.04

SNOWFALL (IN)
  TODAY            0.0           0.0  2002   0.0    0.0      0.0
                                      2001
                                      2000
  MONTH TO DATE    0.0                       0.0    0.0      0.0
  SINCE JUN 1      T                         0.0    0.0      0.0
  SINCE JUL 1      0.0                       0.0    0.0      0.0
  SNOW DEPTH       0

DEGREE DAYS
 HEATING
  TODAY            0                         1     -1        0
  MONTH TO DATE   15                         9      6        0
  SINCE JUN 1    118                       124     -6       72
  SINCE JUL 1     23                        33    -10        3

 COOLING
  TODAY            1                         4     -3        4
  MONTH TO DATE   27                        36     -9       42
  SINCE JUN 1    207                       248    -41      322
  SINCE JAN 1    228                       271    -43      368
..................................................................


WIND (MPH)
  HIGHEST WIND SPEED    12   HIGHEST WIND DIRECTION     W (250)
  HIGHEST GUST SPEED    16   HIGHEST GUST DIRECTION     W (270)
  AVERAGE WIND SPEED     6.4


SKY COVER
  AVERAGE SKY COVER 0.0


WEATHER CONDITIONS
 THE FOLLOWING WEATHER WAS RECORDED TODAY.
  NO SIGNIFICANT WEATHER WAS OBSERVED.


RELATIVE HUMIDITY (PERCENT)
 HIGHEST    93           100 AM
 LOWEST     50           200 PM
 AVERAGE    72

..........................................................


THE BINGHAMTON NY CLIMATE NORMALS FOR TOMORROW
                         NORMAL    RECORD    YEAR
 MAXIMUM TEMPERATURE (F)   77        89      2005
 MINIMUM TEMPERATURE (F)   59        46      1972


SUNRISE AND SUNSET
AUGUST  9 2017........SUNRISE   605 AM EDT   SUNSET   813 PM EDT
AUGUST 10 2017........SUNRISE   606 AM EDT   SUNSET   811 PM EDT


-  INDICATES NEGATIVE NUMBERS.
R  INDICATES RECORD WAS SET OR TIED.
MM INDICATES DATA IS MISSING.
T  INDICATES TRACE AMOUNT.




$$
