059
CDUS41 KBGM 180545
CLIBGM


CLIMATE REPORT
NATIONAL WEATHER SERVICE BINGHAMTON NY
144 AM EDT THU MAY 18 2017


...................................

...THE BINGHAMTON NY CLIMATE SUMMARY FOR MAY 17 2017...

CLIMATE NORMAL PERIOD 1981 TO 2010
CLIMATE RECORD PERIOD 1951 TO 2017


WEATHER ITEM   OBSERVED TIME   RECORD YEAR NORMAL DEPARTURE LAST
                VALUE   (LST)  VALUE       VALUE  FROM      YEAR
                                                  NORMAL
..................................................................
TEMPERATURE (F)
 YESTERDAY
  MAXIMUM         86R   406 PM  86    1962  66     20       55
  MINIMUM         55    121 AM  25    1956  46      9       44
  AVERAGE         71                        56     15       50

PRECIPITATION (IN)
  YESTERDAY        0.00          0.89 1970   0.11  -0.11      T
  MONTH TO DATE    3.66                      1.85   1.81     2.47
  SINCE MAR 1     14.87                      8.27   6.60     6.70
  SINCE JAN 1     21.14                     13.03   8.11    12.01

SNOWFALL (IN)
  YESTERDAY        0.0           1.0  1973   0.0    0.0      0.0
  MONTH TO DATE    0.0                       0.1   -0.1       T
  SINCE MAR 1     41.7                      19.5   22.2     10.3
  SINCE JUL 1    135.2                      83.4   51.8     32.0
  SNOW DEPTH       0

DEGREE DAYS
 HEATING
  YESTERDAY        0                         9     -9       15
  MONTH TO DATE  266                       200     66      264
  SINCE MAR 1   1813                      1800     13     1714
  SINCE JUL 1   6426                      6999   -573     6072

 COOLING
  YESTERDAY        6                         1      5        0
  MONTH TO DATE    6                         5      1        0
  SINCE MAR 1     10                         9      1        0
  SINCE JAN 1     10                         9      1        0
..................................................................


WIND (MPH)
  HIGHEST WIND SPEED    21   HIGHEST WIND DIRECTION     W (260)
  HIGHEST GUST SPEED    29   HIGHEST GUST DIRECTION     W (290)
  AVERAGE WIND SPEED     9.1


SKY COVER
  AVERAGE SKY COVER 0.0


WEATHER CONDITIONS
 THE FOLLOWING WEATHER WAS RECORDED YESTERDAY.
  HAZE


RELATIVE HUMIDITY (PERCENT)
 HIGHEST    66          1200 AM
 LOWEST     29           400 PM
 AVERAGE    48

..........................................................


THE BINGHAMTON NY CLIMATE NORMALS FOR TODAY
                         NORMAL    RECORD    YEAR
 MAXIMUM TEMPERATURE (F)   66        87      1962
 MINIMUM TEMPERATURE (F)   47        32      2002
                                             1973


SUNRISE AND SUNSET
MAY 18 2017...........SUNRISE   540 AM EDT   SUNSET   822 PM EDT
MAY 19 2017...........SUNRISE   539 AM EDT   SUNSET   823 PM EDT


-  INDICATES NEGATIVE NUMBERS.
R  INDICATES RECORD WAS SET OR TIED.
MM INDICATES DATA IS MISSING.
T  INDICATES TRACE AMOUNT.




$$
