000
CDUS41 KBGM 140522
CLIBGM


CLIMATE REPORT
NATIONAL WEATHER SERVICE BINGHAMTON NY
120 AM EDT WED JUN 14 2017


...................................

...THE BINGHAMTON NY CLIMATE SUMMARY FOR JUNE 13 2017...

CLIMATE NORMAL PERIOD 1981 TO 2010
CLIMATE RECORD PERIOD 1951 TO 2017


WEATHER ITEM   OBSERVED TIME   RECORD YEAR NORMAL DEPARTURE LAST
                VALUE   (LST)  VALUE       VALUE  FROM      YEAR
                                                  NORMAL
..................................................................
TEMPERATURE (F)
 YESTERDAY
  MAXIMUM         83    225 PM  89    1984  73     10       59
                                      1956
  MINIMUM         65   1159 PM  40    1979  55     10       47
  AVERAGE         74                        64     10       53

PRECIPITATION (IN)
  YESTERDAY        0.04          1.52 1958   0.15  -0.11      T
  MONTH TO DATE    2.53                      1.84   0.69     1.76
  SINCE JUN 1      2.53                      1.84   0.69     1.76
  SINCE JAN 1     26.98                     16.59  10.39    14.15

SNOWFALL (IN)
  YESTERDAY        0.0           0.0  2002   0.0    0.0      0.0
                                      2001
  MONTH TO DATE    0.0                       0.0    0.0      0.0
  SINCE JUN 1      0.0                       0.0    0.0      0.0
  SINCE JUL 1    135.2                      83.4   51.8     32.0
  SNOW DEPTH       0

DEGREE DAYS
 HEATING
  YESTERDAY        0                         3     -3       12
  MONTH TO DATE   70                        57     13       59
  SINCE JUN 1     70                        57     13       59
  SINCE JUL 1   6586                      7161   -575     6188

 COOLING
  YESTERDAY        9                         2      7        0
  MONTH TO DATE   31                        23      8       10
  SINCE JUN 1     31                        23      8       10
  SINCE JAN 1     52                        46      6       56
..................................................................


WIND (MPH)
  HIGHEST WIND SPEED    16   HIGHEST WIND DIRECTION     N (360)
  HIGHEST GUST SPEED    20   HIGHEST GUST DIRECTION     N (350)
  AVERAGE WIND SPEED     9.0


SKY COVER
  AVERAGE SKY COVER 0.3


WEATHER CONDITIONS
 THE FOLLOWING WEATHER WAS RECORDED YESTERDAY.
  FOG


RELATIVE HUMIDITY (PERCENT)
 HIGHEST   100          1100 PM
 LOWEST     48           500 PM
 AVERAGE    74

..........................................................


THE BINGHAMTON NY CLIMATE NORMALS FOR TODAY
                         NORMAL    RECORD    YEAR
 MAXIMUM TEMPERATURE (F)   74        91      1988
 MINIMUM TEMPERATURE (F)   55        41      1978


SUNRISE AND SUNSET
JUNE 14 2017..........SUNRISE   527 AM EDT   SUNSET   842 PM EDT
JUNE 15 2017..........SUNRISE   527 AM EDT   SUNSET   842 PM EDT


-  INDICATES NEGATIVE NUMBERS.
R  INDICATES RECORD WAS SET OR TIED.
MM INDICATES DATA IS MISSING.
T  INDICATES TRACE AMOUNT.




$$
