856
CDUS41 KBGM 120223
CLIBGM


CLIMATE REPORT
NATIONAL WEATHER SERVICE BINGHAMTON NY
1023 PM EDT MON MAY 11 2015


...................................

...THE BINGHAMTON NY CLIMATE SUMMARY FOR MAY 11 2015...
VALID AS OF 1000 PM LOCAL TIME.

CLIMATE NORMAL PERIOD 1981 TO 2010
CLIMATE RECORD PERIOD 1951 TO 2015


WEATHER ITEM   OBSERVED TIME   RECORD YEAR NORMAL DEPARTURE LAST
                VALUE   (LST)  VALUE       VALUE  FROM      YEAR
                                                  NORMAL
..................................................................
TEMPERATURE (F)
 TODAY
  MAXIMUM         84R   320 PM  84    1959  64     20       72
                                      1953
  MINIMUM         62    500 AM  28    1966  45     17       48
  AVERAGE         73                        54     19       60

PRECIPITATION (IN)
  TODAY            0.00          0.99 1996   0.10  -0.10     0.00
  MONTH TO DATE    0.21                      1.19  -0.98     1.18
  SINCE MAR 1      6.41                      7.61  -1.20     6.63
  SINCE JAN 1     10.35                     12.37  -2.02    12.32

SNOWFALL (IN)
  TODAY            0.0           T    1990   0.0    0.0      0.0
  MONTH TO DATE    0.0                       0.1   -0.1      0.0
  SINCE MAR 1     17.6                      19.5   -1.9      2.9
  SINCE JUL 1     93.4                      83.4   10.0     85.4
  SNOW DEPTH       0

DEGREE DAYS
 HEATING
  TODAY            0                        11    -11        5
  MONTH TO DATE   29                       139   -110      109
  SINCE MAR 1   1802                      1739     63     1911
  SINCE JUL 1   7334                      6938    396     7382

 COOLING
  TODAY            8                         0      8        0
  MONTH TO DATE   31                         0     31        3
  SINCE MAR 1     31                         4     27        5
  SINCE JAN 1     31                         4     27        5
..................................................................


WIND (MPH)
  HIGHEST WIND SPEED    17   HIGHEST WIND DIRECTION    SW (240)
  HIGHEST GUST SPEED    24   HIGHEST GUST DIRECTION     W (250)
  AVERAGE WIND SPEED     8.8


SKY COVER
  AVERAGE SKY COVER 0.1


WEATHER CONDITIONS
 THE FOLLOWING WEATHER WAS RECORDED TODAY.
  HAZE


RELATIVE HUMIDITY (PERCENT)
 HIGHEST    93           500 AM
 LOWEST     44           300 PM
 AVERAGE    69

..........................................................


THE BINGHAMTON NY CLIMATE NORMALS FOR TOMORROW
                         NORMAL    RECORD    YEAR
 MAXIMUM TEMPERATURE (F)   64        83      1985
 MINIMUM TEMPERATURE (F)   45        31      1996
                                             1988


SUNRISE AND SUNSET
MAY 11 2015...........SUNRISE   547 AM EDT   SUNSET   814 PM EDT
MAY 12 2015...........SUNRISE   546 AM EDT   SUNSET   815 PM EDT


-  INDICATES NEGATIVE NUMBERS.
R  INDICATES RECORD WAS SET OR TIED.
MM INDICATES DATA IS MISSING.
T  INDICATES TRACE AMOUNT.




$$
