000
CDUS41 KBGM 280226
CLIBGM


CLIMATE REPORT
NATIONAL WEATHER SERVICE BINGHAMTON NY
1026 PM EDT WED APR 27 2016


...................................

...THE BINGHAMTON NY CLIMATE SUMMARY FOR APRIL 27 2016...
VALID AS OF 1000 PM LOCAL TIME.

CLIMATE NORMAL PERIOD 1981 TO 2010
CLIMATE RECORD PERIOD 1951 TO 2016


WEATHER ITEM   OBSERVED TIME   RECORD YEAR NORMAL DEPARTURE LAST
                VALUE   (LST)  VALUE       VALUE  FROM      YEAR
                                                  NORMAL
..................................................................
TEMPERATURE (F)
 TODAY
  MAXIMUM         54    421 PM  89    2009  59     -5       48
  MINIMUM         29    522 AM  28    2002  40    -11       38
                                      1998
                                      1993
  AVERAGE         42                        50     -8       43

PRECIPITATION (IN)
  TODAY            0.00          0.90 1988   0.11  -0.11     0.01
  MONTH TO DATE    2.58                      3.09  -0.51     4.21
  SINCE MAR 1      3.98                      6.08  -2.10     6.20
  SINCE JAN 1      9.29                     10.84  -1.55    10.14

SNOWFALL (IN)
  TODAY            0.0           0.3  2012   0.0    0.0      0.0
  MONTH TO DATE    9.3                       4.1    5.2      2.8
  SINCE MAR 1     10.3                      19.2   -8.9     17.6
  SINCE JUL 1     32.0                      83.1  -51.1     93.4
  SNOW DEPTH       0

DEGREE DAYS
 HEATING
  TODAY           23                        16      7       22
  MONTH TO DATE  618                       558     60      569
  SINCE MAR 1   1389                      1555   -166     1739
  SINCE JUL 1   5747                      6754  -1007     7271

 COOLING
  TODAY            0                         0      0        0
  MONTH TO DATE    0                         0      0        0
  SINCE MAR 1      0                         0      0        0
  SINCE JAN 1      0                         0      0        0
..................................................................


WIND (MPH)
  HIGHEST WIND SPEED    17   HIGHEST WIND DIRECTION     W (270)
  HIGHEST GUST SPEED    22   HIGHEST GUST DIRECTION     W (260)
  AVERAGE WIND SPEED     6.5


SKY COVER
  AVERAGE SKY COVER 0.1


WEATHER CONDITIONS
 THE FOLLOWING WEATHER WAS RECORDED TODAY.
  NO SIGNIFICANT WEATHER WAS OBSERVED.


RELATIVE HUMIDITY (PERCENT)
 HIGHEST    92          1200 AM
 LOWEST     24           400 PM
 AVERAGE    58

..........................................................


THE BINGHAMTON NY CLIMATE NORMALS FOR TOMORROW
                         NORMAL    RECORD    YEAR
 MAXIMUM TEMPERATURE (F)   60        88      1990
 MINIMUM TEMPERATURE (F)   40        26      2012


SUNRISE AND SUNSET
APRIL 27 2016.........SUNRISE   604 AM EDT   SUNSET   759 PM EDT
APRIL 28 2016.........SUNRISE   603 AM EDT   SUNSET   800 PM EDT


-  INDICATES NEGATIVE NUMBERS.
R  INDICATES RECORD WAS SET OR TIED.
MM INDICATES DATA IS MISSING.
T  INDICATES TRACE AMOUNT.

$$
