000
CDUS41 KBGM 080528
CLIBGM


CLIMATE REPORT
NATIONAL WEATHER SERVICE BINGHAMTON NY
1228 AM EST FRI DEC 8 2017


...................................

...THE BINGHAMTON NY CLIMATE SUMMARY FOR DECEMBER 7 2017...

CLIMATE NORMAL PERIOD 1981 TO 2010
CLIMATE RECORD PERIOD 1951 TO 2017


WEATHER ITEM   OBSERVED TIME   RECORD YEAR NORMAL DEPARTURE LAST
                VALUE   (LST)  VALUE       VALUE  FROM      YEAR
                                                  NORMAL
..................................................................
TEMPERATURE (F)
 YESTERDAY
  MAXIMUM         34    239 PM  62    1998  36     -2       38
                                      1951
  MINIMUM         25   1159 PM   7    1970  24      1       31
  AVERAGE         30                        30      0       35

PRECIPITATION (IN)
  YESTERDAY        T             0.86 1976   0.10  -0.10     0.06
  MONTH TO DATE    0.31                      0.72  -0.41     1.12
  SINCE DEC 1      0.31                      0.72  -0.41     1.12
  SINCE JAN 1     47.20                     37.19  10.01    33.64

SNOWFALL (IN)
  YESTERDAY        T             5.1  1959   0.5   -0.5      0.2
  MONTH TO DATE    T                         3.4   -3.4      5.5
  SINCE DEC 1      T                         3.4   -3.4      5.5
  SINCE JUL 1      1.8                      10.2   -8.4     34.1
  SNOW DEPTH       0

DEGREE DAYS
 HEATING
  YESTERDAY       35                        35      0       30
  MONTH TO DATE  205                       237    -32      217
  SINCE DEC 1    205                       237    -32      217
  SINCE JUL 1   1603                      1812   -209     1566

 COOLING
  YESTERDAY        0                         0      0        0
  MONTH TO DATE    0                         0      0        0
  SINCE DEC 1      0                         0      0        0
  SINCE JAN 1    349                       381    -32      563
..................................................................


WIND (MPH)
  HIGHEST WIND SPEED    25   HIGHEST WIND DIRECTION     W (260)
  HIGHEST GUST SPEED    32   HIGHEST GUST DIRECTION     W (250)
  AVERAGE WIND SPEED    12.3


SKY COVER
  AVERAGE SKY COVER 0.8


WEATHER CONDITIONS
 THE FOLLOWING WEATHER WAS RECORDED YESTERDAY.
  LIGHT SNOW


RELATIVE HUMIDITY (PERCENT)
 HIGHEST    75           800 PM
 LOWEST     41           300 PM
 AVERAGE    58

..........................................................


THE BINGHAMTON NY CLIMATE NORMALS FOR TODAY
                         NORMAL    RECORD    YEAR
 MAXIMUM TEMPERATURE (F)   36        59      1966
 MINIMUM TEMPERATURE (F)   24         4      1976


SUNRISE AND SUNSET
DECEMBER  8 2017......SUNRISE   720 AM EST   SUNSET   432 PM EST
DECEMBER  9 2017......SUNRISE   721 AM EST   SUNSET   432 PM EST


-  INDICATES NEGATIVE NUMBERS.
R  INDICATES RECORD WAS SET OR TIED.
MM INDICATES DATA IS MISSING.
T  INDICATES TRACE AMOUNT.




$$
