000
CDUS41 KBGM 140548
CLIBGM


CLIMATE REPORT
NATIONAL WEATHER SERVICE BINGHAMTON NY
147 AM EDT THU SEP 14 2017


...................................

...THE BINGHAMTON NY CLIMATE SUMMARY FOR SEPTEMBER 13 2017...

CLIMATE NORMAL PERIOD 1981 TO 2010
CLIMATE RECORD PERIOD 1951 TO 2017


WEATHER ITEM   OBSERVED TIME   RECORD YEAR NORMAL DEPARTURE LAST
                VALUE   (LST)  VALUE       VALUE  FROM      YEAR
                                                  NORMAL
..................................................................
TEMPERATURE (F)
 YESTERDAY
  MAXIMUM         76    132 PM  87    1952  70      6       80
  MINIMUM         50    545 AM  37    1985  52     -2       52
                                      1964
  AVERAGE         63                        61      2       66

PRECIPITATION (IN)
  YESTERDAY        0.01          0.91 1965   0.12  -0.11     0.00
  MONTH TO DATE    0.95                      1.51  -0.56     0.14
  SINCE SEP 1      0.95                      1.51  -0.56     0.14
  SINCE JAN 1     40.69                     27.72  12.97    23.69

SNOWFALL (IN)
  YESTERDAY        0.0           0.0  2002   0.0    0.0      0.0
                                      2000
  MONTH TO DATE    0.0                       0.0    0.0      0.0
  SINCE SEP 1      0.0                       0.0    0.0      0.0
  SINCE JUL 1      0.0                       0.0    0.0      0.0
  SNOW DEPTH       0

DEGREE DAYS
 HEATING
  YESTERDAY        2                         5     -3        0
  MONTH TO DATE  114                        51     63       16
  SINCE SEP 1    114                        51     63       16
  SINCE JUL 1    195                       114     81       25

 COOLING
  YESTERDAY        0                         1     -1        1
  MONTH TO DATE    0                        20    -20       37
  SINCE SEP 1      0                        20    -20       37
  SINCE JAN 1    271                       368    -97      548
..................................................................


WIND (MPH)
  HIGHEST WIND SPEED    12   HIGHEST WIND DIRECTION    SW (210)
  HIGHEST GUST SPEED    17   HIGHEST GUST DIRECTION    SW (220)
  AVERAGE WIND SPEED     5.2


SKY COVER
  AVERAGE SKY COVER 0.6


WEATHER CONDITIONS
 THE FOLLOWING WEATHER WAS RECORDED YESTERDAY.
  THUNDERSTORM
  LIGHT RAIN


RELATIVE HUMIDITY (PERCENT)
 HIGHEST   100           400 AM
 LOWEST     64          1200 PM
 AVERAGE    82

..........................................................


THE BINGHAMTON NY CLIMATE NORMALS FOR TODAY
                         NORMAL    RECORD    YEAR
 MAXIMUM TEMPERATURE (F)   69        89      1952
 MINIMUM TEMPERATURE (F)   51        33      1963


SUNRISE AND SUNSET
SEPTEMBER 14 2017.....SUNRISE   643 AM EDT   SUNSET   715 PM EDT
SEPTEMBER 15 2017.....SUNRISE   644 AM EDT   SUNSET   713 PM EDT


-  INDICATES NEGATIVE NUMBERS.
R  INDICATES RECORD WAS SET OR TIED.
MM INDICATES DATA IS MISSING.
T  INDICATES TRACE AMOUNT.




$$
