000
CDUS41 KBGM 212216
CLIBGM


CLIMATE REPORT
NATIONAL WEATHER SERVICE BINGHAMTON NY
515 PM EST TUE FEB 21 2017


...................................

...THE BINGHAMTON NY CLIMATE SUMMARY FOR FEBRUARY 21 2017...
VALID TODAY AS OF 0500 PM LOCAL TIME.

CLIMATE NORMAL PERIOD 1981 TO 2010
CLIMATE RECORD PERIOD 1951 TO 2017


WEATHER ITEM   OBSERVED TIME   RECORD YEAR NORMAL DEPARTURE LAST
                VALUE   (LST)  VALUE       VALUE  FROM      YEAR
                                                  NORMAL
..................................................................
TEMPERATURE (F)
 TODAY
  MAXIMUM         42    400 PM  61    1953  34      8       42
  MINIMUM         23        MM  -6    1968  18      5       30
  AVERAGE         33                        26      7       36

PRECIPITATION (IN)
  TODAY            0.00          0.88 1986   0.09  -0.09     0.00
  MONTH TO DATE    1.85                      1.70   0.15     2.73
  SINCE DEC 1      9.23                      6.98   2.25     7.65
  SINCE JAN 1      5.64                      4.15   1.49     4.04

SNOWFALL (IN)
  TODAY            0.0           3.5  2011   0.6   -0.6      0.0
                                      1993
  MONTH TO DATE   22.9                      12.8   10.1      7.3
  SINCE DEC 1     64.7                      52.8   11.9     19.7
  SINCE JUL 1     93.3                      59.6   33.7     20.8
  SNOW DEPTH       2

DEGREE DAYS
 HEATING
  TODAY           32                        39     -7       29
  MONTH TO DATE  786                       860    -74      824
  SINCE DEC 1   3119                      3357   -238     2832
  SINCE JUL 1   4468                      4932   -464     4102

 COOLING
  TODAY            0                         0      0        0
  MONTH TO DATE    0                         0      0        0
  SINCE DEC 1      0                         0      0        0
  SINCE JAN 1      0                         0      0        0
..................................................................


WIND (MPH)
  HIGHEST WIND SPEED    15   HIGHEST WIND DIRECTION     S (180)
  HIGHEST GUST SPEED    23   HIGHEST GUST DIRECTION     S (180)
  AVERAGE WIND SPEED     9.8


SKY COVER
  AVERAGE SKY COVER 0.0


WEATHER CONDITIONS
 THE FOLLOWING WEATHER WAS RECORDED TODAY.
  NO SIGNIFICANT WEATHER WAS OBSERVED.


RELATIVE HUMIDITY (PERCENT)
 HIGHEST    68           200 AM
 LOWEST     36           400 PM
 AVERAGE    52

..........................................................


THE BINGHAMTON NY CLIMATE NORMALS FOR TOMORROW
                         NORMAL    RECORD    YEAR
 MAXIMUM TEMPERATURE (F)   34        60      1997
 MINIMUM TEMPERATURE (F)   19        -5      1963


SUNRISE AND SUNSET
FEBRUARY 21 2017......SUNRISE   651 AM EST   SUNSET   544 PM EST
FEBRUARY 22 2017......SUNRISE   650 AM EST   SUNSET   546 PM EST


-  INDICATES NEGATIVE NUMBERS.
R  INDICATES RECORD WAS SET OR TIED.
MM INDICATES DATA IS MISSING.
T  INDICATES TRACE AMOUNT.

$$
