000
CDUS41 KBGM 072129
CLIBGM


CLIMATE REPORT
NATIONAL WEATHER SERVICE BINGHAMTON NY
528 PM EDT SAT OCT 7 2017


...................................

...THE BINGHAMTON NY CLIMATE SUMMARY FOR OCTOBER 7 2017...
VALID TODAY AS OF 0500 PM LOCAL TIME.

CLIMATE NORMAL PERIOD 1981 TO 2010
CLIMATE RECORD PERIOD 1951 TO 2017


WEATHER ITEM   OBSERVED TIME   RECORD YEAR NORMAL DEPARTURE LAST
                VALUE   (LST)  VALUE       VALUE  FROM      YEAR
                                                  NORMAL
..................................................................
TEMPERATURE (F)
 TODAY
  MAXIMUM         77    330 PM  82    1963  60     17       71
  MINIMUM         58    131 AM  27    1999  43     15       45
  AVERAGE         68                        51     17       58

PRECIPITATION (IN)
  TODAY            T             2.29 2005   0.12  -0.12      T
  MONTH TO DATE    0.04                      0.79  -0.75     0.41
  SINCE SEP 1      1.30                      4.42  -3.12     1.44
  SINCE JAN 1     41.04                     30.63  10.41    24.99

SNOWFALL (IN)
  TODAY            0.0           T    2001   0.0    0.0      0.0
                                      1991
  MONTH TO DATE    0.0                       0.0    0.0      0.0
  SINCE SEP 1      0.0                       0.0    0.0      0.0
  SINCE JUL 1      0.0                       0.0    0.0      0.0
  SNOW DEPTH       0

DEGREE DAYS
 HEATING
  TODAY            0                        14    -14        7
  MONTH TO DATE   42                        89    -47       62
  SINCE SEP 1    197                       283    -86      176
  SINCE JUL 1    278                       346    -68      185

 COOLING
  TODAY            3                         0      3        0
  MONTH TO DATE    3                         0      3        0
  SINCE SEP 1     72                        31     41       48
  SINCE JAN 1    343                       379    -36      559
..................................................................


WIND (MPH)
  HIGHEST WIND SPEED    18   HIGHEST WIND DIRECTION     S (190)
  HIGHEST GUST SPEED    28   HIGHEST GUST DIRECTION    SW (210)
  AVERAGE WIND SPEED     8.1


SKY COVER
  AVERAGE SKY COVER 0.6


WEATHER CONDITIONS
 THE FOLLOWING WEATHER WAS RECORDED TODAY.
  NO SIGNIFICANT WEATHER WAS OBSERVED.


RELATIVE HUMIDITY (PERCENT)
 HIGHEST   100           100 AM
 LOWEST     46           300 PM
 AVERAGE    73

..........................................................


THE BINGHAMTON NY CLIMATE NORMALS FOR TOMORROW
                         NORMAL    RECORD    YEAR
 MAXIMUM TEMPERATURE (F)   60        82      2007
 MINIMUM TEMPERATURE (F)   42        27      1964
                                             1954


SUNRISE AND SUNSET
OCTOBER  7 2017.......SUNRISE   708 AM EDT   SUNSET   635 PM EDT
OCTOBER  8 2017.......SUNRISE   709 AM EDT   SUNSET   633 PM EDT


-  INDICATES NEGATIVE NUMBERS.
R  INDICATES RECORD WAS SET OR TIED.
MM INDICATES DATA IS MISSING.
T  INDICATES TRACE AMOUNT.




$$
